(33,'theme',8,'components','{\"page-contents.01-top-banner\":{\"name\":\"Page Content: Banner\",\"inputs\":{\"sub_title\":{\"type\":\"text\",\"label\":\"Ti\\u00eau \\u0111\\u1ec1 nh\\u1ecf\",\"value\":\"\",\"placeholder\":\"Nh\\u1eadp ti\\u00eau \\u0111\\u1ec1 nh\\u1ecf (tu\\u1ef3 ch\\u1ecdn)\"},\"title\":{\"type\":\"text\",\"label\":\"Ti\\u00eau \\u0111\\u1ec1 <br \\/> (d\\u00f9ng \\\"d\\u1ea5u nh\\u00e1y k\\u00e9p\\\" \\u0111\\u1ec3 in \\u0111\\u1eadm )\",\"value\":\"We\\u2019re \\\"Digital\\\" AI Startup Support\"},\"description\":{\"type\":\"textarea\",\"label\":\"M\\u00f4 t\\u1ea3 (T\\u00f9y ch\\u1ecdn(\",\"placeholder\":\"Vi\\u1ebft g\\u00ec \\u0111\\u00f3...\"},\"use_editor_content\":{\"type\":\"switch\",\"label\":\"S\\u1eed d\\u1ee5ng Content Editor\",\"value_type\":\"boolean\",\"check_label\":\"S\\u1eed d\\u1ee5ng n\\u1ed9i dung t\\u1ef1 d\\u1ecbnh d\\u1ea1ng \\u0111\\u1ec3 thay th\\u1ebf cho ti\\u00eau \\u0111\\u1ec1 v\\u00e0 m\\u00f4 t\\u1ea3\",\"value\":false},\"contents\":{\"type\":\"ckeditor\",\"label\":\"N\\u1ed9i dung t\\u1ef1 \\u0111\\u1ecbnh d\\u1ea1ng\",\"placeholder\":\"Vi\\u1ebft g\\u00ec \\u0111\\u00f3...\"},\"image\":{\"type\":\"media\",\"label\":\"\\u1ea2nh minh ho\\u1ea1 (758px x 640px) (n\\u00eam d\\u00f9ng png)\",\"@filetype\":\"png,jpg,jpeg,gif,bmp\"},\"button_see_more_text\":{\"type\":\"text\",\"label\":\"Text c\\u1ee7a n\\u00fat xem th\\u00eam\",\"placeholder\":\"Nh\\u1eadp text c\\u1ee7a n\\u00fat xem th\\u00eam\",\"value\":\"Xem th\\u00eam\"},\"button_see_more_link\":{\"type\":\"text\",\"label\":\"URL xem th\\u00eam\",\"placeholder\":\"https:\\/\\/\"},\"button_video_text\":{\"type\":\"text\",\"label\":\"Text c\\u1ee7a n\\u00fat xem video\",\"placeholder\":\"Nh\\u1eadp text n\\u00fat xem video\",\"value\":\"Xem th\\u00eam\"},\"button_video_link\":{\"type\":\"text\",\"label\":\"URL xem video\",\"placeholder\":\"https:\\/\\/www.youtube.com\\/watch?v=AGH67_ju97\"}},\"path\":\"page-contents.01-top-banner\"},\"page-contents.04-counter.area\":{\"name\":\"Page Content: Counter - Area (M\\u1ed9t v\\u00e0i con s\\u1ed1 th\\u1ed1ng k\\u00ea)\",\"inputs\":{\"title\":{\"type\":\"text\",\"label\":\"Ti\\u00eau \\u0111\\u1ec1\",\"value\":\"Nh\\u1eefng con s\\u1ed1 th\\u1ed1ng k\\u00ea\"}},\"path\":\"page-contents.04-counter.area\"},\"page-contents.04-counter.item\":{\"name\":\"Page Content: Counter - Item (Con s\\u1ed1 c\\u1ee5 th\\u1ec3)\",\"inputs\":{\"title\":{\"type\":\"text\",\"label\":\"Ti\\u00eau \\u0111\\u1ec1 (1 - 3 t\\u1eeb)\",\"placeholder\":\"12 n\\u0103m\"},\"description\":{\"type\":\"textarea\",\"label\":\"M\\u00f4 t\\u1ea3 (2 - 4 t\\u1eeb)\",\"placeholder\":\"Vi\\u1ebft g\\u00ec \\u0111\\u00f3...\"}},\"path\":\"page-contents.04-counter.item\"},\"page-contents.12-pricing-table\":{\"name\":\"Page Content: B\\u00e3ng b\\u00e1o gi\\u00e1\",\"inputs\":{\"sub_title\":{\"type\":\"text\",\"label\":\"Ti\\u00eau \\u0111\\u1ec1 nh\\u1ecf\",\"value\":\"B\\u1ea3ng gi\\u00e1\",\"placeholder\":\"Nh\\u1eadp ti\\u00eau \\u0111\\u1ec1 nh\\u1ecf (tu\\u1ef3 ch\\u1ecdn)\"},\"title\":{\"type\":\"text\",\"label\":\"Ti\\u00eau \\u0111\\u1ec1\",\"value\":\"\",\"placeholder\":\"Nh\\u1eadp ti\\u00eau \\u0111\\u1ec1 \"},\"description\":{\"type\":\"textarea\",\"label\":\"M\\u00f4 t\\u1ea3 (T\\u00f9y ch\\u1ecdn(\",\"placeholder\":\"Vi\\u1ebft g\\u00ec \\u0111\\u00f3...\"}},\"path\":\"page-contents.12-pricing-table\"},\"page-contents.09-blogs\":{\"name\":\"Page Content: Blog \\/ Tin t\\u1ee9c\",\"inputs\":{\"sub_title\":{\"type\":\"text\",\"label\":\"Ti\\u00eau \\u0111\\u1ec1 nh\\u1ecf\",\"value\":\"D\\u1ecbch v\\u1ee5\",\"placeholder\":\"Nh\\u1eadp ti\\u00eau \\u0111\\u1ec1 nh\\u1ecf (tu\\u1ef3 ch\\u1ecdn)\"},\"title\":{\"type\":\"text\",\"label\":\"Ti\\u00eau \\u0111\\u1ec1\",\"value\":\"\",\"placeholder\":\"Nh\\u1eadp ti\\u00eau \\u0111\\u1ec1 \"},\"description\":{\"type\":\"textarea\",\"label\":\"M\\u00f4 t\\u1ea3 (T\\u00f9y ch\\u1ecdn(\",\"placeholder\":\"Vi\\u1ebft g\\u00ec \\u0111\\u00f3...\"},\"dynamic_id\":{\"type\":\"crazyselect\",\"label\":\"M\\u1ee5c (t\\u00f9y ch\\u1ecdn)\",\"template\":\"crazyselect\",\"call\":\"get_dynamic_options\",\"params\":[[],\"Ch\\u1ecdn m\\u1ed9t\"],\"@change\":\"Crazy.posts.changeDynamicID\",\"required\":\"true\"},\"category_id\":{\"type\":\"crazyselect\",\"label\":\"Danh m\\u1ee5c (t\\u00f9y ch\\u1ecdn)\",\"template\":\"crazyselect\",\"call\":\"get_post_category_options\",\"params\":[{\"dynamic_id\":\"#dynamic_id\"},true],\"@label-type\":\"value\"},\"group_by_category\":{\"type\":\"switch\",\"label\":\"Nh\\u00f3m theo danh m\\u1ee5c\",\"value_type\":\"boolean\"},\"sorttype\":{\"type\":\"select\",\"label\":\"ki\\u1ec3u s\\u1eafp x\\u1ebfp\",\"call\":\"get_post_sortby_options\"},\"post_number\":{\"type\":\"number\",\"label\":\"S\\u1ed1 tin b\\u00e0i\",\"min\":1,\"step\":1,\"default\":3},\"link\":{\"type\":\"text\",\"label\":\"Li\\u00ean k\\u1ebft (t\\u00f9y ch\\u1ecdn)\",\"placeholder\":\"Nh\\u1eadp li\\u00ean k\\u1ebft. (Kh\\u00f4ng b\\u1eaft bu\\u1ed9c)\"}},\"path\":\"page-contents.09-blogs\"},\"page-contents.07-team.area\":{\"name\":\"Page Content: Team - Area (Nh\\u00f3m l\\u00e0m vi\\u1ec7c)\",\"inputs\":{\"sub_title\":{\"type\":\"text\",\"label\":\"Ti\\u00eau \\u0111\\u1ec1 nh\\u1ecf\",\"value\":\"Team\",\"placeholder\":\"Nh\\u1eadp ti\\u00eau \\u0111\\u1ec1 nh\\u1ecf (tu\\u1ef3 ch\\u1ecdn)\"},\"title\":{\"type\":\"text\",\"label\":\"Ti\\u00eau \\u0111\\u1ec1\",\"value\":\"\"}},\"path\":\"page-contents.07-team.area\"},\"page-contents.07-team.ittem\":{\"name\":\"Page Content: Team - Member (Th\\u00e0nh vi\\u00ean nh\\u00f3m)\",\"inputs\":{\"title\":{\"type\":\"text\",\"label\":\"H\\u1ecd t\\u00ean\",\"value\":\"\"},\"job\":{\"type\":\"text\",\"label\":\"Ngh\\u1ec1 nghi\\u1ec7p\",\"value\":\"Designer\",\"placeholder\":\"Nh\\u1eadp Ngh\\u1ec1 nghi\\u1ec7p (tu\\u1ef3 ch\\u1ecdn)\"},\"image\":{\"type\":\"media\",\"label\":\"\\u1ea2nh minh ho\\u1ea1 (300px x 300px)\",\"@filetype\":\"png,jpg,jpeg,gif,bmp\"},\"facebook\":{\"type\":\"text\",\"label\":\"URL Facebook\",\"placeholder\":\"https:\\/\\/\"},\"twitter\":{\"type\":\"text\",\"label\":\"URL twitter\",\"placeholder\":\"https:\\/\\/\"},\"pinterest\":{\"type\":\"text\",\"label\":\"URL pinterest\",\"placeholder\":\"https:\\/\\/\"},\"youtube\":{\"type\":\"text\",\"label\":\"URL youtube\",\"placeholder\":\"https:\\/\\/\"}},\"path\":\"page-contents.07-team.ittem\"},\"page-contents.06-working-process.area\":{\"name\":\"Page Content: Working Process - Area (Quy tr\\u00ecnh l\\u00e0m vi\\u1ec7c)\",\"inputs\":{\"sub_title\":{\"type\":\"text\",\"label\":\"Ti\\u00eau \\u0111\\u1ec1 nh\\u1ecf\",\"value\":\"Quy tr\\u00ecnh\",\"placeholder\":\"Nh\\u1eadp ti\\u00eau \\u0111\\u1ec1 nh\\u1ecf (tu\\u1ef3 ch\\u1ecdn)\"},\"title\":{\"type\":\"text\",\"label\":\"Ti\\u00eau \\u0111\\u1ec1\",\"value\":\"\\u0110\\u00f4i n\\u00e9t v\\u1ec1 Chuy\\u00ean gia AI\"},\"column_item_count\":{\"type\":\"number\",\"label\":\"S\\u1ed1 item m\\u1ed7i b\\u00ean\",\"min\":1,\"max\":6,\"step\":1,\"default\":3},\"image\":{\"type\":\"media\",\"label\":\"\\u1ea2nh minh ho\\u1ea1 (366px x 385px) (n\\u00eam d\\u00f9ng png)\",\"@filetype\":\"png,jpg,jpeg,gif,bmp\"}},\"path\":\"page-contents.06-working-process.area\"},\"page-contents.06-working-process.item\":{\"name\":\"Page Content: Working Process - Item (Chi ti\\u1ebft)\",\"inputs\":{\"title\":{\"type\":\"text\",\"label\":\"Ti\\u00eau \\u0111\\u1ec1\",\"value\":\"\"},\"description\":{\"type\":\"textarea\",\"label\":\"M\\u00f4 t\\u1ea3 (T\\u00f9y ch\\u1ecdn(\",\"placeholder\":\"Vi\\u1ebft g\\u00ec \\u0111\\u00f3...\"}},\"path\":\"page-contents.06-working-process.item\"},\"page-contents.05-service-another.area\":{\"name\":\"Page Content: Services Style 2 - Area\",\"inputs\":{\"sub_title\":{\"type\":\"text\",\"label\":\"Ti\\u00eau \\u0111\\u1ec1 nh\\u1ecf\",\"value\":\"D\\u1ecbch v\\u1ee5\",\"placeholder\":\"Nh\\u1eadp ti\\u00eau \\u0111\\u1ec1 nh\\u1ecf (tu\\u1ef3 ch\\u1ecdn)\"},\"title\":{\"type\":\"text\",\"label\":\"Ti\\u00eau \\u0111\\u1ec1\",\"value\":\"\",\"placeholder\":\"Nh\\u1eadp ti\\u00eau \\u0111\\u1ec1 \"},\"description\":{\"type\":\"textarea\",\"label\":\"M\\u00f4 t\\u1ea3 (T\\u00f9y ch\\u1ecdn(\",\"placeholder\":\"Vi\\u1ebft g\\u00ec \\u0111\\u00f3...\"}},\"path\":\"page-contents.05-service-another.area\"},\"page-contents.05-service-another.item\":{\"name\":\"Page Content: Services Style 2 - Item\",\"inputs\":{\"title\":{\"type\":\"text\",\"label\":\"Ti\\u00eau \\u0111\\u1ec1\",\"value\":\"Big Data Analytics\"},\"description\":{\"type\":\"textarea\",\"label\":\"M\\u00f4 t\\u1ea3 (T\\u00f9y ch\\u1ecdn(\",\"placeholder\":\"Vi\\u1ebft g\\u00ec \\u0111\\u00f3...\"},\"icon\":{\"type\":\"iconpicker\",\"label\":\"Ch\\u1ecdn Icon\",\"value\":\"\",\"placeholder\":\"Ch\\u1ecdn icon\"},\"color\":{\"type\":\"select\",\"label\":\"Style\",\"data\":{\"1\":1,\"2\":2,\"3\":3,\"4\":4,\"5\":5}},\"url\":{\"type\":\"text\",\"label\":\"URL xem th\\u00eam\",\"placeholder\":\"https:\\/\\/\"},\"button_text\":{\"type\":\"text\",\"label\":\"Text c\\u1ee7a n\\u00fat xem th\\u00eam\",\"placeholder\":\"Nh\\u1eadp text c\\u1ee7a n\\u00fat xem th\\u00eam\",\"value\":\"Xem th\\u00eam\"}},\"path\":\"page-contents.05-service-another.item\"},\"page-contents.11-data-table\":{\"name\":\"Page Content: Get Started\",\"inputs\":{\"title\":{\"type\":\"text\",\"label\":\"Ti\\u00eau \\u0111\\u1ec1\",\"placeholder\":\"Vi\\u1ebft g\\u00ec \\u0111\\u00f3...\"},\"image\":{\"type\":\"media\",\"label\":\"\\u1ea2nh icon (554px x 374px) (n\\u00ean d\\u00f9ng png)\",\"@filetype\":\"png,jpg,jpeg,gif,bmp\"},\"button_text\":{\"type\":\"text\",\"label\":\"Text c\\u1ee7a n\\u00fat get started\",\"placeholder\":\"Nh\\u1eadp text c\\u1ee7a n\\u00fat \",\"value\":\"B\\u1eaft \\u0111\\u1ea7u ngay\"},\"url\":{\"type\":\"text\",\"label\":\"URL xem th\\u00eam\",\"placeholder\":\"https:\\/\\/\"}},\"path\":\"page-contents.11-data-table\"},\"page-contents.02-services.area\":{\"name\":\"Page Content: Services - Area\",\"inputs\":{\"sub_title\":{\"type\":\"text\",\"label\":\"Ti\\u00eau \\u0111\\u1ec1 nh\\u1ecf\",\"value\":\"D\\u1ecbch v\\u1ee5\",\"placeholder\":\"Nh\\u1eadp ti\\u00eau \\u0111\\u1ec1 nh\\u1ecf (tu\\u1ef3 ch\\u1ecdn)\"},\"title\":{\"type\":\"text\",\"label\":\"Ti\\u00eau \\u0111\\u1ec1\",\"value\":\"\",\"placeholder\":\"Nh\\u1eadp ti\\u00eau \\u0111\\u1ec1 \"},\"description\":{\"type\":\"textarea\",\"label\":\"M\\u00f4 t\\u1ea3 (T\\u00f9y ch\\u1ecdn(\",\"placeholder\":\"Vi\\u1ebft g\\u00ec \\u0111\\u00f3...\"}},\"path\":\"page-contents.02-services.area\"},\"page-contents.02-services.item\":{\"name\":\"Page Content: Services - Item\",\"inputs\":{\"title\":{\"type\":\"text\",\"label\":\"Ti\\u00eau \\u0111\\u1ec1\"},\"description\":{\"type\":\"textarea\",\"label\":\"M\\u00f4 t\\u1ea3 (T\\u00f9y ch\\u1ecdn(\",\"placeholder\":\"Vi\\u1ebft g\\u00ec \\u0111\\u00f3...\"},\"image_icon\":{\"type\":\"media\",\"label\":\"\\u1ea2nh icon (40px x 40px) (n\\u00ean d\\u00f9ng png)\",\"@filetype\":\"png,jpg,jpeg,gif,bmp\"},\"button_text\":{\"type\":\"text\",\"label\":\"Text c\\u1ee7a n\\u00fat xem th\\u00eam\",\"placeholder\":\"Nh\\u1eadp text c\\u1ee7a n\\u00fat xem th\\u00eam\",\"value\":\"Xem th\\u00eam\"},\"url\":{\"type\":\"text\",\"label\":\"URL xem th\\u00eam\",\"placeholder\":\"https:\\/\\/\"},\"col_sm\":{\"type\":\"radio\",\"label\":\"Smal Screen Column size (576px - 767px)\",\"data\":{\"2\":\"sm-2\",\"3\":\"col-3\",\"4\":\"sm-4\",\"5\":\"sm-5\",\"6\":\"sm-6\",\"7\":\"sm-7\",\"12\":\"sm-12\"},\"default\":12},\"col_md\":{\"type\":\"select\",\"label\":\"Medium Screen Column size (768px - 991px)\",\"data\":{\"1\":\"md-1\",\"2\":\"md-2\",\"3\":\"md-3\",\"4\":\"md-4\",\"5\":\"md-5\",\"6\":\"md-6\",\"7\":\"md-7\",\"8\":\"md-8\",\"9\":\"md-9\",\"10\":\"md-10\",\"11\":\"md-11\",\"12\":\"md-12\"},\"default\":6},\"col_lg\":{\"type\":\"select\",\"label\":\"Large Screen Column size (992px - 1199px)\",\"data\":{\"1\":\"lg-1\",\"2\":\"lg-2\",\"3\":\"lg-3\",\"4\":\"lg-4\",\"5\":\"lg-5\",\"6\":\"lg-6\",\"7\":\"lg-7\",\"8\":\"lg-8\",\"9\":\"lg-9\",\"10\":\"lg-10\",\"11\":\"lg-11\",\"12\":\"lg-12\"},\"default\":4},\"col_xl\":{\"type\":\"select\",\"label\":\"Extra Large Screen Column size (&gt; 1200px)\",\"data\":{\"1\":\"xl-1\",\"2\":\"xl-2\",\"3\":\"xl-3\",\"4\":\"xl-4\",\"5\":\"xl-5\",\"6\":\"xl-6\",\"7\":\"xl-7\",\"8\":\"xl-8\",\"9\":\"xl-9\",\"10\":\"xl-10\",\"11\":\"xl-11\",\"12\":\"xl-12\"},\"default\":4}},\"path\":\"page-contents.02-services.item\"},\"page-contents.08-testimonial.area\":{\"name\":\"Page Content: Testimonial - Area (Danh s\\u00e1ch ph\\u1ea3n h\\u1ed3i t\\u1eeb kh\\u00e1ch h\\u00e0ng)\",\"inputs\":{\"title\":{\"type\":\"text\",\"label\":\"Ti\\u00eau \\u0111\\u1ec1\",\"value\":\"\"}},\"path\":\"page-contents.08-testimonial.area\"},\"page-contents.08-testimonial.ittem\":{\"name\":\"Page Content: Testimonial - Content (N\\u1ed9i dung \\u0111\\u00e1nh gi\\u00e1)\",\"inputs\":{\"title\":{\"type\":\"text\",\"label\":\"H\\u1ecd t\\u00ean\",\"value\":\"\"},\"job\":{\"type\":\"text\",\"label\":\"Ngh\\u1ec1 nghi\\u1ec7p\",\"value\":\"Content Creator\",\"placeholder\":\"Nh\\u1eadp Ngh\\u1ec1 nghi\\u1ec7p (tu\\u1ef3 ch\\u1ecdn)\"},\"image\":{\"type\":\"media\",\"label\":\"\\u1ea2nh minh ho\\u1ea1 (300px x 300px)\",\"@filetype\":\"png,jpg,jpeg,gif,bmp\"},\"message\":{\"type\":\"textarea\",\"label\":\"N\\u1ed9i dung \\u0111\\u00e1nh gi\\u00e1\",\"placeholder\":\"Vi\\u1ebft g\\u00ec \\u0111\\u00f3...\"}},\"path\":\"page-contents.08-testimonial.ittem\"},\"page-contents.10-partners.area\":{\"name\":\"Page Content: Logo \\u0110\\u1ed1i t\\u00e1c - Area\",\"inputs\":{\"title\":{\"type\":\"text\",\"label\":\"Ti\\u00eau \\u0111\\u1ec1\",\"value\":\"\",\"placeholder\":\"Nh\\u1eadp ti\\u00eau \\u0111\\u1ec1 \"}},\"path\":\"page-contents.10-partners.area\"},\"page-contents.10-partners.item\":{\"name\":\"Page Content: Logo \\u0110\\u1ed1i t\\u00e1c - Item\",\"inputs\":{\"title\":{\"type\":\"text\",\"label\":\"T\\u00ean \\u0111\\u1ed1i t\\u00e1c\",\"value\":\"\",\"placeholder\":\"Nh\\u1eadp t\\u00ean... \"},\"light_mode_logo\":{\"type\":\"media\",\"label\":\"Logo tr\\u00ean giao di\\u1ec7n s\\u00e1ng (170px x 62px)\",\"@filetype\":\"png,jpg,jpeg,gif,bmp\"},\"dark_mode_logo\":{\"type\":\"media\",\"label\":\"Logo tr\\u00ean giao di\\u1ec7n t\\u1ed1i (170px x 62px)\",\"@filetype\":\"png,jpg,jpeg,gif,bmp\"}},\"path\":\"page-contents.10-partners.item\"},\"page-contents.03-about-us.area\":{\"name\":\"Page Content: About Us - Area\",\"inputs\":{\"sub_title\":{\"type\":\"text\",\"label\":\"Ti\\u00eau \\u0111\\u1ec1 nh\\u1ecf\",\"value\":\"V\\u1ec1 ch\\u00fang t\\u00f4i\",\"placeholder\":\"Nh\\u1eadp ti\\u00eau \\u0111\\u1ec1 nh\\u1ecf (tu\\u1ef3 ch\\u1ecdn)\"},\"title\":{\"type\":\"text\",\"label\":\"Ti\\u00eau \\u0111\\u1ec1\",\"value\":\"\\u0110\\u00f4i n\\u00e9t v\\u1ec1 Chuy\\u00ean gia AI\"},\"big_description\":{\"type\":\"text\",\"label\":\"M\\u00f4 t\\u1ea3 \\u0111\\u01b0\\u1ee3c nh\\u1ea5n m\\u1ea1nh\",\"value\":\"\",\"placeholder\":\"Vi\\u1ebft g\\u00ec \\u0111\\u00f3...\"},\"description\":{\"type\":\"textarea\",\"label\":\"M\\u00f4 t\\u1ea3 (T\\u00f9y ch\\u1ecdn(\",\"placeholder\":\"Vi\\u1ebft g\\u00ec \\u0111\\u00f3...\"},\"image\":{\"type\":\"media\",\"label\":\"\\u1ea2nh minh ho\\u1ea1 (640px x 640px) (n\\u00eam d\\u00f9ng png)\",\"@filetype\":\"png,jpg,jpeg,gif,bmp\"},\"image_side\":{\"type\":\"radio\",\"label\":\"V\\u1ecb tr\\u00ed \\u1ea3nh\",\"data\":{\"left\":\"B\\u00ean tr\\u00e1i\",\"right\":\"B\\u00ean ph\\u1ea3i\"},\"default\":\"left\"}},\"path\":\"page-contents.03-about-us.area\"},\"page-contents\\/03-about-us\\/area.view.blade\":{\"path\":\"page-contents\\/03-about-us\\/area.view.blade\",\"name\":\"page-contents\\/03-about-us\\/area : view : blade\"},\"page-contents.03-about-us.item\":{\"name\":\"Page Content: About Us - Item\",\"inputs\":{\"title\":{\"type\":\"text\",\"label\":\"Ti\\u00eau \\u0111\\u1ec1\",\"value\":\"\"},\"icon\":{\"type\":\"iconpicker\",\"label\":\"Ch\\u1ecdn Icon\",\"value\":\"\",\"placeholder\":\"Ch\\u1ecdn icon\"}},\"path\":\"page-contents.03-about-us.item\"},\"footer.widgets.about\":{\"name\":\"Footer: Widgets: About\",\"inputs\":{\"title\":{\"type\":\"text\",\"label\":\"Ti\\u00eau \\u0111\\u1ec1\",\"value\":\"Danh m\\u1ee5c s\\u1ea3n ph\\u1ea9m\"},\"light_logo\":{\"type\":\"media\",\"label\":\"Light Logo (Logo cho giao di\\u1ec7n s\\u00e1ng)\",\"@filetype\":\"png,jpg,jpeg,gif,bmp\"},\"dark_logo\":{\"type\":\"media\",\"label\":\"Dark Logo (Logo cho giao di\\u1ec7n t\\u1ed1i)\",\"@filetype\":\"png,jpg,jpeg,gif,bmp\"},\"description\":{\"type\":\"textarea\",\"label\":\"M\\u00f4 t\\u1ea3 (T\\u00f9y ch\\u1ecdn(\",\"placeholder\":\"Vi\\u1ebft g\\u00ec \\u0111\\u00f3...\"},\"show_socials\":{\"type\":\"switch\",\"label\":\"M\\u1ea1ng x\\u00e3 h\\u1ed9i\",\"value_type\":\"boolean\",\"check_label\":\"Hi\\u1ec3n th\\u1ecb li\\u00ean k\\u1ebft MXH\",\"value\":false},\"class\":{\"type\":\"text\",\"label\":\"ClassName (T\\u00f9y ch\\u1ecdn)\",\"placeholder\":\"ClassName (T\\u00f9y ch\\u1ecdn)\"},\"col_xs\":{\"type\":\"radio\",\"label\":\"Smartphone Column size  (&lt; 576px)\",\"data\":{\"1\":\"xs-1\",\"2\":\"xs-2\",\"3\":\"xs-3\",\"4\":\"xs-4\",\"5\":\"xs-5\",\"6\":\"lg-6\",\"12\":\"xs-12\"},\"default\":12},\"col_sm\":{\"type\":\"radio\",\"label\":\"Smal Screen Column size (576px - 767px)\",\"data\":{\"1\":\"sm-1\",\"2\":\"sm-2\",\"3\":\"col-3\",\"4\":\"sm-4\",\"5\":\"sm-5\",\"6\":\"sm-6\",\"12\":\"sm-12\"},\"default\":7},\"col_md\":{\"type\":\"select\",\"label\":\"Medium Screen Column size (768px - 991px)\",\"data\":{\"1\":\"md-1\",\"2\":\"md-2\",\"3\":\"md-3\",\"4\":\"md-4\",\"5\":\"md-5\",\"6\":\"md-6\",\"7\":\"md-7\",\"8\":\"md-8\",\"9\":\"md-9\",\"10\":\"md-10\",\"11\":\"md-11\",\"12\":\"md-12\"},\"default\":12},\"col_lg\":{\"type\":\"select\",\"label\":\"Large Screen Column size (992px - 1199px)\",\"data\":{\"1\":\"lg-1\",\"2\":\"lg-2\",\"3\":\"lg-3\",\"4\":\"lg-4\",\"5\":\"lg-5\",\"6\":\"lg-6\",\"7\":\"lg-7\",\"8\":\"lg-8\",\"9\":\"lg-9\",\"10\":\"lg-10\",\"11\":\"lg-11\",\"12\":\"lg-12\"},\"default\":4},\"col_xl\":{\"type\":\"select\",\"label\":\"Extra Large Screen Column size (&gt; 1200px)\",\"data\":{\"1\":\"xl-1\",\"2\":\"xl-2\",\"3\":\"xl-3\",\"4\":\"xl-4\",\"5\":\"xl-5\",\"6\":\"xl-6\",\"7\":\"xl-7\",\"8\":\"xl-8\",\"9\":\"xl-9\",\"10\":\"xl-10\",\"11\":\"xl-11\",\"12\":\"xl-12\"},\"default\":3}},\"path\":\"footer.widgets.about\"},\"footer.widgets.menu\":{\"name\":\"Footer: Widgets: About\",\"inputs\":{\"title\":{\"type\":\"text\",\"label\":\"Ti\\u00eau \\u0111\\u1ec1\"},\"menu_id\":{\"type\":\"crazyselect\",\"label\":\"Footer menu\",\"call\":\"get_menu_options\"},\"class\":{\"type\":\"text\",\"label\":\"ClassName (T\\u00f9y ch\\u1ecdn)\",\"placeholder\":\"ClassName (T\\u00f9y ch\\u1ecdn)\"},\"col_xs\":{\"type\":\"radio\",\"label\":\"Smartphone Column size  (&lt; 576px)\",\"data\":{\"1\":\"xs-1\",\"2\":\"xs-2\",\"3\":\"xs-3\",\"4\":\"xs-4\",\"5\":\"xs-5\",\"6\":\"lg-6\",\"12\":\"xs-12\"},\"default\":12},\"col_sm\":{\"type\":\"radio\",\"label\":\"Smal Screen Column size (576px - 767px)\",\"data\":{\"1\":\"sm-1\",\"2\":\"sm-2\",\"3\":\"col-3\",\"4\":\"sm-4\",\"5\":\"sm-5\",\"6\":\"sm-6\",\"12\":\"sm-12\"},\"default\":12},\"col_md\":{\"type\":\"select\",\"label\":\"Medium Screen Column size (768px - 991px)\",\"data\":{\"1\":\"md-1\",\"2\":\"md-2\",\"3\":\"md-3\",\"4\":\"md-4\",\"5\":\"md-5\",\"6\":\"md-6\",\"7\":\"md-7\",\"8\":\"md-8\",\"9\":\"md-9\",\"10\":\"md-10\",\"11\":\"md-11\",\"12\":\"md-12\"},\"default\":12},\"col_lg\":{\"type\":\"select\",\"label\":\"Large Screen Column size (992px - 1199px)\",\"data\":{\"1\":\"lg-1\",\"2\":\"lg-2\",\"3\":\"lg-3\",\"4\":\"lg-4\",\"5\":\"lg-5\",\"6\":\"lg-6\",\"7\":\"lg-7\",\"8\":\"lg-8\",\"9\":\"lg-9\",\"10\":\"lg-10\",\"11\":\"lg-11\",\"12\":\"lg-12\"},\"default\":5},\"col_xl\":{\"type\":\"select\",\"label\":\"Extra Large Screen Column size (&gt; 1200px)\",\"data\":{\"1\":\"xl-1\",\"2\":\"xl-2\",\"3\":\"xl-3\",\"4\":\"xl-4\",\"5\":\"xl-5\",\"6\":\"xl-6\",\"7\":\"xl-7\",\"8\":\"xl-8\",\"9\":\"xl-9\",\"10\":\"xl-10\",\"11\":\"xl-11\",\"12\":\"xl-12\"},\"default\":4}},\"path\":\"footer.widgets.menu\"}}'),(34,'theme',8,'options','{\"title\":\"AI Startup\",\"groups\":{\"general\":{\"label\":\"Chung\",\"inputs\":{\"show_preloader\":{\"type\":\"switch\",\"label\":\"Preloader\",\"value_type\":\"boolean\",\"check_label\":\"Hi\\u1ec3n th\\u1ecb preloader\",\"value\":true},\"theme_primary_color\":{\"type\":\"coloris\",\"label\":\"M\\u00e0u ch\\u1ee7 \\u0111\\u1ea1o\",\"value\":\"#AD213A\"},\"plugins\":{\"type\":\"area\",\"label\":\"Plugins\",\"value\":\"plugins\",\"@area\":\"plugins\",\"@title-by\":\"title\"}},\"config1\":{\"name\":\"Thi\\u1ebft l\\u1eadp m\\u1ee5c \\u0111\\u0103ng b\\u00e0i\",\"layout_type\":\"single\",\"form_groups\":[]}},\"header\":{\"label\":\"Header\",\"inputs\":{\"desktop_logo\":{\"type\":\"media\",\"label\":\"Desktop Logo (T\\u00f9y ch\\u1ecdn)\",\"@filetype\":\"png,jpg,jpeg,gif,bmp\"},\"mobile_logo\":{\"type\":\"media\",\"label\":\"Mobile Logo (T\\u00f9y ch\\u1ecdn)\",\"@filetype\":\"png,jpg,jpeg,gif,bmp\"},\"show_search_button\":{\"type\":\"switch\",\"label\":\"Search button\",\"value_type\":\"boolean\",\"check_label\":\"Hi\\u1ec3n th\\u1ecb n\\u00fat t\\u00ecm ki\\u1ebfm\",\"value\":true},\"show_addon_button\":{\"type\":\"switch\",\"label\":\"Addon button\",\"value_type\":\"boolean\",\"check_label\":\"Hi\\u1ec3n th\\u1ecb n\\u00fat t\\u00ednh m\\u1edf r\\u1ed9ng\",\"value\":true},\"addon_button_link\":{\"type\":\"text\",\"label\":\"Addon button link\",\"placeholder\":\"v\\u00ed d\\u1ee5: https:\\/\\/vcc.vn\"},\"addon_button_text\":{\"type\":\"text\",\"label\":\"Addon button text\",\"placeholder\":\"v\\u00ed d\\u1ee5: \\u0110\\u1eb7t h\\u00e0ng\"}}},\"footer\":{\"label\":\"Footer\",\"inputs\":{\"widgets\":{\"type\":\"area\",\"label\":\"N\\u1ed9i dung footer\",\"value\":\"footer_slogans\",\"area\":\"footer_widgets\",\"@title-by\":\"title\"},\"logos\":{\"type\":\"area\",\"label\":\"Logo \\u0111\\u1ed1i t\\u00e1c\",\"value\":\"footer_logos\",\"area\":\"footer_logos\",\"@title-by\":\"title\"},\"copyright\":{\"type\":\"ckeditor\",\"label\":\"N\\u00f4i dung m\\u1ee5c copyright\",\"className\":\"auto-height\",\"placeholder\":\"Vi\\u1ebft g\\u00ec \\u0111\\u00f3\"},\"menu_id\":{\"type\":\"crazyselect\",\"label\":\"Footer Bottom menu\",\"call\":\"get_menu_options\"}},\"config\":{\"name\":\"Thi\\u1ebft l\\u1eadp footer\",\"layout_type\":\"single\",\"form_groups\":{\"page_header\":{\"title\":\"Thi\\u1ebft l\\u1eadp footer\",\"inputs\":[\"widgets\",\"logos\",\"copyright\"]}}}},\"sidebar\":{\"label\":\"Sidebar\",\"inputs\":{\"sidebar_posts\":{\"type\":\"area\",\"label\":\"Post sidebar\",\"value\":\"sidebar_posts\",\"area\":\"sidebar_posts\",\"@title-by\":\"title\"}}},\"home\":{\"label\":\"Trang ch\\u1ee7\",\"inputs\":{\"title\":{\"type\":\"text\",\"label\":\"Ti\\u00eau \\u0111\\u1ec1 (T\\u00f9y ch\\u1ecdn)\",\"placeholder\":\"Vi\\u1ebft g\\u00ec \\u0111\\u00f3...\"},\"description\":{\"type\":\"textarea\",\"label\":\"M\\u00f4 t\\u1ea3 (T\\u00f9y ch\\u1ecdn(\",\"placeholder\":\"Vi\\u1ebft g\\u00ec \\u0111\\u00f3...\"},\"content_area\":{\"type\":\"area\",\"label\":\"N\\u1ed9i dung Trang ch\\u1ee7\",\"value\":\"home_area\",\"@area\":\"home_area\",\"@title-by\":\"title\"}}},\"pages\":{\"label\":\"Trang\",\"inputs\":{\"header_style\":{\"type\":\"radio\",\"label\":\"Header Style m\\u1eb7c \\u0111\\u1ecbnh\",\"data\":{\"1\":\"Style 1\",\"2\":\"Style 2\"},\"default\":\"1\"},\"list_layout\":{\"type\":\"radio\",\"label\":\"Layout Danh s\\u00e1ch\",\"data\":{\"sidebar\":\"Sidebar\",\"fullwidth\":\"fullwidth\"},\"default\":\"sidebar\"},\"list_type\":{\"type\":\"radio\",\"label\":\"Ki\\u1ec3u Danh s\\u00e1ch\",\"data\":{\"classic\":\"Classic\",\"grid\":\"L\\u01b0\\u1edbi (grid)\"},\"default\":\"grid\"},\"header_use_bg_image\":{\"type\":\"switch\",\"label\":\"S\\u1eed d\\u1ee5ng h\\u00ecnh n\\u1ec1n\",\"value_type\":\"boolean\",\"check_label\":\"C\\u00f3\"},\"header_bg_image\":{\"type\":\"media\",\"@filetype\":\"image\",\"label\":\"H\\u00ecnh n\\u1ec1n (T\\u00f9y ch\\u1ecdn)\"},\"detail_layout\":{\"type\":\"radio\",\"label\":\"Layout Danh s\\u00e1ch\",\"data\":{\"sidebar\":\"Sidebar\",\"fullwidth\":\"fullwidth\",\"page\":\"Layout t\\u00f9y bi\\u1ebfn cho trang\"},\"default\":\"sidebar\"},\"detail_use_feature_image\":{\"type\":\"switch\",\"label\":\"Header Image\",\"value_type\":\"boolean\",\"check_label\":\"S\\u1eed d\\u1ee5ng Feature Image l\\u00e0m h\\u00ecnh n\\u1ec1n Header\"},\"page_settings\":{\"type\":\"area\",\"label\":\"M\\u1ee5c \\u0111\\u01b0\\u1ee3c thi\\u1ebft l\\u1eadp\",\"value\":\"page_settings\",\"@area\":\"page_settings\",\"@title-by\":\"title\"}},\"config\":{\"name\":\"Thi\\u1ebft l\\u1eadp m\\u1ee5c \\u0111\\u0103ng b\\u00e0i\",\"layout_type\":\"single\",\"form_groups\":{\"general\":{\"title\":\"Thi\\u1ebft l\\u1eadp chung\",\"inputs\":[\"list_layout\",\"list_type\"]},\"page_header\":{\"title\":\"Thi\\u1ebft l\\u1eadp Page Header\",\"inputs\":[\"header_style\",\"header_use_bg_image\",\"header_bg_image\"]},\"detail\":{\"title\":\"Thi\\u1ebft l\\u1eadp Trang chi ti\\u1ebft \",\"inputs\":[\"detail_layout\",\"detail_use_feature_image\"]},\"page\":{\"title\":\"Thi\\u1ebft l\\u1eadp Trang c\\u1ee5 th\\u1ec3 \",\"inputs\":[\"page_settings\"]}}},\"data\":{\"show_breadcrumb\":true,\"list_layout\":\"sidebar\",\"list_type\":\"grid\"}},\"posts\":{\"label\":\"B\\u00e0i vi\\u1ebft\",\"inputs\":{\"list_layout\":{\"type\":\"radio\",\"label\":\"Layout Danh s\\u00e1ch\",\"data\":{\"sidebar\":\"sidebar\",\"fullwidth\":\"fullwidth\"},\"default\":\"sidebar\"},\"list_type\":{\"type\":\"radio\",\"label\":\"Ki\\u1ec3u Danh s\\u00e1ch\",\"data\":{\"classic\":\"Classic\",\"grid\":\"L\\u01b0\\u1edbi (grid)\"},\"default\":\"grid\"},\"detail_layout\":{\"type\":\"radio\",\"label\":\"Layout Danh s\\u00e1ch\",\"data\":{\"sidebar\":\"Sidebar\",\"fullwidth\":\"fullwidth\"},\"default\":\"sidebar\"},\"detail_use_feature_image\":{\"type\":\"switch\",\"label\":\"Header Image\",\"value_type\":\"boolean\",\"check_label\":\"S\\u1eed d\\u1ee5ng Feature Image l\\u00e0m h\\u00ecnh n\\u1ec1n Header\"},\"post_settings\":{\"type\":\"area\",\"label\":\"M\\u1ee5c \\u0111\\u01b0\\u1ee3c thi\\u1ebft l\\u1eadp\",\"value\":\"post_settings\",\"@area\":\"post_settings\",\"@title-by\":\"title\"}},\"config\":{\"name\":\"Thi\\u1ebft l\\u1eadp m\\u1ee5c \\u0111\\u0103ng b\\u00e0i\",\"layout_type\":\"single\",\"form_groups\":{\"general\":{\"title\":\"Thi\\u1ebft l\\u1eadp chung\",\"inputs\":[\"list_layout\",\"list_type\"]},\"detail\":{\"title\":\"Thi\\u1ebft l\\u1eadp Trang chi ti\\u1ebft \",\"inputs\":[\"detail_layout\",\"detail_use_feature_image\",\"detail_hide_feature_image\"]},\"post_settings\":{\"title\":\"Thi\\u1ebft l\\u1eadp cho t\\u1eebng m\\u1ee5c\",\"className\":\"mt-3 pt-2 border-top\",\"inputs\":[\"post_settings\"]}}},\"data\":{\"list_layout\":\"sidebar\",\"list_type\":\"grid\"}},\"contacts\":{\"label\":\"Li\\u00ean h\\u1ec7\",\"inputs\":{\"page_title\":{\"type\":\"text\",\"label\":\"Ti\\u00eau \\u0111\\u1ec1 Trang li\\u00ean h\\u1ec7\",\"value\":\"Li\\u00ean h\\u1ec7\"},\"page_description\":{\"type\":\"textarea\",\"label\":\"M\\u00f4 r\\u1ea3 trang li\\u00ean h\\u1ec7\",\"placeholder\":\"Vi\\u1ebft g\\u00ec \\u0111\\u00f3\"},\"page_note\":{\"type\":\"textarea\",\"label\":\"Ghi ch\\u00fa nh\\u1ecf\",\"placeholder\":\"Vi\\u1ebft g\\u00ec \\u0111\\u00f3\"},\"page_content\":{\"type\":\"ckeditor\",\"label\":\"N\\u1ed9i dung trang\"},\"email\":{\"type\":\"text\",\"label\":\"Email\",\"placeholder\":\"M\\u1eb7c d\\u1ecbnh s\\u1ebd l\\u1ea5y t\\u1eeb thi\\u1ebft l\\u1eadp th\\u00f4ng tin wwbsite\"},\"phone_number\":{\"type\":\"text\",\"label\":\"S\\u1ed1 \\u0111i\\u1ec7n tho\\u1ea1i\",\"placeholder\":\"M\\u1eb7c d\\u1ecbnh s\\u1ebd l\\u1ea5y t\\u1eeb thi\\u1ebft l\\u1eadp th\\u00f4ng tin wwbsite\"},\"address\":{\"type\":\"text\",\"label\":\"\\u0110\\u1ecba ch\\u1ec9\",\"placeholder\":\"M\\u1eb7c d\\u1ecbnh s\\u1ebd l\\u1ea5y t\\u1eeb thi\\u1ebft l\\u1eadp th\\u00f4ng tin wwbsite\"},\"form_title\":{\"type\":\"text\",\"label\":\"Ti\\u00eau \\u0111\\u1ec1 Form li\\u00ean h\\u1ec7\",\"value\":\"H\\u00e3y n\\u00f3i v\\u1ec1 nh\\u1eefng \\u00fd t\\u01b0\\u1edfng c\\u1ee7a b\\u1ea1n\"},\"show_info\":{\"type\":\"radio\",\"label\":\"Hi\\u1ec3n th\\u1ecb th\\u00f4ng tin\",\"data\":{\"description\":\"M\\u00f4 t\\u1ea3\",\"contact\":\"Th\\u00f4ng tin li\\u00ean h\\u1ec7\"},\"default\":\"description\"},\"form_description\":{\"type\":\"textarea\",\"label\":\"M\\u00f4 r\\u1ea3 \\/ Gi\\u1edbi thi\\u1ec7u\",\"placeholder\":\"Vi\\u1ebft g\\u00ec \\u0111\\u00f3\"},\"button_text\":{\"type\":\"text\",\"label\":\"N\\u00fat g\\u1eedi\",\"value\":\"G\\u1eedi li\\u00ean h\\u1ec7\"},\"map_code\":{\"type\":\"textarea\",\"label\":\"M\\u00e3 nh\\u00fang b\\u1ea3n \\u0111\\u1ed3\",\"placeholder\":\"Nh\\u1eadp m\\u00e3 M\\u00e3 nh\\u00fang\"},\"show_content\":{\"type\":\"switch\",\"label\":\"Hi\\u1ec3n th\\u1ecb N\\u1ed9i dung text\"},\"show_form\":{\"type\":\"switch\",\"label\":\"Hi\\u1ec3n th\\u1ecb form Li\\u00ean h\\u1ec7\"},\"show_map\":{\"type\":\"switch\",\"label\":\"Hi\\u1ec3n th\\u1ecb b\\u1ea3n \\u0111\\u1ed3\"}}},\"socials\":{\"label\":\"MXH\",\"inputs\":{\"facebook\":{\"type\":\"text\",\"label\":\"facebook (T\\u00f9y ch\\u1ecdn)\",\"placeholder\":\"Kh\\u00f4ng b\\u1eaft bu\\u1ed9c\"},\"twitter\":{\"type\":\"text\",\"label\":\"twitter (T\\u00f9y ch\\u1ecdn)\",\"placeholder\":\"Kh\\u00f4ng b\\u1eaft bu\\u1ed9c\"},\"youtube\":{\"type\":\"text\",\"label\":\"youtube (T\\u00f9y ch\\u1ecdn)\",\"placeholder\":\"Kh\\u00f4ng b\\u1eaft bu\\u1ed9c\"},\"linkedin\":{\"type\":\"text\",\"label\":\"Linkedin (T\\u00f9y ch\\u1ecdn)\",\"placeholder\":\"Kh\\u00f4ng b\\u1eaft bu\\u1ed9c\"},\"instagram\":{\"type\":\"text\",\"label\":\"instagram (T\\u00f9y ch\\u1ecdn)\",\"placeholder\":\"Kh\\u00f4ng b\\u1eaft bu\\u1ed9c\"},\"pinterest\":{\"type\":\"text\",\"label\":\"Pinterest (T\\u00f9y ch\\u1ecdn)\",\"placeholder\":\"Kh\\u00f4ng b\\u1eaft bu\\u1ed9c\"}}}}}'),(35,'theme',8,'areas','{\"footer_widgets\":\"N\\u1ed9i dung footer\",\"footer_logos\":\"Footer logo\",\"sidebar_posts\":\"Post Sidebar\",\"sidebar_pages\":\"Page Sidebar\",\"sidebar_product\":\"Product Sidebar\",\"post_settings\":\"Post Settings\",\"page_settings\":\"page Settings\",\"home_area\":\"Trang ch\\u1ee7\",\"plugins\":\"Plugins\",\"product_detail_extra\":\"Component chi ti\\u1ebft s\\u1ea3n ph\\u1ea9m\"}'),(36,'theme',8,'layout','[]'),(37,'theme',8,'menus','{\"positions\":{\"sidebar\":\"Sidebar Menu\",\"category\":\"Menu Danh m\\u1ee5c s\\u1ea3n ph\\u1ea9m\"},\"menus\":{\"category\":{\"name\":\"Menu Danh m\\u1ee5c s\\u1ea3n ph\\u1ea9m\",\"type\":\"theme\",\"depth\":3,\"positions\":[\"category\"],\"items\":[]}}}'),(38,'theme',8,'package','{\"metadata\":{\"name\":\"ecoshop\",\"version\":1,\"description\":\"\",\"author\":\"\",\"link\":\"http:\\/\\/vcc.vn\"},\"assets\":{\"styles\":[],\"scripts\":[]},\"icons\":{\"bx\":{\"title\":\"Boxicons\",\"style\":[\"@assets\\/css\\/boxicons.min.css\"],\"key\":\"bx\",\"list\":[{\"prefix\":\"bx bx-\",\"items\":[\"lemon\",\"cricket-ball\",\"baguette\",\"bowl-hot\",\"bowl-rice\",\"cable-car\",\"candles\",\"circle-half\",\"circle-quarter\",\"circle-three-quarter\",\"cross\",\"fork\",\"knife\",\"money-withdraw\",\"popsicle\",\"scatter-chart\",\"male-female\",\"collapse-alt\",\"collapse-horizontal\",\"collapse-vertical\",\"expand-horizontal\",\"expand-vertical\",\"injection\",\"leaf\",\"math\",\"party\",\"abacus\",\"accessibility\",\"add-to-queue\",\"adjust\",\"alarm\",\"alarm-add\",\"alarm-exclamation\",\"alarm-off\",\"alarm-snooze\",\"album\",\"align-justify\",\"align-left\",\"align-middle\",\"align-right\",\"analyse\",\"anchor\",\"angry\",\"aperture\",\"arch\",\"archive\",\"archive-in\",\"archive-out\",\"area\",\"arrow-back\",\"arrow-from-bottom\",\"arrow-from-left\",\"arrow-from-right\",\"arrow-from-top\",\"arrow-to-bottom\",\"arrow-to-left\",\"arrow-to-right\",\"arrow-to-top\",\"at\",\"atom\",\"award\",\"badge\",\"badge-check\",\"ball\",\"band-aid\",\"bar-chart\",\"bar-chart-alt\",\"bar-chart-alt-2\",\"bar-chart-square\",\"barcode\",\"barcode-reader\",\"baseball\",\"basket\",\"basketball\",\"bath\",\"battery\",\"bed\",\"been-here\",\"beer\",\"bell\",\"bell-minus\",\"bell-off\",\"bell-plus\",\"bible\",\"bitcoin\",\"blanket\",\"block\",\"bluetooth\",\"body\",\"bold\",\"bolt-circle\",\"bomb\",\"bone\",\"bong\",\"book\",\"book-add\",\"book-alt\",\"book-bookmark\",\"book-content\",\"book-heart\",\"bookmark\",\"bookmark-alt\",\"bookmark-alt-minus\",\"bookmark-alt-plus\",\"bookmark-heart\",\"bookmark-minus\",\"bookmark-plus\",\"bookmarks\",\"book-open\",\"book-reader\",\"border-all\",\"border-bottom\",\"border-inner\",\"border-left\",\"border-none\",\"border-outer\",\"border-radius\",\"border-right\",\"border-top\",\"bot\",\"bowling-ball\",\"box\",\"bracket\",\"braille\",\"brain\",\"briefcase\",\"briefcase-alt\",\"briefcase-alt-2\",\"brightness\",\"brightness-half\",\"broadcast\",\"brush\",\"brush-alt\",\"bug\",\"bug-alt\",\"building\",\"building-house\",\"buildings\",\"bulb\",\"bullseye\",\"buoy\",\"bus\",\"bus-school\",\"cabinet\",\"cake\",\"calculator\",\"calendar\",\"calendar-alt\",\"calendar-check\",\"calendar-edit\",\"calendar-event\",\"calendar-exclamation\",\"calendar-heart\",\"calendar-minus\",\"calendar-plus\",\"calendar-star\",\"calendar-week\",\"calendar-x\",\"camera\",\"camera-home\",\"camera-movie\",\"camera-off\",\"capsule\",\"captions\",\"car\",\"card\",\"caret-down\",\"caret-down-circle\",\"caret-down-square\",\"caret-left\",\"caret-left-circle\",\"caret-left-square\",\"caret-right\",\"caret-right-circle\",\"caret-right-square\",\"caret-up\",\"caret-up-circle\",\"caret-up-square\",\"carousel\",\"cart\",\"cart-alt\",\"cast\",\"category\",\"category-alt\",\"cctv\",\"certification\",\"chair\",\"chalkboard\",\"chart\",\"chat\",\"check\",\"checkbox\",\"checkbox-checked\",\"checkbox-minus\",\"checkbox-square\",\"check-circle\",\"check-double\",\"check-shield\",\"check-square\",\"chevron-down\",\"chevron-down-circle\",\"chevron-down-square\",\"chevron-left\",\"chevron-left-circle\",\"chevron-left-square\",\"chevron-right\",\"chevron-right-circle\",\"chevron-right-square\",\"chevrons-down\",\"chevrons-left\",\"chevrons-right\",\"chevrons-up\",\"chevron-up\",\"chevron-up-circle\",\"chevron-up-square\",\"chip\",\"church\",\"circle\",\"clinic\",\"clipboard\",\"closet\",\"cloud\",\"cloud-download\",\"cloud-drizzle\",\"cloud-lightning\",\"cloud-light-rain\",\"cloud-rain\",\"cloud-snow\",\"cloud-upload\",\"code\",\"code-alt\",\"code-block\",\"code-curly\",\"coffee\",\"coffee-togo\",\"cog\",\"coin\",\"coin-stack\",\"collapse\",\"collection\",\"color-fill\",\"columns\",\"command\",\"comment\",\"comment-add\",\"comment-check\",\"comment-detail\",\"comment-dots\",\"comment-edit\",\"comment-error\",\"comment-minus\",\"comment-x\",\"compass\",\"confused\",\"conversation\",\"cookie\",\"cool\",\"copy\",\"copy-alt\",\"copyright\",\"credit-card\",\"credit-card-alt\",\"credit-card-front\",\"crop\",\"crosshair\",\"crown\",\"cube\",\"cube-alt\",\"cuboid\",\"current-location\",\"customize\",\"cut\",\"cycling\",\"cylinder\",\"data\",\"desktop\",\"detail\",\"devices\",\"dialpad\",\"dialpad-alt\",\"diamond\",\"dice-1\",\"dice-2\",\"dice-3\",\"dice-4\",\"dice-5\",\"dice-6\",\"directions\",\"disc\",\"dish\",\"dislike\",\"dizzy\",\"dna\",\"dock-bottom\",\"dock-left\",\"dock-right\",\"dock-top\",\"dollar\",\"dollar-circle\",\"donate-blood\",\"donate-heart\",\"door-open\",\"dots-horizontal\",\"dots-horizontal-rounded\",\"dots-vertical\",\"dots-vertical-rounded\",\"doughnut-chart\",\"down-arrow\",\"down-arrow-alt\",\"down-arrow-circle\",\"download\",\"downvote\",\"drink\",\"droplet\",\"dumbbell\",\"duplicate\",\"edit\",\"edit-alt\",\"envelope\",\"envelope-open\",\"equalizer\",\"eraser\",\"error\",\"error-alt\",\"error-circle\",\"euro\",\"exclude\",\"exit\",\"exit-fullscreen\",\"expand\",\"expand-alt\",\"export\",\"extension\",\"face\",\"fast-forward\",\"fast-forward-circle\",\"female\",\"female-sign\",\"file\",\"file-blank\",\"file-find\",\"film\",\"filter\",\"filter-alt\",\"fingerprint\",\"first-aid\",\"first-page\",\"flag\",\"folder\",\"folder-minus\",\"folder-open\",\"folder-plus\",\"font\",\"font-color\",\"font-family\",\"font-size\",\"food-menu\",\"food-tag\",\"football\",\"fridge\",\"fullscreen\",\"game\",\"gas-pump\",\"ghost\",\"gift\",\"git-branch\",\"git-commit\",\"git-compare\",\"git-merge\",\"git-pull-request\",\"git-repo-forked\",\"glasses\",\"glasses-alt\",\"globe\",\"globe-alt\",\"grid\",\"grid-alt\",\"grid-horizontal\",\"grid-small\",\"grid-vertical\",\"group\",\"handicap\",\"happy\",\"happy-alt\",\"happy-beaming\",\"happy-heart-eyes\",\"hash\",\"hdd\",\"heading\",\"headphone\",\"health\",\"heart\",\"heart-circle\",\"heart-square\",\"help-circle\",\"hide\",\"highlight\",\"history\",\"hive\",\"home\",\"home-alt\",\"home-circle\",\"home-heart\",\"home-smile\",\"horizontal-center\",\"hotel\",\"hourglass\",\"id-card\",\"image\",\"image-add\",\"image-alt\",\"images\",\"import\",\"infinite\",\"info-circle\",\"info-square\",\"intersect\",\"italic\",\"joystick\",\"joystick-alt\",\"joystick-button\",\"key\",\"label\",\"landscape\",\"laptop\",\"last-page\",\"laugh\",\"layer\",\"layer-minus\",\"layer-plus\",\"layout\",\"left-arrow\",\"left-arrow-alt\",\"left-arrow-circle\",\"left-down-arrow-circle\",\"left-indent\",\"left-top-arrow-circle\",\"library\",\"like\",\"line-chart\",\"line-chart-down\",\"link\",\"link-alt\",\"link-external\",\"lira\",\"list-check\",\"list-minus\",\"list-ol\",\"list-plus\",\"list-ul\",\"loader\",\"loader-alt\",\"loader-circle\",\"location-plus\",\"lock\",\"lock-alt\",\"lock-open\",\"lock-open-alt\",\"log-in\",\"log-in-circle\",\"log-out\",\"log-out-circle\",\"low-vision\",\"magnet\",\"mail-send\",\"male\",\"male-sign\",\"map\",\"map-alt\",\"map-pin\",\"mask\",\"medal\",\"meh\",\"meh-alt\",\"meh-blank\",\"memory-card\",\"menu\",\"menu-alt-left\",\"menu-alt-right\",\"merge\",\"message\",\"message-add\",\"message-alt\",\"message-alt-add\",\"message-alt-check\",\"message-alt-detail\",\"message-alt-dots\",\"message-alt-edit\",\"message-alt-error\",\"message-alt-minus\",\"message-alt-x\",\"message-check\",\"message-detail\",\"message-dots\",\"message-edit\",\"message-error\",\"message-minus\",\"message-rounded\",\"message-rounded-add\",\"message-rounded-check\",\"message-rounded-detail\",\"message-rounded-dots\",\"message-rounded-edit\",\"message-rounded-error\",\"message-rounded-minus\",\"message-rounded-x\",\"message-square\",\"message-square-add\",\"message-square-check\",\"message-square-detail\",\"message-square-dots\",\"message-square-edit\",\"message-square-error\",\"message-square-minus\",\"message-square-x\",\"message-x\",\"meteor\",\"microchip\",\"microphone\",\"microphone-off\",\"minus\",\"minus-back\",\"minus-circle\",\"minus-front\",\"mobile\",\"mobile-alt\",\"mobile-landscape\",\"mobile-vibration\",\"money\",\"moon\",\"mouse\",\"mouse-alt\",\"move\",\"move-horizontal\",\"move-vertical\",\"movie\",\"movie-play\",\"music\",\"navigation\",\"network-chart\",\"news\",\"no-entry\",\"note\",\"notepad\",\"notification\",\"notification-off\",\"outline\",\"package\",\"paint\",\"paint-roll\",\"palette\",\"paperclip\",\"paper-plane\",\"paragraph\",\"paste\",\"pause\",\"pause-circle\",\"pen\",\"pencil\",\"phone\",\"phone-call\",\"phone-incoming\",\"phone-off\",\"phone-outgoing\",\"photo-album\",\"pie-chart\",\"pie-chart-alt\",\"pie-chart-alt-2\",\"pin\",\"planet\",\"play\",\"play-circle\",\"plug\",\"plus\",\"plus-circle\",\"plus-medical\",\"podcast\",\"pointer\",\"poll\",\"polygon\",\"pound\",\"power-off\",\"printer\",\"pulse\",\"purchase-tag\",\"purchase-tag-alt\",\"pyramid\",\"qr\",\"qr-scan\",\"question-mark\",\"radar\",\"radio\",\"radio-circle\",\"radio-circle-marked\",\"receipt\",\"rectangle\",\"recycle\",\"redo\",\"refresh\",\"registered\",\"rename\",\"repeat\",\"reply\",\"reply-all\",\"repost\",\"reset\",\"restaurant\",\"revision\",\"rewind\",\"rewind-circle\",\"right-arrow\",\"right-arrow-alt\",\"right-arrow-circle\",\"right-down-arrow-circle\",\"right-indent\",\"right-top-arrow-circle\",\"rocket\",\"rotate-left\",\"rotate-right\",\"rss\",\"ruble\",\"ruler\",\"run\",\"rupee\",\"sad\",\"save\",\"scan\",\"screenshot\",\"search\",\"search-alt\",\"search-alt-2\",\"selection\",\"select-multiple\",\"send\",\"server\",\"shape-circle\",\"shape-polygon\",\"shape-square\",\"shape-triangle\",\"share\",\"share-alt\",\"shekel\",\"shield\",\"shield-alt\",\"shield-alt-2\",\"shield-quarter\",\"shield-x\",\"shocked\",\"shopping-bag\",\"show\",\"show-alt\",\"shuffle\",\"sidebar\",\"sitemap\",\"skip-next\",\"skip-next-circle\",\"skip-previous\",\"skip-previous-circle\",\"sleepy\",\"slider\",\"slider-alt\",\"slideshow\",\"smile\",\"sort\",\"sort-alt-2\",\"sort-a-z\",\"sort-down\",\"sort-up\",\"sort-z-a\",\"spa\",\"space-bar\",\"speaker\",\"spray-can\",\"spreadsheet\",\"square\",\"square-rounded\",\"star\",\"station\",\"stats\",\"sticker\",\"stop\",\"stop-circle\",\"stopwatch\",\"store\",\"store-alt\",\"street-view\",\"strikethrough\",\"subdirectory-left\",\"subdirectory-right\",\"sun\",\"support\",\"swim\",\"sync\",\"tab\",\"table\",\"tachometer\",\"tag\",\"tag-alt\",\"target-lock\",\"task\",\"task-x\",\"taxi\",\"tennis-ball\",\"terminal\",\"test-tube\",\"text\",\"time\",\"time-five\",\"timer\",\"tired\",\"toggle-left\",\"toggle-right\",\"tone\",\"traffic-cone\",\"train\",\"transfer\",\"transfer-alt\",\"trash\",\"trash-alt\",\"trending-down\",\"trending-up\",\"trim\",\"trip\",\"trophy\",\"tv\",\"underline\",\"undo\",\"unite\",\"unlink\",\"up-arrow\",\"up-arrow-alt\",\"up-arrow-circle\",\"upload\",\"upside-down\",\"upvote\",\"usb\",\"user\",\"user-check\",\"user-circle\",\"user-minus\",\"user-pin\",\"user-plus\",\"user-voice\",\"user-x\",\"vector\",\"vertical-center\",\"vial\",\"video\",\"video-off\",\"video-plus\",\"video-recording\",\"voicemail\",\"volume\",\"volume-full\",\"volume-low\",\"volume-mute\",\"walk\",\"wallet\",\"wallet-alt\",\"water\",\"webcam\",\"wifi\",\"wifi-0\",\"wifi-1\",\"wifi-2\",\"wifi-off\",\"wind\",\"window\",\"window-alt\",\"window-close\",\"window-open\",\"windows\",\"wine\",\"wink-smile\",\"wink-tongue\",\"won\",\"world\",\"wrench\",\"x\",\"x-circle\",\"yen\",\"zoom-in\",\"zoom-out\"]},{\"prefix\":\"bx bxs-\",\"items\":[\"lemon\",\"baguette\",\"bowl-hot\",\"bowl-rice\",\"cable-car\",\"circle-half\",\"circle-quarter\",\"circle-three-quarter\",\"cricket-ball\",\"invader\",\"popsicle\",\"tree-alt\",\"party\",\"hot\",\"droplet\",\"cat\",\"dog\",\"injection\",\"leaf\",\"add-to-queue\",\"adjust\",\"adjust-alt\",\"alarm\",\"alarm-add\",\"alarm-exclamation\",\"alarm-off\",\"alarm-snooze\",\"album\",\"ambulance\",\"analyse\",\"angry\",\"arch\",\"archive\",\"archive-in\",\"archive-out\",\"area\",\"arrow-from-bottom\",\"arrow-from-left\",\"arrow-from-right\",\"arrow-from-top\",\"arrow-to-bottom\",\"arrow-to-left\",\"arrow-to-right\",\"arrow-to-top\",\"award\",\"baby-carriage\",\"backpack\",\"badge\",\"badge-check\",\"badge-dollar\",\"ball\",\"band-aid\",\"bank\",\"bar-chart-alt-2\",\"bar-chart-square\",\"barcode\",\"baseball\",\"basket\",\"basketball\",\"bath\",\"battery\",\"battery-charging\",\"battery-full\",\"battery-low\",\"bed\",\"been-here\",\"beer\",\"bell\",\"bell-minus\",\"bell-off\",\"bell-plus\",\"bell-ring\",\"bible\",\"binoculars\",\"blanket\",\"bolt\",\"bolt-circle\",\"bomb\",\"bone\",\"bong\",\"book\",\"book-add\",\"book-alt\",\"book-bookmark\",\"book-content\",\"book-heart\",\"bookmark\",\"bookmark-alt\",\"bookmark-alt-minus\",\"bookmark-alt-plus\",\"bookmark-heart\",\"bookmark-minus\",\"bookmark-plus\",\"bookmarks\",\"bookmark-star\",\"book-open\",\"book-reader\",\"bot\",\"bowling-ball\",\"box\",\"brain\",\"briefcase\",\"briefcase-alt\",\"briefcase-alt-2\",\"brightness\",\"brightness-half\",\"brush\",\"brush-alt\",\"bug\",\"bug-alt\",\"building\",\"building-house\",\"buildings\",\"bulb\",\"bullseye\",\"buoy\",\"bus\",\"business\",\"bus-school\",\"cabinet\",\"cake\",\"calculator\",\"calendar\",\"calendar-alt\",\"calendar-check\",\"calendar-edit\",\"calendar-event\",\"calendar-exclamation\",\"calendar-heart\",\"calendar-minus\",\"calendar-plus\",\"calendar-star\",\"calendar-week\",\"calendar-x\",\"camera\",\"camera-home\",\"camera-movie\",\"camera-off\",\"camera-plus\",\"capsule\",\"captions\",\"car\",\"car-battery\",\"car-crash\",\"card\",\"caret-down-circle\",\"caret-down-square\",\"caret-left-circle\",\"caret-left-square\",\"caret-right-circle\",\"caret-right-square\",\"caret-up-circle\",\"caret-up-square\",\"car-garage\",\"car-mechanic\",\"carousel\",\"cart\",\"cart-add\",\"cart-alt\",\"cart-download\",\"car-wash\",\"category\",\"category-alt\",\"cctv\",\"certification\",\"chalkboard\",\"chart\",\"chat\",\"checkbox\",\"checkbox-checked\",\"checkbox-minus\",\"check-circle\",\"check-shield\",\"check-square\",\"chess\",\"chevron-down\",\"chevron-down-circle\",\"chevron-down-square\",\"chevron-left\",\"chevron-left-circle\",\"chevron-left-square\",\"chevron-right\",\"chevron-right-circle\",\"chevron-right-square\",\"chevrons-down\",\"chevrons-left\",\"chevrons-right\",\"chevrons-up\",\"chevron-up\",\"chevron-up-circle\",\"chevron-up-square\",\"chip\",\"church\",\"circle\",\"city\",\"clinic\",\"cloud\",\"cloud-download\",\"cloud-lightning\",\"cloud-rain\",\"cloud-upload\",\"coffee\",\"coffee-alt\",\"coffee-togo\",\"cog\",\"coin\",\"coin-stack\",\"collection\",\"color-fill\",\"comment\",\"comment-add\",\"comment-check\",\"comment-detail\",\"comment-dots\",\"comment-edit\",\"comment-error\",\"comment-minus\",\"comment-x\",\"compass\",\"component\",\"confused\",\"contact\",\"conversation\",\"cookie\",\"cool\",\"copy\",\"copy-alt\",\"copyright\",\"coupon\",\"credit-card\",\"credit-card-alt\",\"credit-card-front\",\"crop\",\"crown\",\"cube\",\"cube-alt\",\"cuboid\",\"customize\",\"cylinder\",\"dashboard\",\"data\",\"detail\",\"devices\",\"diamond\",\"dice-1\",\"dice-2\",\"dice-3\",\"dice-4\",\"dice-5\",\"dice-6\",\"direction-left\",\"direction-right\",\"directions\",\"disc\",\"discount\",\"dish\",\"dislike\",\"dizzy\",\"dock-bottom\",\"dock-left\",\"dock-right\",\"dock-top\",\"dollar-circle\",\"donate-blood\",\"donate-heart\",\"door-open\",\"doughnut-chart\",\"down-arrow\",\"down-arrow-alt\",\"down-arrow-circle\",\"down-arrow-square\",\"download\",\"downvote\",\"drink\",\"droplet-half\",\"dryer\",\"duplicate\",\"edit\",\"edit-alt\",\"edit-location\",\"eject\",\"envelope\",\"envelope-open\",\"eraser\",\"error\",\"error-alt\",\"error-circle\",\"ev-station\",\"exit\",\"extension\",\"eyedropper\",\"face\",\"face-mask\",\"factory\",\"fast-forward-circle\",\"file\",\"file-archive\",\"file-blank\",\"file-css\",\"file-doc\",\"file-export\",\"file-find\",\"file-gif\",\"file-html\",\"file-image\",\"file-import\",\"file-jpg\",\"file-js\",\"file-json\",\"file-md\",\"file-pdf\",\"file-plus\",\"file-png\",\"file-txt\",\"film\",\"filter-alt\",\"first-aid\",\"flag\",\"flag-alt\",\"flag-checkered\",\"flame\",\"flask\",\"florist\",\"folder\",\"folder-minus\",\"folder-open\",\"folder-plus\",\"food-menu\",\"fridge\",\"game\",\"gas-pump\",\"ghost\",\"gift\",\"graduation\",\"grid\",\"grid-alt\",\"group\",\"guitar-amp\",\"hand\",\"hand-down\",\"hand-left\",\"hand-right\",\"hand-up\",\"happy\",\"happy-alt\",\"happy-beaming\",\"happy-heart-eyes\",\"hdd\",\"heart\",\"heart-circle\",\"heart-square\",\"help-circle\",\"hide\",\"home\",\"home-circle\",\"home-heart\",\"home-smile\",\"hotel\",\"hourglass\",\"hourglass-bottom\",\"hourglass-top\",\"id-card\",\"image\",\"image-add\",\"image-alt\",\"inbox\",\"info-circle\",\"info-square\",\"institution\",\"joystick\",\"joystick-alt\",\"joystick-button\",\"key\",\"keyboard\",\"label\",\"landmark\",\"landscape\",\"laugh\",\"layer\",\"layer-minus\",\"layer-plus\",\"layout\",\"left-arrow\",\"left-arrow-alt\",\"left-arrow-circle\",\"left-arrow-square\",\"left-down-arrow-circle\",\"left-top-arrow-circle\",\"like\",\"location-plus\",\"lock\",\"lock-alt\",\"lock-open\",\"lock-open-alt\",\"log-in\",\"log-in-circle\",\"log-out\",\"log-out-circle\",\"low-vision\",\"magic-wand\",\"magnet\",\"map\",\"map-alt\",\"map-pin\",\"mask\",\"medal\",\"megaphone\",\"meh\",\"meh-alt\",\"meh-blank\",\"memory-card\",\"message\",\"message-add\",\"message-alt\",\"message-alt-add\",\"message-alt-check\",\"message-alt-detail\",\"message-alt-dots\",\"message-alt-edit\",\"message-alt-error\",\"message-alt-minus\",\"message-alt-x\",\"message-check\",\"message-detail\",\"message-dots\",\"message-edit\",\"message-error\",\"message-minus\",\"message-rounded\",\"message-rounded-add\",\"message-rounded-check\",\"message-rounded-detail\",\"message-rounded-dots\",\"message-rounded-edit\",\"message-rounded-error\",\"message-rounded-minus\",\"message-rounded-x\",\"message-square\",\"message-square-add\",\"message-square-check\",\"message-square-detail\",\"message-square-dots\",\"message-square-edit\",\"message-square-error\",\"message-square-minus\",\"message-square-x\",\"message-x\",\"meteor\",\"microchip\",\"microphone\",\"microphone-alt\",\"microphone-off\",\"minus-circle\",\"minus-square\",\"mobile\",\"mobile-vibration\",\"moon\",\"mouse\",\"mouse-alt\",\"movie\",\"movie-play\",\"music\",\"navigation\",\"network-chart\",\"news\",\"no-entry\",\"note\",\"notepad\",\"notification\",\"notification-off\",\"offer\",\"package\",\"paint\",\"paint-roll\",\"palette\",\"paper-plane\",\"parking\",\"paste\",\"pen\",\"pencil\",\"phone\",\"phone-call\",\"phone-incoming\",\"phone-off\",\"phone-outgoing\",\"photo-album\",\"piano\",\"pie-chart\",\"pie-chart-alt\",\"pie-chart-alt-2\",\"pin\",\"pizza\",\"plane\",\"plane-alt\",\"plane-land\",\"planet\",\"plane-take-off\",\"playlist\",\"plug\",\"plus-circle\",\"plus-square\",\"pointer\",\"polygon\",\"printer\",\"purchase-tag\",\"purchase-tag-alt\",\"pyramid\",\"quote-alt-left\",\"quote-alt-right\",\"quote-left\",\"quote-right\",\"quote-single-left\",\"quote-single-right\",\"radiation\",\"radio\",\"receipt\",\"rectangle\",\"registered\",\"rename\",\"report\",\"rewind-circle\",\"right-arrow\",\"right-arrow-alt\",\"right-arrow-circle\",\"right-arrow-square\",\"right-down-arrow-circle\",\"right-top-arrow-circle\",\"rocket\",\"ruler\",\"sad\",\"save\",\"school\",\"search\",\"search-alt-2\",\"select-multiple\",\"send\",\"server\",\"shapes\",\"share\",\"share-alt\",\"shield\",\"shield-alt-2\",\"shield-x\",\"ship\",\"shocked\",\"shopping-bag\",\"shopping-bag-alt\",\"shopping-bags\",\"show\",\"skip-next-circle\",\"skip-previous-circle\",\"skull\",\"sleepy\",\"slideshow\",\"smile\",\"sort-alt\",\"spa\",\"speaker\",\"spray-can\",\"spreadsheet\",\"square\",\"square-rounded\",\"star\",\"star-half\",\"sticker\",\"stopwatch\",\"store\",\"store-alt\",\"sun\",\"tachometer\",\"tag\",\"tag-alt\",\"tag-x\",\"taxi\",\"tennis-ball\",\"terminal\",\"thermometer\",\"time\",\"time-five\",\"timer\",\"tired\",\"toggle-left\",\"toggle-right\",\"tone\",\"torch\",\"to-top\",\"traffic\",\"traffic-barrier\",\"traffic-cone\",\"train\",\"trash\",\"trash-alt\",\"tree\",\"trophy\",\"truck\",\"t-shirt\",\"tv\",\"up-arrow\",\"up-arrow-alt\",\"up-arrow-circle\",\"up-arrow-square\",\"upside-down\",\"upvote\",\"user\",\"user-account\",\"user-badge\",\"user-check\",\"user-circle\",\"user-detail\",\"user-minus\",\"user-pin\",\"user-plus\",\"user-rectangle\",\"user-voice\",\"user-x\",\"vector\",\"vial\",\"video\",\"video-off\",\"video-plus\",\"video-recording\",\"videos\",\"virus\",\"virus-block\",\"volume\",\"volume-full\",\"volume-low\",\"volume-mute\",\"wallet\",\"wallet-alt\",\"washer\",\"watch\",\"watch-alt\",\"webcam\",\"widget\",\"window-alt\",\"wine\",\"wink-smile\",\"wink-tongue\",\"wrench\",\"x-circle\",\"x-square\",\"yin-yang\",\"zap\",\"zoom-in\",\"zoom-out\"]},{\"prefix\":\"bx bxl-\",\"items\":[\"meta\",\"venmo\",\"upwork\",\"netlify\",\"java\",\"heroku\",\"go-lang\",\"gmail\",\"flask\",\"99designs\",\"500px\",\"adobe\",\"airbnb\",\"algolia\",\"amazon\",\"android\",\"angular\",\"apple\",\"audible\",\"aws\",\"baidu\",\"behance\",\"bing\",\"bitcoin\",\"blender\",\"blogger\",\"bootstrap\",\"chrome\",\"codepen\",\"c-plus-plus\",\"creative-commons\",\"css3\",\"dailymotion\",\"deviantart\",\"dev-to\",\"digg\",\"digitalocean\",\"discord\",\"discord-alt\",\"discourse\",\"django\",\"docker\",\"dribbble\",\"dropbox\",\"drupal\",\"ebay\",\"edge\",\"etsy\",\"facebook\",\"facebook-circle\",\"facebook-square\",\"figma\",\"firebase\",\"firefox\",\"flickr\",\"flickr-square\",\"flutter\",\"foursquare\",\"git\",\"github\",\"gitlab\",\"google\",\"google-cloud\",\"google-plus\",\"google-plus-circle\",\"html5\",\"imdb\",\"instagram\",\"instagram-alt\",\"internet-explorer\",\"invision\",\"javascript\",\"joomla\",\"jquery\",\"jsfiddle\",\"kickstarter\",\"kubernetes\",\"less\",\"linkedin\",\"linkedin-square\",\"magento\",\"mailchimp\",\"markdown\",\"mastercard\",\"mastodon\",\"medium\",\"medium-old\",\"medium-square\",\"messenger\",\"microsoft\",\"microsoft-teams\",\"nodejs\",\"ok-ru\",\"opera\",\"patreon\",\"paypal\",\"periscope\",\"php\",\"pinterest\",\"pinterest-alt\",\"play-store\",\"pocket\",\"product-hunt\",\"python\",\"quora\",\"react\",\"redbubble\",\"reddit\",\"redux\",\"sass\",\"shopify\",\"sketch\",\"skype\",\"slack\",\"slack-old\",\"snapchat\",\"soundcloud\",\"spotify\",\"spring-boot\",\"squarespace\",\"stack-overflow\",\"steam\",\"stripe\",\"tailwind-css\",\"telegram\",\"tiktok\",\"trello\",\"trip-advisor\",\"tumblr\",\"tux\",\"twitch\",\"twitter\",\"unity\",\"unsplash\",\"vimeo\",\"visa\",\"visual-studio\",\"vk\",\"vuejs\",\"whatsapp\",\"whatsapp-square\",\"wikipedia\",\"windows\",\"wix\",\"wordpress\",\"yahoo\",\"yelp\",\"youtube\",\"zoom\"]}]},\"fli\":{\"title\":\"Flaticon\",\"style\":[\"@assets\\/fonts\\/flaticon.cs\"],\"key\":\"bx\",\"list\":[\"loupe\",\"contact\",\"curve-arrow\",\"place\",\"vision\",\"category\",\"event\",\"like\",\"position\",\"quote\",\"email\",\"verify\",\"left\",\"arrow\",\"telephone\",\"email-1\",\"left-arrow-1\",\"arrow-1\",\"play-button\",\"confetti\",\"project\",\"customers\",\"financial-advisor\",\"clipboard\",\"ebook\",\"location-pin\",\"banner\",\"mortgage-loan\",\"processing\",\"check\",\"forward\",\"phone\",\"idea\",\"research\",\"headphones\",\"caution\",\"big-data\",\"money\",\"share\",\"tick\",\"planet-earth\",\"price-tag\",\"clock\",\"pdf-file\"]}}}');

--
-- Table structure for table `migrations`
--

CREATE TABLE `migrations` (
  `id` int unsigned NOT NULL AUTO_INCREMENT,
  `migration` varchar(191) CHARACTER SET utf8mb4 COLLATE utf8mb4_unicode_ci NOT NULL,
  `batch` int NOT NULL,
  PRIMARY KEY (`id`)
) ENGINE=InnoDB AUTO_INCREMENT=383 DEFAULT CHARSET=utf8mb4 COLLATE=utf8mb4_unicode_ci;

--
-- Dumping data for table `migrations`
--

INSERT INTO `migrations` VALUES (268,'2014_10_12_000000_create_users_table',1),(269,'2014_10_12_100000_create_password_resets_table',1),(270,'2016_06_01_000001_create_oauth_auth_codes_table',1),(271,'2016_06_01_000002_create_oauth_access_tokens_table',1),(272,'2016_06_01_000003_create_oauth_refresh_tokens_table',1),(273,'2016_06_01_000004_create_oauth_clients_table',1),(274,'2016_06_01_000005_create_oauth_personal_access_clients_table',1),(275,'2019_08_19_000000_create_failed_jobs_table',1),(276,'2019_12_14_000001_create_personal_access_tokens_table',1),(277,'2022_04_01_120427_create_email_tokens_table',1),(278,'2022_04_01_194124_create_permission_modules_table',1),(279,'2022_04_01_194221_create_permission_roles_table',1),(280,'2022_04_01_194332_create_permission_module_roles_table',1),(281,'2022_04_01_194506_create_permission_user_roles_table',1),(282,'2022_04_01_200039_create_permission_module_group_actions_table',1),(283,'2022_04_01_200959_create_notices_table',1),(284,'2022_04_01_201111_create_user_notices_table',1),(285,'2022_04_03_043107_create_metadatas_table',1),(286,'2022_04_03_085016_create_options_table',1),(287,'2022_04_03_085134_create_option_groups_table',1),(288,'2022_04_03_085243_create_option_datas_table',1),(289,'2022_04_04_035759_create_themes_table',1),(290,'2022_04_04_064225_create_menus_table',1),(291,'2022_04_04_064244_create_menu_items_table',1),(292,'2022_04_04_064315_create_html_areas_table',1),(293,'2022_04_04_064328_create_html_embeds_table',1),(294,'2022_04_04_064353_create_components_table',1),(295,'2022_04_04_064402_create_html_components_table',1),(296,'2022_04_07_133114_create_files_table',1),(297,'2022_04_07_133548_create_file_refs_table',1),(298,'2022_04_08_201518_create_regions_table',1),(299,'2022_04_08_201617_create_districts_table',1),(300,'2022_04_08_201731_create_wards_table',1),(301,'2022_04_09_202228_create_auth_logs_table',1),(302,'2022_05_27_115821_create_payment_methods_table',1),(303,'2022_09_12_181959_create_payment_transactions_table',1),(304,'2023_10_17_175641_create_jobs_table',1),(305,'2023_12_10_152252_create_customers_table',1),(306,'2023_12_14_095756_create_categories_table',1),(307,'2023_12_14_140218_create_category_refs_table',1),(308,'2023_12_14_140413_create_attributes_table',1),(309,'2023_12_14_140451_create_attribute_values_table',1),(310,'2023_12_14_140630_create_products_table',1),(311,'2023_12_14_143234_create_product_attributes_table',1),(312,'2023_12_14_143820_create_warehouses_table',1),(313,'2023_12_14_143956_create_product_reviews_table',1),(314,'2023_12_14_145732_create_promos_table',1),(315,'2023_12_14_150951_create_user_discounts_table',1),(316,'2023_12_14_151052_create_orders_table',1),(317,'2023_12_14_151319_create_order_items_table',1),(318,'2023_12_14_151500_create_order_addresses_table',1),(319,'2023_12_14_151651_create_order_feedbacks_table',1),(320,'2023_12_14_152500_create_product_collections_table',1),(321,'2023_12_14_152510_create_product_refs_table',1),(322,'2023_12_14_152735_create_product_labels_table',1),(323,'2023_12_14_152830_create_product_label_refs_table',1),(324,'2023_12_14_153036_create_carts_table',1),(325,'2023_12_14_153125_create_cart_items_table',1),(326,'2023_12_14_153305_create_dynamics_table',1),(327,'2023_12_14_153424_create_posts_table',1),(328,'2023_12_14_153557_create_post_views_table',1),(329,'2023_12_14_153752_create_comments_table',1),(330,'2023_12_14_153915_create_tags_table',1),(331,'2023_12_14_154029_create_tag_refs_table',1),(332,'2023_12_14_154158_create_contacts_table',1),(333,'2023_12_14_154255_create_contact_replies_table',1),(334,'2023_12_14_154339_create_subscribes_table',1),(335,'2023_12_14_182053_create_sliders_table',2),(336,'2023_12_14_182134_create_slider_items_table',2),(337,'2023_12_17_011228_create_gpt_topics_table',3),(338,'2023_12_17_012248_create_gpt_prompts_table',3),(339,'2023_12_17_012638_create_gpt_chats_table',3),(340,'2023_12_17_012931_create_gpt_chat_messages_table',3),(341,'2023_12_22_035217_alter_table_gpt_chat_messages_add_role_and_content',4),(342,'2023_12_22_140908_alter_table_gpt_chat_messages_drop_user_column',5),(343,'2023_12_23_234732_alter_table_gpt_prompts_change_prompt_to_text',6),(344,'2023_12_24_022756_create_gpt_criteria_table',7),(345,'2023_12_24_163539_alter_table_gpt_prompts_add_json_config',8),(346,'2023_12_25_100214_alter_table_gpt_prompts_add_add_placeholder',9),(347,'2023_12_25_100242_alter_table_gpt_criteria_add_add_placeholder',9),(348,'2024_01_02_112906_alter_table_users_add_affiliate_columns',10),(369,'2024_01_03_161726_create_agent_accounts_table',11),(370,'2024_01_03_165121_create_commission_policies_table',11),(371,'2024_01_03_172714_create_wallets_table',11),(372,'2024_01_03_173703_create_service_packages_table',11),(373,'2024_01_03_211901_create_bank_accounts_table',11),(374,'2024_01_06_103424_alter_table_payment_transactions_drop_method',12),(376,'2024_01_07_233839_create_cover_letters_table',13),(377,'2024_01_09_013938_alter_table_service_packages',14),(378,'2024_01_10_171905_alter_table_payment_transactions_add_role',15),(379,'2024_01_11_222924_alter_table_service_packages_change_type_of_prices',16),(380,'2024_01_14_170809_create_gpt_prompt_topics_table',17),(381,'2024_01_14_180525_alter_table_gpt_prompts_add_slug',17),(382,'2024_01_15_185357_alter_table_gpt_prompts_add_user_id',18);

--
-- Table structure for table `notices`
--

CREATE TABLE `notices` (
  `id` bigint unsigned NOT NULL AUTO_INCREMENT,
  `created_by` bigint unsigned DEFAULT '0',
  `to_id` bigint DEFAULT '0',
  `to_group` varchar(191) CHARACTER SET utf8mb4 COLLATE utf8mb4_unicode_ci DEFAULT NULL,
  `type` varchar(191) CHARACTER SET utf8mb4 COLLATE utf8mb4_unicode_ci DEFAULT 'personal',
  `title` varchar(191) CHARACTER SET utf8mb4 COLLATE utf8mb4_unicode_ci DEFAULT 'Bạn có thông báo mới',
  `message` text CHARACTER SET utf8mb4 COLLATE utf8mb4_unicode_ci,
  `ref` varchar(191) CHARACTER SET utf8mb4 COLLATE utf8mb4_unicode_ci DEFAULT NULL,
  `ref_id` bigint unsigned DEFAULT '0',
  `seen` int NOT NULL DEFAULT '0',
  `created_at` timestamp NULL DEFAULT NULL,
  `updated_at` timestamp NULL DEFAULT NULL,
  PRIMARY KEY (`id`)
) ENGINE=InnoDB DEFAULT CHARSET=utf8mb4 COLLATE=utf8mb4_unicode_ci;

--
-- Dumping data for table `notices`
--


--
-- Table structure for table `oauth_access_tokens`
--

CREATE TABLE `oauth_access_tokens` (
  `id` varchar(100) CHARACTER SET utf8mb4 COLLATE utf8mb4_unicode_ci NOT NULL,
  `user_id` bigint unsigned DEFAULT NULL,
  `client_id` bigint unsigned NOT NULL,
  `name` varchar(191) CHARACTER SET utf8mb4 COLLATE utf8mb4_unicode_ci DEFAULT NULL,
  `scopes` text CHARACTER SET utf8mb4 COLLATE utf8mb4_unicode_ci,
  `revoked` tinyint(1) NOT NULL,
  `created_at` timestamp NULL DEFAULT NULL,
  `updated_at` timestamp NULL DEFAULT NULL,
  `expires_at` datetime DEFAULT NULL,
  PRIMARY KEY (`id`),
  KEY `oauth_access_tokens_user_id_index` (`user_id`)
) ENGINE=InnoDB DEFAULT CHARSET=utf8mb4 COLLATE=utf8mb4_unicode_ci;

--
-- Dumping data for table `oauth_access_tokens`
--


--
-- Table structure for table `oauth_auth_codes`
--

CREATE TABLE `oauth_auth_codes` (
  `id` varchar(100) CHARACTER SET utf8mb4 COLLATE utf8mb4_unicode_ci NOT NULL,
  `user_id` bigint unsigned NOT NULL,
  `client_id` bigint unsigned NOT NULL,
  `scopes` text CHARACTER SET utf8mb4 COLLATE utf8mb4_unicode_ci,
  `revoked` tinyint(1) NOT NULL,
  `expires_at` datetime DEFAULT NULL,
  PRIMARY KEY (`id`),
  KEY `oauth_auth_codes_user_id_index` (`user_id`)
) ENGINE=InnoDB DEFAULT CHARSET=utf8mb4 COLLATE=utf8mb4_unicode_ci;

--
-- Dumping data for table `oauth_auth_codes`
--


--
-- Table structure for table `oauth_clients`
--

CREATE TABLE `oauth_clients` (
  `id` bigint unsigned NOT NULL AUTO_INCREMENT,
  `user_id` bigint unsigned DEFAULT NULL,
  `name` varchar(191) CHARACTER SET utf8mb4 COLLATE utf8mb4_unicode_ci NOT NULL,
  `secret` varchar(100) CHARACTER SET utf8mb4 COLLATE utf8mb4_unicode_ci DEFAULT NULL,
  `provider` varchar(191) CHARACTER SET utf8mb4 COLLATE utf8mb4_unicode_ci DEFAULT NULL,
  `redirect` text CHARACTER SET utf8mb4 COLLATE utf8mb4_unicode_ci NOT NULL,
  `personal_access_client` tinyint(1) NOT NULL,
  `password_client` tinyint(1) NOT NULL,
  `revoked` tinyint(1) NOT NULL,
  `created_at` timestamp NULL DEFAULT NULL,
  `updated_at` timestamp NULL DEFAULT NULL,
  PRIMARY KEY (`id`),
  KEY `oauth_clients_user_id_index` (`user_id`)
) ENGINE=InnoDB DEFAULT CHARSET=utf8mb4 COLLATE=utf8mb4_unicode_ci;

--
-- Dumping data for table `oauth_clients`
--


--
-- Table structure for table `oauth_personal_access_clients`
--

CREATE TABLE `oauth_personal_access_clients` (
  `id` bigint unsigned NOT NULL AUTO_INCREMENT,
  `client_id` bigint unsigned NOT NULL,
  `created_at` timestamp NULL DEFAULT NULL,
  `updated_at` timestamp NULL DEFAULT NULL,
  PRIMARY KEY (`id`)
) ENGINE=InnoDB DEFAULT CHARSET=utf8mb4 COLLATE=utf8mb4_unicode_ci;

--
-- Dumping data for table `oauth_personal_access_clients`
--


--
-- Table structure for table `oauth_refresh_tokens`
--

CREATE TABLE `oauth_refresh_tokens` (
  `id` varchar(100) CHARACTER SET utf8mb4 COLLATE utf8mb4_unicode_ci NOT NULL,
  `access_token_id` varchar(100) CHARACTER SET utf8mb4 COLLATE utf8mb4_unicode_ci NOT NULL,
  `revoked` tinyint(1) NOT NULL,
  `expires_at` datetime DEFAULT NULL,
  PRIMARY KEY (`id`),
  KEY `oauth_refresh_tokens_access_token_id_index` (`access_token_id`)
) ENGINE=InnoDB DEFAULT CHARSET=utf8mb4 COLLATE=utf8mb4_unicode_ci;

--
-- Dumping data for table `oauth_refresh_tokens`
--


--
-- Table structure for table `option_datas`
--

CREATE TABLE `option_datas` (
  `id` bigint unsigned NOT NULL AUTO_INCREMENT,
  `group_id` bigint unsigned NOT NULL,
  `name` varchar(191) CHARACTER SET utf8mb4 COLLATE utf8mb4_unicode_ci NOT NULL DEFAULT 'option_name',
  `label` varchar(191) CHARACTER SET utf8mb4 COLLATE utf8mb4_unicode_ci NOT NULL DEFAULT 'Option Name',
  `type` varchar(191) CHARACTER SET utf8mb4 COLLATE utf8mb4_unicode_ci NOT NULL DEFAULT 'text',
  `value_type` varchar(191) CHARACTER SET utf8mb4 COLLATE utf8mb4_unicode_ci NOT NULL DEFAULT 'text',
  `value` text CHARACTER SET utf8mb4 COLLATE utf8mb4_unicode_ci,
  `priority` int unsigned DEFAULT '12',
  `props` json DEFAULT NULL,
  `can_delete` tinyint(1) DEFAULT '0',
  PRIMARY KEY (`id`)
) ENGINE=InnoDB AUTO_INCREMENT=372 DEFAULT CHARSET=utf8mb4 COLLATE=utf8mb4_unicode_ci;

--
-- Dumping data for table `option_datas`
--

INSERT INTO `option_datas` VALUES (1,1,'cache_data_time','Thời gian lưu cache của Dữ liệu từ DB','number','number',NULL,1,'[]',0),(2,1,'cache_view_time','Thời gian lưu cache của view','number','number',NULL,2,'[]',0),(3,1,'send_mail_notification','Gửi mail thông báo','checkbox','boolean','1',3,'{\"template\": \"switch\"}',0),(4,1,'mail_notification','Email nhận thông báo (ngăn cách bằng dấu phẩy (,))','maillist','text','huongly.mjustudio@gmail.com',4,'[]',0),(5,2,'mail_driver','Mail Drive','text','text','smtp',1,'{\"placeholder\": \"Ví dụ: smtp\"}',0),(6,2,'mail_host','Mail host','text','text','smtp.gmail.com',2,'{\"placeholder\": \"Ví dụ: smtp.gmail.com\"}',0),(7,2,'mail_port','Mail Port','number','text','587',3,'{\"placeholder\": \"Ví dụ: 587\"}',0),(8,2,'mail_encryption','Chuẩn mã hóa','text','text','tls',4,'{\"placeholder\": \"Ví dụ: tls\"}',0),(9,2,'mail_username','Tài khoản đăng nhập mail','text','text','developer.vcc@gmail.com',5,'{\"placeholder\": \"Ví dụ: example@domain.com\"}',0),(10,2,'mail_password','Mật khẩu','password','text','fowsbowpwppmdlws',6,'{\"placeholder\": \"Nhập mật khẩu đăng nhập email\"}',0),(11,2,'mail_from_address','Email gửi đi (fake)','text','text','support@m.ai',7,'{\"placeholder\": \"Ví dụ: example@domain.com\"}',0),(12,2,'mail_from_name','Tên người gửi','text','text','M.AI',8,'{\"placeholder\": \"Ví dụ: Nguyễn Văn A hoặc tên công ty\"}',0),(13,2,'mail_post','Logo','media','text',NULL,9,'[]',0),(14,3,'site_name','Tên trang web','text','text','Chuyên Gia Truyền Thông M.AI',1,'[]',0),(15,3,'slogan','Khẩu hiệu','text','text','Chuyên Gia Truyền Thông M.AI',2,'[]',0),(16,3,'title','Tiêu đề trang','text','text','Chuyên Gia Truyền Thông M.AI',3,'[]',0),(17,3,'logo','Logo','media','text','7',4,'[]',0),(18,3,'mobile_logo','Mobile Logo','media','text','7',5,'{\"@type\": \"image\"}',0),(19,3,'footer_logo','Footer Logo','media','text','7',6,'[]',0),(20,3,'web_image','Hình ảnh đại diện cho web','media','text','7',7,'[]',0),(21,3,'favicon','Biệu tượng cho trang web','media','text','7',8,'[]',0),(22,3,'admin_page_logo','Logo Trang Admin','media','text','7',9,'[]',0),(23,3,'admin_login_logo','Logo Trang đăng nhập admin','media','text','7',10,'[]',0),(24,3,'meta_title','Tiêu đề seo','text','text','Chuyên Gia Truyền Thông M.AI',11,'[]',0),(25,3,'meta_description','Mô tả website','textarea','text','Đây là mô tả',12,'[]',0),(26,3,'keywords','Từ khóa','text','text','chuyengiatruyenthongmai',13,'[]',0),(27,3,'email','Địa chỉ email','email','text','chuyengiam.ai@gmail.com',14,'[]',0),(28,3,'phone_number','Số điện thoại','tel','text','0812368666',15,'[]',0),(29,3,'address','Địa chỉ','text','text','07 Đại Cồ Việt, phường Cầu Dền, Quận Hai Bà Trưng, Hà Nội',16,'[]',0),(30,4,'agent_lv1','Chiết khấu cho đại lý cấp 1','number','number','0',1,'{\"max\": 100, \"min\": 1, \"step\": 0.01}',0),(31,4,'agent_lv2','Chiết khấu cho đại lý cấp 2','number','number','0',2,'{\"max\": 100, \"min\": 1, \"step\": 0.01}',0),(32,4,'agent_secondary','Chiết khấu gián tiếp  <br /><small>(KH -> Đại lý cấp II -> Đại lý cấp I)</small>','number','number','0',3,'{\"max\": 100, \"min\": 1, \"step\": 0.01}',0),(33,4,'voucher_agent_lv1','Chiết khấu từ chi phí phát hành voucher cho đại lý cấp 1','number','number','0',4,'{\"max\": 100, \"min\": 1, \"step\": 0.01}',0),(34,4,'voucher_agent_lv2','Chiết khấu từ chi phí phát hành voucher cho đại lý cấp 2','number','number','0',5,'{\"max\": 100, \"min\": 1, \"step\": 0.01}',0),(35,4,'has_ref_discount','Số lượt kết nối cho người mới đăng ký kèm mã khuyến mãi','number','number','0',6,'{\"max\": 10000, \"min\": 0}',0),(36,4,'mon_ref_discount','Số lượt kết nối cho người mới đăng ký KHÔNG có mã khuyến mãi','number','number','0',7,'{\"max\": 10000, \"min\": 0}',0),(37,4,'ref_connect_discount','Số lượt kết nối cho người giới thiệu','number','number','0',8,'{\"max\": 10000, \"min\": 0}',0),(38,4,'merchant_contract_renew','Thời gian gia hạn hợp đồng cho merchant (tháng)','number','number','1',9,'{\"max\": 96, \"min\": 1}',0),(39,4,'agent_lv1_contract_renew','Thời gian gia hạn hợp đồng cho đại lý cấp 1 (tháng)','number','number','1',10,'{\"max\": 96, \"min\": 1}',0),(40,4,'agent_lv2_contract_renew','Thời gian gia hạn hợp đồng cho đại lý cấp 2 (tháng)','number','number','1',11,'{\"max\": 96, \"min\": 1}',0),(41,5,'facebook','Facebook JS SDK','textarea','text','  <div id=\"fb-root\"></div>\n            <script>(function(d, s, id) {\n              var js, fjs = d.getElementsByTagName(s)[0];\n              if (d.getElementById(id)) return;\n              js = d.createElement(s); js.id = id;\n              js.src = \"https://connect.facebook.net/vi_VN/sdk.js#xfbml=1&version=v3.0\";\n              fjs.parentNode.insertBefore(js, fjs);\n            }(document, \'script\', \'facebook-jssdk\'));</script>',1,'{\"className\": \"auto-height\", \"placeholder\": \"Mã SDK từ ứng dụng của bạn\"}',0),(42,5,'twitter','Twitter JS SDK','textarea','text','<script>window.twttr = (function(d, s, id) {\n                var js, fjs = d.getElementsByTagName(s)[0],\n                  t = window.twttr || {};\n                if (d.getElementById(id)) return t;\n                js = d.createElement(s);\n                js.id = id;\n                js.src = \"https://platform.twitter.com/widgets.js\";\n                fjs.parentNode.insertBefore(js, fjs);\n              \n                t._e = [];\n                t.ready = function(f) {\n                  t._e.push(f);\n                };\n              \n                return t;\n              }(document, \"script\", \"twitter-wjs\"));</script>',2,'{\"className\": \"auto-height\", \"placeholder\": \"Mã SDK từ ứng dụng của bạn\"}',0),(43,6,'apple_touch_icon_57x57','Apple touch icon 57x57','file','text',NULL,1,'[]',0),(44,6,'apple_touch_icon_60x60','Apple touch icon 60x60','file','text',NULL,2,'[]',0),(45,6,'apple_touch_icon_72x72','Apple touch icon 72x72','file','text',NULL,3,'[]',0),(46,6,'apple_touch_icon_76x76','Apple touch icon 76x76','file','text',NULL,4,'[]',0),(47,6,'apple_touch_icon_114x114','Apple touch icon 114x114','file','text',NULL,5,'[]',0),(48,6,'apple_touch_icon_120x120','Apple touch icon 120x120','file','text',NULL,6,'[]',0),(49,6,'apple_touch_icon_144x144','Apple touch icon 144x144','file','text',NULL,7,'[]',0),(50,6,'apple_touch_icon_152x152','Apple touch icon 152x152','file','text',NULL,8,'[]',0),(51,6,'favicon','Biệu tượng cho trang web','file','text','',9,'[]',0),(52,6,'favicon_16x16','Biệu tượng 16x16','file','text','',10,'[]',0),(53,6,'favicon_32x32','Biệu tượng 32x32','file','text','',11,'[]',0),(54,6,'favicon_96x96','Biệu tượng 96x96','file','text','',12,'[]',0),(55,6,'favicon_128x128','Biệu tượng 128x128','file','text','',13,'[]',0),(56,6,'favicon_196x196','Biệu tượng 196x196','file','text','',14,'[]',0),(57,6,'mstile_144x144','MS Tile 144x144','file','text','',15,'[]',0),(58,6,'mstile_70x70','MS Tile 70x70','file','text','',16,'[]',0),(59,6,'mstile_150x150','MS Tile 150x150','file','text','',17,'[]',0),(60,6,'mstile_310x150','MS Tile 310x150','file','text','',18,'[]',0),(61,6,'mstile_310x310','MS Tile 310x310','file','text','',19,'[]',0),(62,7,'active','Kích hoạt PWA','switch','boolean',NULL,1,'[]',0),(63,7,'short_name','Short Name<br><small>(Tên ngắn ngọn 1 - 3 từ)</small>','text','text',NULL,2,'{\"default\": \"My App\", \"placeholder\": \"Viết gì đó...\"}',0),(64,7,'name','Name<br><small>(Tên Đẩy dủ)</small>','text','text',NULL,3,'{\"default\": \"My Web App Full Name\", \"placeholder\": \"Viết gì đó...\"}',0),(65,7,'description','Mô tả ngắn','textarea','text',NULL,4,'{\"default\": \"\", \"placeholder\": \"Viết gì đó...\"}',0),(66,7,'start_url','Đường dẫn nguồn','text','text',NULL,5,'{\"default\": \"/?source=pwa\", \"placeholder\": \"Viết gì đó...\"}',0),(67,7,'scope','Phạm vi truy cập','text','text',NULL,6,'{\"default\": \"/\", \"placeholder\": \"Viết gì đó...\"}',0),(68,7,'display','Hiển thị','crazyselect','text',NULL,7,'{\"data\": {\"browser\": \"Browser\", \"fullscreen\": \"Full-Screen\", \"minimal-ui\": \"Minimal-UI\", \"standalone\": \"Stand Alone\"}, \"default\": \"standalone\"}',0),(69,7,'background_color','Màu nền','colorpicker','text',NULL,8,'{\"default\": \"#3367D6\"}',0),(70,7,'theme_color','Màu chủ đạo','colorpicker','text',NULL,9,'{\"default\": \"#3367D6\"}',0),(71,7,'icon_192_png','Biệu tượng 192x192 (png)','media','text',NULL,10,'{\"@type\": \"image\"}',0),(72,7,'icon_512_png','Biệu tượng 512x512 (png)','media','text',NULL,11,'{\"@type\": \"image\"}',0),(73,7,'icon_512_svg','Biệu tượng 512x512 (svg)','media','text',NULL,12,'{\"@type\": \"image\"}',0),(74,8,'copyright','Copyright','ckeditor','text','&copy; 2023 Trekka',1,'[]',0),(75,9,'cancel_time_before','Thời hạn có thể huỷ lịch trước khi đến thời điểm trong lịch hẹn (Giờ)','number','text',NULL,1,'{\"max\": 100, \"min\": 0, \"validate\": \"min:0|max:100\", \"placeholder\": \"Nhập giờ\"}',0),(76,10,'https_redirect','Chuyển hướng https','switch','boolean',NULL,1,'[]',0),(77,15,'web_type','Thời gian lưu cache của Dữ liệu từ DB','crazyselect','text','default',1,'{\"call\": \"get_web_type_options\", \"default\": \"default\"}',0),(78,15,'theme_id','Thời gian lưu cache của Dữ liệu từ DB','crazyselect','number','8',2,'{\"call\": \"get_theme_options\"}',0),(79,15,'installed_themes','Danh sách các giao diện đã thiết lập','checklist','text','[1,2,5,6,7,8]',3,'[]',0),(80,15,'domain','domain','text','text',NULL,4,'{\"text\": \"Tên miền\", \"placeholder\": \"Ví dụ: domain.com.vn\"}',0),(81,15,'alias_domain','alias_domain','text','text',NULL,5,'{\"text\": \"Tên miền Alias\", \"placeholder\": \"Ví dụ: domain.com.vn\"}',0),(82,15,'ssl','ssl','switch','text','0',6,'{\"text\": \"SSL\", \"check_label\": \"Kích hoạt SSL\"}',0),(83,16,'show_preloader','Preloader','switch','boolean','1',1,'{\"check_label\": \"Hiển thị preloader\"}',0),(84,16,'theme_primary_color','Màu chủ đạo','coloris','text','#AD213A',2,'[]',0),(85,16,'plugins','Plugins','area','text','plugins',3,'{\"@area\": \"plugins\", \"@title-by\": \"title\"}',0),(86,17,'widgets','Nội dung footer','area','text','footer_slogans',1,'{\"area\": \"footer_widgets\", \"@title-by\": \"title\"}',0),(87,18,'sidebar_posts','Post sidebar','area','text','sidebar_posts',1,'{\"area\": \"sidebar_posts\", \"@title-by\": \"title\"}',0),(88,18,'sidebar_pages','Page sidebar','area','text','sidebar_pages',2,'{\"area\": \"sidebar_pages\", \"@title-by\": \"title\"}',0),(89,19,'title','Tiêu đề (Tùy chọn)','text','text',NULL,1,'{\"placeholder\": \"Viết gì đó...\"}',0),(90,19,'description','Mô tả (Tùy chọn(','textarea','text',NULL,2,'{\"placeholder\": \"Viết gì đó...\"}',0),(91,19,'thumbnail','Thumbnail (Tùy chọn)','media','text',NULL,3,'{\"@filetype\": \"png,jpg,jpeg,gif,bmp\"}',0),(92,19,'content_area','Nội dung Trang chủ','area','text','home_area',4,'{\"@area\": \"home_area\", \"@title-by\": \"title\"}',0),(93,20,'page_title','Tiêu đề trang (tùy chọn)','text','text',NULL,1,'[]',0),(94,20,'meta_title','Tiêu đề meta (tùy chọn)','text','text',NULL,2,'[]',0),(95,20,'meta_description','Meta Description','textarea','text',NULL,3,'{\"placeholder\": \"Viết gì đó...\"}',0),(96,20,'banners','Banners','area','text','product_banners',4,'{\"area\": \"product_banners\", \"@title-by\": \"title\"}',0),(97,21,'about_page_id','About','crazyselect','text',NULL,1,'{\"call\": \"get_page_options\"}',0),(98,21,'widgets','Nội dung','area','text','about_contents',2,'{\"area\": \"about_contents\", \"@title-by\": \"title\"}',0),(99,22,'page_title','Tiêu đề Trang liên hệ','text','text','Liên hệ',1,'[]',0),(100,22,'page_description','Mô rả trang liên hệ','textarea','text',NULL,2,'{\"placeholder\": \"Viết gì đó\"}',0),(101,22,'page_note','Ghi chú nhỏ','textarea','text',NULL,3,'{\"placeholder\": \"Viết gì đó\"}',0),(102,22,'page_content','Nội dung trang','ckeditor','text',NULL,4,'[]',0),(103,22,'email','Email','text','text',NULL,5,'{\"placeholder\": \"Mặc dịnh sẽ lấy từ thiết lập thông tin wwbsite\"}',0),(104,22,'phone_number','Số điện thoại','text','text',NULL,6,'{\"placeholder\": \"Mặc dịnh sẽ lấy từ thiết lập thông tin wwbsite\"}',0),(105,22,'address','Địa chỉ','text','text',NULL,7,'{\"placeholder\": \"Mặc dịnh sẽ lấy từ thiết lập thông tin wwbsite\"}',0),(106,22,'form_title','Tiêu đề Form liên hệ','text','text','Hãy nói về những ý tưởng của bạn',8,'[]',0),(107,22,'show_info','Hiển thị thông tin','radio','text',NULL,9,'{\"data\": {\"contact\": \"Thông tin liên hệ\", \"description\": \"Mô tả\"}, \"default\": \"description\"}',0),(108,22,'form_description','Mô rả / Giới thiệu','textarea','text',NULL,10,'{\"placeholder\": \"Viết gì đó\"}',0),(109,22,'button_text','Nút gửi','text','text','Gửi liên hệ',11,'[]',0),(110,22,'map_code','Mã nhúng bản đồ','textarea','text',NULL,12,'{\"placeholder\": \"Nhập mã Mã nhúng\"}',0),(111,23,'show_preloader','Preloader','switch','boolean','1',1,'{\"check_label\": \"Hiển thị preloader\"}',0),(112,23,'theme_primary_color','Màu chủ đạo','coloris','text','#AD213A',2,'[]',0),(113,23,'plugins','Plugins','area','text','plugins',3,'{\"@area\": \"plugins\", \"@title-by\": \"title\"}',0),(114,24,'widgets','Nội dung footer','area','text','footer_slogans',1,'{\"area\": \"footer_widgets\", \"@title-by\": \"title\"}',0),(115,24,'logos','Logo đối tác','area','text','footer_logos',2,'{\"area\": \"footer_logos\", \"@title-by\": \"title\"}',0),(116,24,'copyright','Nôi dung mục copyright','textarea','text',NULL,3,'{\"className\": \"auto-height\", \"placeholder\": \"Viết gì đó\"}',0),(117,25,'sidebar_posts','Post sidebar','area','text','sidebar_posts',1,'{\"area\": \"sidebar_posts\", \"@title-by\": \"title\"}',0),(118,26,'title','Tiêu đề (Tùy chọn)','text','text',NULL,1,'{\"placeholder\": \"Viết gì đó...\"}',0),(119,26,'description','Mô tả (Tùy chọn(','textarea','text',NULL,2,'{\"placeholder\": \"Viết gì đó...\"}',0),(120,26,'thumbnail','Thumbnail (Tùy chọn)','media','text',NULL,3,'{\"@filetype\": \"png,jpg,jpeg,gif,bmp\"}',0),(121,26,'content_area','Nội dung Trang chủ','area','text','home_area',4,'{\"@area\": \"home_area\", \"@title-by\": \"title\"}',0),(122,27,'page_title','Tiêu đề trang (tùy chọn)','text','text',NULL,1,'[]',0),(123,27,'meta_title','Tiêu đề meta (tùy chọn)','text','text',NULL,2,'[]',0),(124,27,'meta_description','Meta Description','textarea','text',NULL,3,'{\"placeholder\": \"Viết gì đó...\"}',0),(125,27,'detail_extra','Thông tin thêm','area','text','product_detail_extra',4,'{\"area\": \"product_detail_extra\", \"@title-by\": \"title\"}',0),(126,27,'product_detail_append','Thông tin thêm vào cuối trang','area','text','product_detail_append',5,'{\"area\": \"product_detail_append\", \"@title-by\": \"title\"}',0),(127,27,'product_detail_after','Thông tin thêm sau phần mua hàng','area','text','product_detail_after',6,'{\"area\": \"product_detail_after\", \"@title-by\": \"title\"}',0),(128,27,'product_detail_sidebar','Sidebar Chi tiết','area','text','sidebar_product',7,'{\"area\": \"sidebar_product\", \"@title-by\": \"title\"}',0),(129,27,'review_cta_title','Call to Action\'s Title','text','text',NULL,8,'{\"default\": \"Đánh giá sản phẩm ngay\"}',0),(130,27,'review_cta_description','Call to Action\'s Description','textarea','text',NULL,9,'{\"default\": \"Lorem Ipsum is simply dummy text of the printing and typesetting industry.\", \"placeholder\": \"Viết gì đó...\"}',0),(131,27,'review_cta_button','Call to Action\'s Button','text','text',NULL,10,'{\"default\": \"Viết đánh giá\"}',0),(132,27,'suggest_page_id','Trang khám phá','crazyselect','text',NULL,11,'{\"call\": \"get_page_options\"}',0),(133,27,'suggest_title','Tiêu đề (tùy chọn)','text','text',NULL,12,'[]',0),(134,27,'suggest_description','Mô rả ','textarea','text',NULL,13,'{\"placeholder\": \"Viết gì đó...\"}',0),(135,27,'suggest_list_type','Kiểu danh sách','radio','text',NULL,14,'{\"data\": {\"user\": \"Lấy trong danh sách của user đăng nhập\", \"custom\": \"Tùy biến\"}, \"default\": \"custom\"}',0),(136,28,'widgets','Nội dung','area','text','about_contents',1,'{\"area\": \"about_contents\", \"@title-by\": \"title\"}',0),(137,28,'about_page_id','About','crazyselect','text',NULL,2,'{\"call\": \"get_page_options\"}',0),(138,29,'page_id','Trang hiển thị','crazyselect','text',NULL,1,'{\"call\": \"get_page_options\"}',0),(139,29,'policy_contents','Nội dung trang','area','text','policy_contents',2,'{\"area\": \"policy_contents\", \"@title-by\": \"title\"}',0),(140,30,'page_title','Tiêu đề Trang liên hệ','text','text','Liên hệ',1,'[]',0),(141,30,'page_description','Mô rả trang liên hệ','textarea','text',NULL,2,'{\"placeholder\": \"Viết gì đó\"}',0),(142,30,'page_note','Ghi chú nhỏ','textarea','text',NULL,3,'{\"placeholder\": \"Viết gì đó\"}',0),(143,30,'page_content','Nội dung trang','ckeditor','text',NULL,4,'[]',0),(144,30,'email','Email','text','text',NULL,5,'{\"placeholder\": \"Mặc dịnh sẽ lấy từ thiết lập thông tin wwbsite\"}',0),(145,30,'phone_number','Số điện thoại','text','text',NULL,6,'{\"placeholder\": \"Mặc dịnh sẽ lấy từ thiết lập thông tin wwbsite\"}',0),(146,30,'address','Địa chỉ','text','text',NULL,7,'{\"placeholder\": \"Mặc dịnh sẽ lấy từ thiết lập thông tin wwbsite\"}',0),(147,30,'form_title','Tiêu đề Form liên hệ','text','text','Hãy nói về những ý tưởng của bạn',8,'[]',0),(148,30,'show_info','Hiển thị thông tin','radio','text',NULL,9,'{\"data\": {\"contact\": \"Thông tin liên hệ\", \"description\": \"Mô tả\"}, \"default\": \"description\"}',0),(149,30,'form_description','Mô rả / Giới thiệu','textarea','text',NULL,10,'{\"placeholder\": \"Viết gì đó\"}',0),(150,30,'button_text','Nút gửi','text','text','Gửi liên hệ',11,'[]',0),(151,30,'map_code','Mã nhúng bản đồ','textarea','text',NULL,12,'{\"placeholder\": \"Nhập mã Mã nhúng\"}',0),(152,30,'show_content','Hiển thị Nội dung text','switch','text',NULL,13,'[]',0),(153,30,'show_form','Hiển thị form Liên hệ','switch','text',NULL,14,'[]',0),(154,30,'show_map','Hiển thị bản đồ','switch','text',NULL,15,'[]',0),(155,31,'show_preloader','Preloader','switch','boolean','1',1,'{\"check_label\": \"Hiển thị preloader\"}',0),(156,31,'theme_primary_color','Màu chủ đạo','coloris','text','#AD213A',2,'[]',0),(157,31,'plugins','Plugins','area','text','plugins',3,'{\"@area\": \"plugins\", \"@title-by\": \"title\"}',0),(158,32,'widgets','Nội dung footer','area','text','footer_slogans',1,'{\"area\": \"footer_widgets\", \"@title-by\": \"title\"}',0),(159,32,'logos','Logo đối tác','area','text','footer_logos',2,'{\"area\": \"footer_logos\", \"@title-by\": \"title\"}',0),(160,32,'copyright','Nôi dung mục copyright','textarea','text',NULL,3,'{\"className\": \"auto-height\", \"placeholder\": \"Viết gì đó\"}',0),(161,33,'sidebar_posts','Post sidebar','area','text','sidebar_posts',1,'{\"area\": \"sidebar_posts\", \"@title-by\": \"title\"}',0),(162,34,'title','Tiêu đề (Tùy chọn)','text','text',NULL,1,'{\"placeholder\": \"Viết gì đó...\"}',0),(163,34,'description','Mô tả (Tùy chọn(','textarea','text',NULL,2,'{\"placeholder\": \"Viết gì đó...\"}',0),(164,34,'thumbnail','Thumbnail (Tùy chọn)','media','text',NULL,3,'{\"@filetype\": \"png,jpg,jpeg,gif,bmp\"}',0),(165,34,'content_area','Nội dung Trang chủ','area','text','home_area',4,'{\"@area\": \"home_area\", \"@title-by\": \"title\"}',0),(166,35,'page_title','Tiêu đề trang (tùy chọn)','text','text',NULL,1,'[]',0),(167,35,'meta_title','Tiêu đề meta (tùy chọn)','text','text',NULL,2,'[]',0),(168,35,'meta_description','Meta Description','textarea','text',NULL,3,'{\"placeholder\": \"Viết gì đó...\"}',0),(169,35,'detail_extra','Thông tin thêm','area','text','product_detail_extra',4,'{\"area\": \"product_detail_extra\", \"@title-by\": \"title\"}',0),(170,35,'product_detail_append','Thông tin thêm vào cuối trang','area','text','product_detail_append',5,'{\"area\": \"product_detail_append\", \"@title-by\": \"title\"}',0),(171,35,'product_detail_after','Thông tin thêm sau phần mua hàng','area','text','product_detail_after',6,'{\"area\": \"product_detail_after\", \"@title-by\": \"title\"}',0),(172,35,'product_detail_sidebar','Sidebar Chi tiết','area','text','sidebar_product',7,'{\"area\": \"sidebar_product\", \"@title-by\": \"title\"}',0),(173,35,'review_cta_title','Call to Action\'s Title','text','text',NULL,8,'{\"default\": \"Đánh giá sản phẩm ngay\"}',0),(174,35,'review_cta_description','Call to Action\'s Description','textarea','text',NULL,9,'{\"default\": \"Lorem Ipsum is simply dummy text of the printing and typesetting industry.\", \"placeholder\": \"Viết gì đó...\"}',0),(175,35,'review_cta_button','Call to Action\'s Button','text','text',NULL,10,'{\"default\": \"Viết đánh giá\"}',0),(176,35,'suggest_page_id','Trang khám phá','crazyselect','text',NULL,11,'{\"call\": \"get_page_options\"}',0),(177,35,'suggest_title','Tiêu đề (tùy chọn)','text','text',NULL,12,'[]',0),(178,35,'suggest_description','Mô rả ','textarea','text',NULL,13,'{\"placeholder\": \"Viết gì đó...\"}',0),(179,35,'suggest_list_type','Kiểu danh sách','radio','text',NULL,14,'{\"data\": {\"user\": \"Lấy trong danh sách của user đăng nhập\", \"custom\": \"Tùy biến\"}, \"default\": \"custom\"}',0),(180,36,'widgets','Nội dung','area','text','about_contents',1,'{\"area\": \"about_contents\", \"@title-by\": \"title\"}',0),(181,36,'about_page_id','About','crazyselect','text',NULL,2,'{\"call\": \"get_page_options\"}',0),(182,37,'page_id','Trang hiển thị','crazyselect','text',NULL,1,'{\"call\": \"get_page_options\"}',0),(183,37,'policy_contents','Nội dung trang','area','text','policy_contents',2,'{\"area\": \"policy_contents\", \"@title-by\": \"title\"}',0),(184,38,'page_title','Tiêu đề Trang liên hệ','text','text','Liên hệ',1,'[]',0),(185,38,'page_description','Mô rả trang liên hệ','textarea','text',NULL,2,'{\"placeholder\": \"Viết gì đó\"}',0),(186,38,'page_note','Ghi chú nhỏ','textarea','text',NULL,3,'{\"placeholder\": \"Viết gì đó\"}',0),(187,38,'page_content','Nội dung trang','ckeditor','text',NULL,4,'[]',0),(188,38,'email','Email','text','text',NULL,5,'{\"placeholder\": \"Mặc dịnh sẽ lấy từ thiết lập thông tin wwbsite\"}',0),(189,38,'phone_number','Số điện thoại','text','text',NULL,6,'{\"placeholder\": \"Mặc dịnh sẽ lấy từ thiết lập thông tin wwbsite\"}',0),(190,38,'address','Địa chỉ','text','text',NULL,7,'{\"placeholder\": \"Mặc dịnh sẽ lấy từ thiết lập thông tin wwbsite\"}',0),(191,38,'form_title','Tiêu đề Form liên hệ','text','text','Hãy nói về những ý tưởng của bạn',8,'[]',0),(192,38,'show_info','Hiển thị thông tin','radio','text',NULL,9,'{\"data\": {\"contact\": \"Thông tin liên hệ\", \"description\": \"Mô tả\"}, \"default\": \"description\"}',0),(193,38,'form_description','Mô rả / Giới thiệu','textarea','text',NULL,10,'{\"placeholder\": \"Viết gì đó\"}',0),(194,38,'button_text','Nút gửi','text','text','Gửi liên hệ',11,'[]',0),(195,38,'map_code','Mã nhúng bản đồ','textarea','text',NULL,12,'{\"placeholder\": \"Nhập mã Mã nhúng\"}',0),(196,38,'show_content','Hiển thị Nội dung text','switch','text',NULL,13,'[]',0),(197,38,'show_form','Hiển thị form Liên hệ','switch','text',NULL,14,'[]',0),(198,38,'show_map','Hiển thị bản đồ','switch','text',NULL,15,'[]',0),(199,39,'thwme_style','Theme Style','crazyselect','number','11',1,'{\"data\": {\"1\": \"Style 1: Marketplace Full Width\", \"2\": \"Style 2: Auto Parts\", \"3\": \"Style 3: Marketplace V1\", \"4\": \"Style 4: Marketplace V2\", \"5\": \"Style 5: Marketplace V3\", \"6\": \"Style 6: Marketplace V4\", \"7\": \"Style 7: Electronic\", \"8\": \"Style 8: Furniture\", \"9\": \"Style 9: Organic\", \"10\": \"Style 10: Technology\", \"11\": \"Style 11: Kids\", \"12\": \"Style 12: Photo and picture\"}}',0),(200,39,'custom_css','CSS Tùy chỉnh','textarea','text',NULL,2,'{\"placeholder\": \"Nhập css tùy chỉnh\"}',0),(201,40,'about_title','Tiêu đề phần giới thiệu','text','text','',1,'[]',0),(202,40,'show_category','Hiển thị danh mục','switch','text',NULL,2,'{\"check_label\": \"Có\"}',0),(203,40,'show_contact_form','Hiển thị form liên hệ','switch','text',NULL,3,'{\"check_label\": \"Có\"}',0),(204,40,'homepage','Các thành phần trang chủ','area','text','homepage',4,'[]',0),(205,40,'site_features','Site features area','area','text','site_features',5,'[]',0),(206,40,'home_section_bg_gray','home section - gray','area','text','home_section_bg_gray',6,'[]',0),(207,41,'welcome_text','Text chào mừng','text','text','',1,'[]',0),(208,41,'show_button_menu','Nút menu bên trái','switch','text',NULL,2,'{\"check_label\": \"hiển thị\"}',0),(209,41,'logo','Logo','file','text','',3,'[]',0),(210,41,'mobile_logo','Mobile Logo','file','text','',4,'[]',0),(211,41,'header_top','Header Top Widgets','area','text','header_top',5,'[]',0),(212,41,'header_navigation_right','header > navigation right','area','text','header_navigation_right',6,'[]',0),(213,42,'show_newletter','Hiển thị subcribe','switch','text',NULL,1,'{\"check_label\": \"Có\"}',0),(214,42,'footer_martfury','Footer Martfury','area','text','footer_martfury',2,'[]',0),(215,42,'footer_content_row','Footer Content Row','area','text','footer_content_row',3,'[]',0),(216,42,'footer_columns','Footer Columns Area','area','text','footer_columns',4,'[]',0),(217,42,'footer_content_column_row','Footer > Content > row > column > row','area','text','footer_content_column_row',5,'[]',0),(218,42,'footer_widgets','Footer Widgets Area','area','text','footer_widgets',6,'[]',0),(219,42,'footer_links','Footer links','area','text','footer_links',7,'[]',0),(220,43,'sidebar_shop','Shop Sidebar','area','text','sidebar_shop',1,'[]',0),(221,43,'sidebar_product','Product Sidebar','area','text','sidebar_product',2,'[]',0),(222,43,'sidebar_filter','Filter Sidebar','area','text','sidebar_filter',3,'[]',0),(223,43,'sidebar_post','Post Sidebar','area','text','sidebar_post',4,'[]',0),(224,43,'sidebar_search','Search Sidebar','area','text','sidebar_search',5,'[]',0),(225,44,'list_type','kiểu danh sách','radio','text','list',1,'{\"data\": {\"grid\": \"Danh sách dạng lưới\", \"list\": \"Danh sách và ảnh nhỏ\"}}',0),(226,44,'show_comment_form','Hiển thị form bình luận','checkbox','text',NULL,2,'{\"check_label\": \"Có\"}',0),(227,45,'detail_layout','Layout Chi tiết','radio','text',NULL,1,'{\"data\": {\"smart\": \"Smart\", \"default\": \"Default\"}, \"default\": \"default\"}',0),(228,45,'detail_attr_style','Attribute Style','radio','text',NULL,2,'{\"data\": {\"smart\": \"Smart\", \"default\": \"Default\"}, \"default\": \"default\"}',0),(229,45,'phone_credit_page_id','Trang điêu khoản trả góp qua SDT','crazyselect','text',NULL,3,'{\"call\": \"get_page_options\"}',0),(230,45,'card_credit_page_id','Trang điêu khoản trả góp qua thẻ','crazyselect','text',NULL,4,'{\"call\": \"get_page_options\"}',0),(231,46,'color','Màu chủ đạo','colorpicker','text',NULL,1,'[]',0),(232,46,'border_color','Màu viền','colorpicker','text',NULL,2,'{\"placeholder\": \"Nhập mã màu. Mặc đĩnh theo mã màu chủ đạo\"}',0),(233,46,'logo_background_color','Màu Nền logo','colorpicker','text',NULL,3,'{\"placeholder\": \"Nhập mã màu. Mặc đĩnh theo mã màu chủ đạo\"}',0),(234,46,'text_color_color','Màu text logo','colorpicker','text',NULL,4,'{\"placeholder\": \"Nhập mã màu. Mặc đĩnh: #fff\"}',0),(235,46,'price_background_color','Màu nền giá','colorpicker','text',NULL,5,'{\"placeholder\": \"Nhập mã màu. Mặc đĩnh: #fff\"}',0),(236,46,'price_text_color','Màu nền giá','colorpicker','text',NULL,6,'{\"placeholder\": \"Nhập mã màu. Mặc đĩnh theo mã màu chủ đạo\"}',0),(237,46,'affiliate_settings','Thiết lập cho từng Affiliate Url','area','text','affiliate_settings',7,'{\"@title-by\": \"title\"}',0),(238,47,'page_title','Tiêu đề Trang liên hệ','text','text','Liên hệ',1,'[]',0),(239,47,'page_description','Mô rả trang liên hệ','textarea','text',NULL,2,'{\"placeholder\": \"Viết gì đó\"}',0),(240,47,'header_style','Header Style mặc định','radio','text',NULL,3,'{\"data\": {\"1\": \"Style 1\", \"2\": \"Style 2\"}, \"default\": \"2\"}',0),(241,47,'show_breadcrumb','Breadcrumb','switch','boolean',NULL,4,'{\"check_label\": \"Hiển thị breadcrumb\"}',0),(242,47,'email','email','text','text',NULL,5,'{\"Label\": \"Email\", \"placeholder\": \"Mặc dịnh sẽ lấy từ thiết lập thông tin wwbsite\"}',0),(243,47,'phone_number','phone_number','text','text',NULL,6,'{\"Label\": \"Số điện thoại\", \"placeholder\": \"Mặc dịnh sẽ lấy từ thiết lập thông tin wwbsite\"}',0),(244,47,'address','address','text','text',NULL,7,'{\"Label\": \"Địa chỉ\", \"placeholder\": \"Mặc dịnh sẽ lấy từ thiết lập thông tin wwbsite\"}',0),(245,47,'form_title','Tiêu đề Form liên hệ','text','text','Hãy nói về những ý tưởng của bạn',8,'[]',0),(246,47,'form_description','Mô rả / Giới thiệu','textarea','text',NULL,9,'{\"placeholder\": \"Viết gì đó\"}',0),(247,47,'button_text','Nút gửi','text','text','Gửi liên hệ',10,'[]',0),(248,47,'map_code','Mã nhúng bản đồ','textarea','text',NULL,11,'{\"placeholder\": \"Nhập mã Mã nhúng\"}',0),(249,47,'faq_title','Tiêu đề FAQ (Tùy chọn)','text','text',NULL,12,'[]',0),(250,47,'contact_faq','Các Câu hỏi thường gặp','area','text','contact_faq',13,'{\"@title-by\": \"title\"}',0),(251,48,'show_mode','Ưu tiên hiển thị','radio','text','posts',1,'{\"data\": {\"posts\": \"Tất cả tin bài\", \"categories\": \"Danh mục hoặc danh mục con\"}}',0),(252,48,'per_page','Số bài viết hiển thị trên một trang','number','number','12',2,'{\"min\": 1}',0),(253,48,'comment_approve_request','Duyệt bình luận','checkbox','boolean',NULL,3,'{\"template\": \"switch\"}',0),(254,49,'sorttype','kiểu sắp xếp SP','crazyselect','text','1',1,'{\"call\": \"get_product_sortby_options\"}',0),(255,49,'per_page','Số sản phẩm hiển thị trên một trang','number','number','12',2,'{\"min\": 1}',0),(256,49,'comment_approve_request','Duyệt bình luận','checkbox','boolean','1',3,'{\"template\": \"switch\"}',0),(257,49,'review_approve_request','Duyệt Đánh giá','checkbox','boolean','1',4,'{\"template\": \"switch\"}',0),(258,49,'category_url_type','Kiểu url danh mục','radio','text','level',5,'{\"data\": {\"level\": \"Cha / con\", \"unique\": \"Danh mục đơn duy nhất\"}}',0),(259,50,'show_mode','Ưu tiên hiển thị','radio','text','posts',1,'{\"data\": {\"projects\": \"Tất cả dự án\", \"categories\": \"Danh mục hoặc danh mục con\"}}',0),(260,50,'per_page','Số Dự án hiển thị trên một trang','number','number','12',2,'{\"min\": 1}',0),(261,50,'comment_approve_request','Duyệt bình luận','checkbox','boolean',NULL,3,'{\"template\": \"switch\"}',0),(262,51,'allow_place_order','Allow Place Order','switch','boolean','1',3,'{\"check_label\": \"Cho phép đặt hàng\"}',0),(263,51,'confirm_order','Xác nhận đơn hàng<br>(Khi thanh toán bằng tiền mặt)','switch','boolean','1',2,'{\"check_label\": \"Có\"}',0),(264,51,'decimals','Số ký tự thập phân','number','number','2',4,'{\"max\": 10, \"min\": 0, \"step\": 1}',0),(265,51,'decimal_poiter','Ký tự ngăn cách phẩn thập phân','select','text',',',5,'{\"data\": {\",\": \"Đấu phẩy (.)\", \".\": \"Đấu chấm (.)\"}}',0),(266,51,'thousands_sep','Ký tự ngăn cách hàng nghìn','select','text','.',6,'{\"data\": {\",\": \"Đấu phẩy (.)\", \".\": \"Đấu chấm (.)\"}}',0),(267,51,'currency_type','Loại tiền tệ','text','text','Đ',7,'[]',0),(268,51,'currency_position','Vị trí đơn vị tiền','select','text','right',8,'{\"data\": {\"left\": \"Trái\", \"right\": \"Phải\"}}',0),(269,52,'general_title','Tiêu đề chung','text','text',NULL,1,'{\"placeholder\": \"Nhập tiêu đề mặc định chung cho tất cã bài viết, trang, dự án, sản phẩm\"}',0),(270,52,'general_description','Mô tả chung','textarea','text',NULL,2,'{\"placeholder\": \"Nhập mô tả mặc định chung cho tất cã bài viết, trang, dự án, sản phẩm\"}',0),(271,52,'general_keywords','Từ khóa chung','text','text',NULL,3,'{\"placeholder\": \"Nhập từ khóa mặc định chung cho tất cã bài viết, trang, dự án, sản phẩm\"}',0),(272,52,'post_title','Tiêu đề Bài viết','text','text',NULL,4,'{\"placeholder\": \"Nhập tiêu đề mặc định cho Bài viết\"}',0),(273,52,'post_description','Mô tả Bài viết','textarea','text',NULL,5,'{\"placeholder\": \"Nhập mô tả mặc định cho Bài viết\"}',0),(274,52,'post_keywords','Từ khóa Bài viết','text','text',NULL,6,'{\"placeholder\": \"Nhập từ khóa mặc định cho Bài viết\"}',0),(275,52,'product_title','Tiêu đề / tên sản phẩm','text','text',NULL,7,'{\"placeholder\": \"Nhập tiêu đề mặc định cho sản phẩm\"}',0),(276,52,'product_description','Mô tả sản phẩm','textarea','text',NULL,8,'{\"placeholder\": \"Nhập mô tả mặc định cho sản phẩm\"}',0),(277,52,'product_keywords','Từ khóa sản phẩm','text','text',NULL,9,'{\"placeholder\": \"Nhập từ khóa mặc định cho sản phẩm\"}',0),(278,52,'project_title','Tiêu đề / tên dự án','text','text',NULL,10,'{\"placeholder\": \"Nhập tiêu đề mặc định cho dự án\"}',0),(279,52,'project_description','Mô tả dự án','textarea','text',NULL,11,'{\"placeholder\": \"Nhập mô tả mặc định cho dự án\"}',0),(280,52,'project_keywords','Từ khóa dự án','text','text',NULL,12,'{\"placeholder\": \"Nhập từ khóa mặc định cho dự án\"}',0),(281,52,'page_title','Tiêu đề trang','text','text',NULL,13,'{\"placeholder\": \"Nhập tiêu đề mặc định cho trang\"}',0),(282,52,'page_description','Mô tả trang','textarea','text',NULL,14,'{\"placeholder\": \"Nhập mô tả mặc định cho trang\"}',0),(283,52,'page_keywords','Từ khóa trang','text','text',NULL,15,'{\"placeholder\": \"Nhập từ khóa mặc định cho trang\"}',0),(284,53,'show_preloader','Preloader','switch','boolean','1',1,'{\"check_label\": \"Hiển thị preloader\"}',0),(285,53,'theme_primary_color','Màu chủ đạo','coloris','text','#2a9d8f',2,'[]',0),(286,53,'plugins','Plugins','area','text','plugins',3,'{\"@area\": \"plugins\", \"@title-by\": \"title\"}',0),(287,54,'widgets','Nội dung footer','area','text','footer_slogans',1,'{\"area\": \"footer_widgets\", \"@title-by\": \"title\"}',0),(288,54,'logos','Logo đối tác','area','text','footer_logos',2,'{\"area\": \"footer_logos\", \"@title-by\": \"title\"}',0),(289,54,'copyright','Nôi dung mục copyright','textarea','text',NULL,3,'{\"className\": \"auto-height\", \"placeholder\": \"Viết gì đó\"}',0),(290,55,'sidebar_posts','Post sidebar','area','text','sidebar_posts',1,'{\"area\": \"sidebar_posts\", \"@title-by\": \"title\"}',0),(291,56,'title','Tiêu đề (Tùy chọn)','text','text',NULL,1,'{\"placeholder\": \"Viết gì đó...\"}',0),(292,56,'description','Mô tả (Tùy chọn(','textarea','text',NULL,2,'{\"placeholder\": \"Viết gì đó...\"}',0),(293,56,'thumbnail','Thumbnail (Tùy chọn)','media','text',NULL,3,'{\"@filetype\": \"png,jpg,jpeg,gif,bmp\"}',0),(294,56,'content_area','Nội dung Trang chủ','area','text','home_area',4,'{\"@area\": \"home_area\", \"@title-by\": \"title\"}',0),(295,57,'page_title','Tiêu đề trang (tùy chọn)','text','text',NULL,1,'[]',0),(296,57,'meta_title','Tiêu đề meta (tùy chọn)','text','text',NULL,2,'[]',0),(297,57,'meta_description','Meta Description','textarea','text',NULL,3,'{\"placeholder\": \"Viết gì đó...\"}',0),(298,57,'detail_extra','Thông tin thêm','area','text','product_detail_extra',4,'{\"area\": \"product_detail_extra\", \"@title-by\": \"title\"}',0),(299,57,'review_cta_title','Call to Action\'s Title','text','text',NULL,5,'{\"default\": \"Đánh giá sản phẩm ngay\"}',0),(300,57,'review_cta_description','Call to Action\'s Description','textarea','text',NULL,6,'{\"default\": \"Lorem Ipsum is simply dummy text of the printing and typesetting industry.\", \"placeholder\": \"Viết gì đó...\"}',0),(301,57,'review_cta_button','Call to Action\'s Button','text','text',NULL,7,'{\"default\": \"Viết đánh giá\"}',0),(302,57,'suggest_page_id','Trang khám phá','crazyselect','text',NULL,8,'{\"call\": \"get_page_options\"}',0),(303,57,'suggest_title','Tiêu đề (tùy chọn)','text','text',NULL,9,'[]',0),(304,57,'suggest_description','Mô rả ','textarea','text',NULL,10,'{\"placeholder\": \"Viết gì đó...\"}',0),(305,57,'suggest_list_type','Kiểu danh sách','radio','text',NULL,11,'{\"data\": {\"user\": \"Lấy trong danh sách của user đăng nhập\", \"custom\": \"Tùy biến\"}, \"default\": \"custom\"}',0),(306,58,'page_title','Tiêu đề Trang liên hệ','text','text','Liên hệ',1,'[]',0),(307,58,'page_description','Mô rả trang liên hệ','textarea','text',NULL,2,'{\"placeholder\": \"Viết gì đó\"}',0),(308,58,'page_note','Ghi chú nhỏ','textarea','text',NULL,3,'{\"placeholder\": \"Viết gì đó\"}',0),(309,58,'page_content','Nội dung trang','ckeditor','text',NULL,4,'[]',0),(310,58,'email','Email','text','text',NULL,5,'{\"placeholder\": \"Mặc dịnh sẽ lấy từ thiết lập thông tin wwbsite\"}',0),(311,58,'phone_number','Số điện thoại','text','text',NULL,6,'{\"placeholder\": \"Mặc dịnh sẽ lấy từ thiết lập thông tin wwbsite\"}',0),(312,58,'address','Địa chỉ','text','text',NULL,7,'{\"placeholder\": \"Mặc dịnh sẽ lấy từ thiết lập thông tin wwbsite\"}',0),(313,58,'form_title','Tiêu đề Form liên hệ','text','text','Hãy nói về những ý tưởng của bạn',8,'[]',0),(314,58,'show_info','Hiển thị thông tin','radio','text',NULL,9,'{\"data\": {\"contact\": \"Thông tin liên hệ\", \"description\": \"Mô tả\"}, \"default\": \"description\"}',0),(315,58,'form_description','Mô rả / Giới thiệu','textarea','text',NULL,10,'{\"placeholder\": \"Viết gì đó\"}',0),(316,58,'button_text','Nút gửi','text','text','Gửi liên hệ',11,'[]',0),(317,58,'map_code','Mã nhúng bản đồ','textarea','text',NULL,12,'{\"placeholder\": \"Nhập mã Mã nhúng\"}',0),(318,58,'show_content','Hiển thị Nội dung text','switch','text',NULL,13,'[]',0),(319,58,'show_form','Hiển thị form Liên hệ','switch','text',NULL,14,'[]',0),(320,58,'show_map','Hiển thị bản đồ','switch','text',NULL,15,'[]',0),(321,59,'show_preloader','Preloader','switch','boolean','1',1,'{\"check_label\": \"Hiển thị preloader\"}',0),(322,59,'theme_primary_color','Màu chủ đạo','coloris','text','#AD213A',2,'[]',0),(323,59,'plugins','Plugins','area','text','plugins',3,'{\"@area\": \"plugins\", \"@title-by\": \"title\"}',0),(324,60,'desktop_logo','Desktop Logo (Tùy chọn)','media','text','7',1,'{\"@filetype\": \"png,jpg,jpeg,gif,bmp\"}',0),(325,60,'mobile_logo','Mobile Logo (Tùy chọn)','media','text','7',2,'{\"@filetype\": \"png,jpg,jpeg,gif,bmp\"}',0),(326,60,'show_search_button','Search button','switch','boolean','1',3,'{\"check_label\": \"Hiển thị nút tìm kiếm\"}',0),(327,60,'show_addon_button','Addon button','switch','boolean','1',4,'{\"check_label\": \"Hiển thị nút tính mở rộng\"}',0),(328,60,'addon_button_link','Addon button link','text','text','/ai',5,'{\"placeholder\": \"ví dụ: https://vcc.vn\"}',0),(329,60,'addon_button_text','Addon button text','text','text','Dùng thử',6,'{\"placeholder\": \"ví dụ: Đặt hàng\"}',0),(330,61,'widgets','Nội dung footer','area','text','footer_slogans',1,'{\"area\": \"footer_widgets\", \"@title-by\": \"title\"}',0),(331,61,'logos','Logo đối tác','area','text','footer_logos',2,'{\"area\": \"footer_logos\", \"@title-by\": \"title\"}',0),(332,61,'copyright','Nôi dung mục copyright','ckeditor','text',NULL,3,'{\"className\": \"auto-height\", \"placeholder\": \"Viết gì đó\"}',0),(333,62,'sidebar_posts','Post sidebar','area','text','sidebar_posts',1,'{\"area\": \"sidebar_posts\", \"@title-by\": \"title\"}',0),(334,63,'title','Tiêu đề (Tùy chọn)','text','text',NULL,1,'{\"placeholder\": \"Viết gì đó...\"}',0),(335,63,'description','Mô tả (Tùy chọn(','textarea','text',NULL,2,'{\"placeholder\": \"Viết gì đó...\"}',0),(336,63,'content_area','Nội dung Trang chủ','area','text','home_area',3,'{\"@area\": \"home_area\", \"@title-by\": \"title\"}',0),(337,64,'header_style','Header Style mặc định','radio','text',NULL,1,'{\"data\": {\"1\": \"Style 1\", \"2\": \"Style 2\"}, \"default\": \"1\"}',0),(338,64,'list_layout','Layout Danh sách','radio','text',NULL,2,'{\"data\": {\"sidebar\": \"Sidebar\", \"fullwidth\": \"fullwidth\"}, \"default\": \"sidebar\"}',0),(339,64,'list_type','Kiểu Danh sách','radio','text',NULL,3,'{\"data\": {\"grid\": \"Lưới (grid)\", \"classic\": \"Classic\"}, \"default\": \"grid\"}',0),(340,64,'header_use_bg_image','Sử dụng hình nền','switch','boolean',NULL,4,'{\"check_label\": \"Có\"}',0),(341,64,'header_bg_image','Hình nền (Tùy chọn)','media','text',NULL,5,'{\"@filetype\": \"image\"}',0),(342,64,'detail_layout','Layout Danh sách','radio','text',NULL,6,'{\"data\": {\"page\": \"Layout tùy biến cho trang\", \"sidebar\": \"Sidebar\", \"fullwidth\": \"fullwidth\"}, \"default\": \"sidebar\"}',0),(343,64,'detail_use_feature_image','Header Image','switch','boolean',NULL,7,'{\"check_label\": \"Sử dụng Feature Image làm hình nền Header\"}',0),(344,64,'page_settings','Mục được thiết lập','area','text','page_settings',8,'{\"@area\": \"page_settings\", \"@title-by\": \"title\"}',0),(345,65,'list_layout','Layout Danh sách','radio','text',NULL,1,'{\"data\": {\"sidebar\": \"sidebar\", \"fullwidth\": \"fullwidth\"}, \"default\": \"sidebar\"}',0),(346,65,'list_type','Kiểu Danh sách','radio','text',NULL,2,'{\"data\": {\"grid\": \"Lưới (grid)\", \"classic\": \"Classic\"}, \"default\": \"grid\"}',0),(347,65,'detail_layout','Layout Danh sách','radio','text',NULL,3,'{\"data\": {\"sidebar\": \"Sidebar\", \"fullwidth\": \"fullwidth\"}, \"default\": \"sidebar\"}',0),(348,65,'detail_use_feature_image','Header Image','switch','boolean',NULL,4,'{\"check_label\": \"Sử dụng Feature Image làm hình nền Header\"}',0),(349,65,'post_settings','Mục được thiết lập','area','text','post_settings',5,'{\"@area\": \"post_settings\", \"@title-by\": \"title\"}',0),(350,66,'page_title','Tiêu đề Trang liên hệ','text','text','Liên hệ',1,'[]',0),(351,66,'page_description','Mô rả trang liên hệ','textarea','text',NULL,2,'{\"placeholder\": \"Viết gì đó\"}',0),(352,66,'page_note','Ghi chú nhỏ','textarea','text',NULL,3,'{\"placeholder\": \"Viết gì đó\"}',0),(353,66,'page_content','Nội dung trang','ckeditor','text',NULL,4,'[]',0),(354,66,'email','Email','text','text',NULL,5,'{\"placeholder\": \"Mặc dịnh sẽ lấy từ thiết lập thông tin wwbsite\"}',0),(355,66,'phone_number','Số điện thoại','text','text',NULL,6,'{\"placeholder\": \"Mặc dịnh sẽ lấy từ thiết lập thông tin wwbsite\"}',0),(356,66,'address','Địa chỉ','text','text',NULL,7,'{\"placeholder\": \"Mặc dịnh sẽ lấy từ thiết lập thông tin wwbsite\"}',0),(357,66,'form_title','Tiêu đề Form liên hệ','text','text','Hãy nói về những ý tưởng của bạn',8,'[]',0),(358,66,'show_info','Hiển thị thông tin','radio','text',NULL,9,'{\"data\": {\"contact\": \"Thông tin liên hệ\", \"description\": \"Mô tả\"}, \"default\": \"description\"}',0),(359,66,'form_description','Mô rả / Giới thiệu','textarea','text',NULL,10,'{\"placeholder\": \"Viết gì đó\"}',0),(360,66,'button_text','Nút gửi','text','text','Gửi liên hệ',11,'[]',0),(361,66,'map_code','Mã nhúng bản đồ','textarea','text',NULL,12,'{\"placeholder\": \"Nhập mã Mã nhúng\"}',0),(362,66,'show_content','Hiển thị Nội dung text','switch','text',NULL,13,'[]',0),(363,66,'show_form','Hiển thị form Liên hệ','switch','text',NULL,14,'[]',0),(364,66,'show_map','Hiển thị bản đồ','switch','text',NULL,15,'[]',0),(365,61,'menu_id','Footer Bottom menu','crazyselect','text',NULL,4,'{\"call\": \"get_menu_options\"}',0),(366,67,'facebook','facebook (Tùy chọn)','text','text','https://www.facebook.com/chuyengiaai68',1,'{\"placeholder\": \"Không bắt buộc\"}',0),(367,67,'twitter','twitter (Tùy chọn)','text','text',NULL,2,'{\"placeholder\": \"Không bắt buộc\"}',0),(368,67,'youtube','youtube (Tùy chọn)','text','text',NULL,3,'{\"placeholder\": \"Không bắt buộc\"}',0),(369,67,'linkedin','Linkedin (Tùy chọn)','text','text',NULL,4,'{\"placeholder\": \"Không bắt buộc\"}',0),(370,67,'instagram','instagram (Tùy chọn)','text','text',NULL,5,'{\"placeholder\": \"Không bắt buộc\"}',0),(371,67,'pinterest','Pinterest (Tùy chọn)','text','text',NULL,6,'{\"placeholder\": \"Không bắt buộc\"}',0);

--
-- Table structure for table `option_groups`
--

CREATE TABLE `option_groups` (
  `id` bigint unsigned NOT NULL AUTO_INCREMENT,
  `option_id` bigint unsigned NOT NULL,
  `label` varchar(191) CHARACTER SET utf8mb4 COLLATE utf8mb4_unicode_ci DEFAULT 'settings',
  `slug` varchar(191) CHARACTER SET utf8mb4 COLLATE utf8mb4_unicode_ci DEFAULT 'settings',
  `config` text CHARACTER SET utf8mb4 COLLATE utf8mb4_unicode_ci,
  PRIMARY KEY (`id`)
) ENGINE=InnoDB AUTO_INCREMENT=68 DEFAULT CHARSET=utf8mb4 COLLATE=utf8mb4_unicode_ci;

--
-- Dumping data for table `option_groups`
--

INSERT INTO `option_groups` VALUES (1,1,'Cài đặt hệ thống','system',NULL),(2,1,'Thiết lập Email','mailer',NULL),(3,1,'Thông tin website','siteinfo',NULL),(4,1,'Thiết lập chiết khấu','discounts',NULL),(5,1,'Javascript SDK','jssdk',NULL),(6,1,'Biểu tượng Website','favicons',NULL),(7,1,'Thiết lập PWA','pwa',NULL),(8,1,'Thiết lập nội dung','contents',NULL),(9,1,'Trekka','trekka',NULL),(10,2,'Đường dẫn chung','general',NULL),(11,2,'Tin Bài','posts',NULL),(12,2,'Trang Tĩnh','pages',NULL),(13,2,'Cửa hàng','shop',NULL),(14,2,'Dự án','project',NULL),(15,3,'Cấu hình web','config',NULL),(16,4,'Chung','general','[]'),(17,4,'Footer','footer','[]'),(18,4,'Sidebar','sidebar','[]'),(19,4,'Trang chủ','home','[]'),(20,4,'Sản Phẩm','products','[]'),(21,4,'Về chúng tôi','about','[]'),(22,4,'Liên hệ','contacts','[]'),(23,5,'Chung','general','[]'),(24,5,'Footer','footer','{\"name\":\"Thi\\u1ebft l\\u1eadp footer\",\"layout_type\":\"single\",\"form_groups\":{\"page_header\":{\"title\":\"Thi\\u1ebft l\\u1eadp footer\",\"inputs\":[\"widgets\",\"logos\",\"copyright\"]}}}'),(25,5,'Sidebar','sidebar','[]'),(26,5,'Trang chủ','home','[]'),(27,5,'Sản Phẩm','products','{\"name\":\"Thi\\u1ebft l\\u1eadp trang s\\u1ea3n ph\\u1ea9m\",\"layout_type\":\"single\",\"form_groups\":{\"list\":{\"title\":\"Thi\\u1ebft l\\u1eadp trang Danh s\\u00e1ch s\\u1ea3n ph\\u1ea9m\",\"inputs\":[\"page_title\",\"meta_title\",\"meta_description\"]},\"detail\":{\"title\":\"Thi\\u1ebft l\\u1eadp trang chi ti\\u1ebft\",\"inputs\":[\"detail_extra\",\"product_detail_after\",\"product_detail_append\",\"product_detail_sidebar\",\"review_cta_title\",\"review_cta_description\",\"review_cta_button\"]},\"suggest\":{\"title\":\"Thi\\u1ebft l\\u1eadp trang chi ti\\u1ebft\",\"inputs\":[\"suggest_page_id\",\"suggest_title\",\"suggest_description\",\"suggest_list_type\"]}}}'),(28,5,'Về chúng tôi','about','[]'),(29,5,'Trang chính sách','policy','[]'),(30,5,'Liên hệ','contacts','[]'),(31,6,'Chung','general','[]'),(32,6,'Footer','footer','{\"name\":\"Thi\\u1ebft l\\u1eadp footer\",\"layout_type\":\"single\",\"form_groups\":{\"page_header\":{\"title\":\"Thi\\u1ebft l\\u1eadp footer\",\"inputs\":[\"widgets\",\"logos\",\"copyright\"]}}}'),(33,6,'Sidebar','sidebar','[]'),(34,6,'Trang chủ','home','[]'),(35,6,'Sản Phẩm','products','{\"name\":\"Thi\\u1ebft l\\u1eadp trang s\\u1ea3n ph\\u1ea9m\",\"layout_type\":\"single\",\"form_groups\":{\"list\":{\"title\":\"Thi\\u1ebft l\\u1eadp trang Danh s\\u00e1ch s\\u1ea3n ph\\u1ea9m\",\"inputs\":[\"page_title\",\"meta_title\",\"meta_description\"]},\"detail\":{\"title\":\"Thi\\u1ebft l\\u1eadp trang chi ti\\u1ebft\",\"inputs\":[\"detail_extra\",\"product_detail_after\",\"product_detail_append\",\"product_detail_sidebar\",\"review_cta_title\",\"review_cta_description\",\"review_cta_button\"]},\"suggest\":{\"title\":\"Thi\\u1ebft l\\u1eadp trang chi ti\\u1ebft\",\"inputs\":[\"suggest_page_id\",\"suggest_title\",\"suggest_description\",\"suggest_list_type\"]}}}'),(36,6,'Về chúng tôi','about','[]'),(37,6,'Trang chính sách','policy','[]'),(38,6,'Liên hệ','contacts','[]'),(39,7,'Style','style','[]'),(40,7,'Trang chủ','homepage','[]'),(41,7,'Header','header','[]'),(42,7,'Footer','footer','[]'),(43,7,'Sidebar','sidebar','[]'),(44,7,'Bài viết','posts','[]'),(45,7,'Sản phẩm','products','[]'),(46,7,'Affiliates','affiliates','[]'),(47,7,'Liên hệ','contacts','[]'),(48,1,'Thiết lập tin bài','posts',NULL),(49,1,'Thiết lập trang Sản phẩm','products',NULL),(50,1,'Thiết lập trang Dự án','projects',NULL),(51,1,'Thiết lập cửa hàng','ecommerce',NULL),(52,1,'Thông số mặc định','default',NULL),(53,8,'Chung','general','[]'),(54,8,'Footer','footer','{\"name\":\"Thi\\u1ebft l\\u1eadp footer\",\"layout_type\":\"single\",\"form_groups\":{\"page_header\":{\"title\":\"Thi\\u1ebft l\\u1eadp footer\",\"inputs\":[\"widgets\",\"logos\",\"copyright\"]}}}'),(55,8,'Sidebar','sidebar','[]'),(56,8,'Trang chủ','home','[]'),(57,8,'Sản Phẩm','products','{\"name\":\"Thi\\u1ebft l\\u1eadp trang s\\u1ea3n ph\\u1ea9m\",\"layout_type\":\"single\",\"form_groups\":{\"list\":{\"title\":\"Thi\\u1ebft l\\u1eadp trang Danh s\\u00e1ch s\\u1ea3n ph\\u1ea9m\",\"inputs\":[\"page_title\",\"meta_title\",\"meta_description\"]},\"detail\":{\"title\":\"Thi\\u1ebft l\\u1eadp trang chi ti\\u1ebft\",\"inputs\":[\"detail_extra\",\"review_cta_title\",\"review_cta_description\",\"review_cta_button\"]},\"suggest\":{\"title\":\"Thi\\u1ebft l\\u1eadp trang chi ti\\u1ebft\",\"inputs\":[\"suggest_page_id\",\"suggest_title\",\"suggest_description\",\"suggest_list_type\"]}}}'),(58,8,'Liên hệ','contacts','[]'),(59,9,'Chung','general','[]'),(60,9,'Header','header','[]'),(61,9,'Footer','footer','{\"name\":\"Thi\\u1ebft l\\u1eadp footer\",\"layout_type\":\"single\",\"form_groups\":{\"page_header\":{\"title\":\"Thi\\u1ebft l\\u1eadp footer\",\"inputs\":[\"widgets\",\"logos\",\"copyright\"]}}}'),(62,9,'Sidebar','sidebar','[]'),(63,9,'Trang chủ','home','[]'),(64,9,'Trang','pages','{\"name\":\"Thi\\u1ebft l\\u1eadp m\\u1ee5c \\u0111\\u0103ng b\\u00e0i\",\"layout_type\":\"single\",\"form_groups\":{\"general\":{\"title\":\"Thi\\u1ebft l\\u1eadp chung\",\"inputs\":[\"list_layout\",\"list_type\"]},\"page_header\":{\"title\":\"Thi\\u1ebft l\\u1eadp Page Header\",\"inputs\":[\"header_style\",\"header_use_bg_image\",\"header_bg_image\"]},\"detail\":{\"title\":\"Thi\\u1ebft l\\u1eadp Trang chi ti\\u1ebft \",\"inputs\":[\"detail_layout\",\"detail_use_feature_image\"]},\"page\":{\"title\":\"Thi\\u1ebft l\\u1eadp Trang c\\u1ee5 th\\u1ec3 \",\"inputs\":[\"page_settings\"]}}}'),(65,9,'Bài viết','posts','{\"name\":\"Thi\\u1ebft l\\u1eadp m\\u1ee5c \\u0111\\u0103ng b\\u00e0i\",\"layout_type\":\"single\",\"form_groups\":{\"general\":{\"title\":\"Thi\\u1ebft l\\u1eadp chung\",\"inputs\":[\"list_layout\",\"list_type\"]},\"detail\":{\"title\":\"Thi\\u1ebft l\\u1eadp Trang chi ti\\u1ebft \",\"inputs\":[\"detail_layout\",\"detail_use_feature_image\",\"detail_hide_feature_image\"]},\"post_settings\":{\"title\":\"Thi\\u1ebft l\\u1eadp cho t\\u1eebng m\\u1ee5c\",\"className\":\"mt-3 pt-2 border-top\",\"inputs\":[\"post_settings\"]}}}'),(66,9,'Liên hệ','contacts','[]'),(67,9,'MXH','socials','[]');

--
-- Table structure for table `options`
--

CREATE TABLE `options` (
  `id` bigint unsigned NOT NULL AUTO_INCREMENT,
  `title` varchar(191) CHARACTER SET utf8mb4 COLLATE utf8mb4_unicode_ci DEFAULT 'Options',
  `slug` varchar(191) CHARACTER SET utf8mb4 COLLATE utf8mb4_unicode_ci DEFAULT 'option',
  `ref` varchar(191) CHARACTER SET utf8mb4 COLLATE utf8mb4_unicode_ci DEFAULT 'base',
  `ref_id` bigint unsigned DEFAULT '0',
  `created_at` timestamp NULL DEFAULT NULL,
  `updated_at` timestamp NULL DEFAULT NULL,
  PRIMARY KEY (`id`)
) ENGINE=InnoDB AUTO_INCREMENT=10 DEFAULT CHARSET=utf8mb4 COLLATE=utf8mb4_unicode_ci;

--
-- Dumping data for table `options`
--

INSERT INTO `options` VALUES (1,'Thiết lập','settings',NULL,0,'2023-12-14 11:01:22','2023-12-14 11:01:22'),(2,'Thiết lập URL','urlsettings',NULL,0,'2023-12-14 11:01:57','2023-12-14 11:01:57'),(3,'Web','web',NULL,0,'2023-12-14 11:01:59','2023-12-14 11:01:59'),(4,'Theme Test','theme-test','theme',1,'2023-12-14 15:46:24','2023-12-14 15:46:24'),(5,'Theme Demo','theme-demo','theme',2,'2023-12-14 16:36:13','2023-12-14 16:36:13'),(6,'Web Bán hàng','web-ban-hang','theme',5,'2023-12-18 11:10:06','2023-12-18 11:10:06'),(7,'Martfury','martfury','theme',6,'2023-12-18 18:14:51','2023-12-18 18:14:51'),(8,'ECO Shop','eco-shop','theme',7,'2023-12-19 10:10:48','2023-12-19 10:10:48'),(9,'AI Startup','ai-startup','theme',8,'2023-12-20 11:05:50','2023-12-20 11:05:50');

--
-- Table structure for table `order_addresses`
--

CREATE TABLE `order_addresses` (
  `id` bigint unsigned NOT NULL AUTO_INCREMENT,
  `order_id` bigint unsigned NOT NULL DEFAULT '0',
  `type` varchar(191) CHARACTER SET utf8mb4 COLLATE utf8mb4_unicode_ci DEFAULT 'billing',
  `name` varchar(191) CHARACTER SET utf8mb4 COLLATE utf8mb4_unicode_ci DEFAULT NULL,
  `phone_number` varchar(191) CHARACTER SET utf8mb4 COLLATE utf8mb4_unicode_ci DEFAULT NULL,
  `email` varchar(191) CHARACTER SET utf8mb4 COLLATE utf8mb4_unicode_ci DEFAULT NULL,
  `address` varchar(191) CHARACTER SET utf8mb4 COLLATE utf8mb4_unicode_ci DEFAULT NULL,
  `region_id` bigint unsigned DEFAULT '0',
  `district_id` bigint unsigned DEFAULT '0',
  `ward_id` bigint unsigned DEFAULT '0',
  `created_at` timestamp NULL DEFAULT NULL,
  `updated_at` timestamp NULL DEFAULT NULL,
  PRIMARY KEY (`id`)
) ENGINE=InnoDB DEFAULT CHARSET=utf8mb4 COLLATE=utf8mb4_unicode_ci;

--
-- Dumping data for table `order_addresses`
--


--
-- Table structure for table `order_feedbacks`
--

CREATE TABLE `order_feedbacks` (
  `id` bigint unsigned NOT NULL AUTO_INCREMENT,
  `order_id` bigint unsigned NOT NULL,
  `customer_id` bigint unsigned DEFAULT '0',
  `user_id` bigint unsigned DEFAULT '0',
  `type` varchar(191) CHARACTER SET utf8mb4 COLLATE utf8mb4_unicode_ci NOT NULL DEFAULT 'feedback',
  `title` varchar(191) CHARACTER SET utf8mb4 COLLATE utf8mb4_unicode_ci DEFAULT NULL,
  `description` text CHARACTER SET utf8mb4 COLLATE utf8mb4_unicode_ci,
  `solved` int NOT NULL DEFAULT '0',
  `solved_at` datetime DEFAULT NULL,
  `created_at` timestamp NULL DEFAULT NULL,
  `updated_at` timestamp NULL DEFAULT NULL,
  PRIMARY KEY (`id`)
) ENGINE=InnoDB DEFAULT CHARSET=utf8mb4 COLLATE=utf8mb4_unicode_ci;

--
-- Dumping data for table `order_feedbacks`
--


--
-- Table structure for table `order_items`
--

CREATE TABLE `order_items` (
  `id` bigint unsigned NOT NULL AUTO_INCREMENT,
  `order_id` bigint unsigned NOT NULL,
  `product_id` bigint unsigned NOT NULL,
  `attr_values` longtext CHARACTER SET utf8mb4 COLLATE utf8mb4_unicode_ci,
  `quantity` int unsigned NOT NULL DEFAULT '1',
  `list_price` decimal(12,2) unsigned DEFAULT '0.00',
  `final_price` decimal(12,2) unsigned DEFAULT '0.00',
  `created_at` timestamp NULL DEFAULT NULL,
  `updated_at` timestamp NULL DEFAULT NULL,
  PRIMARY KEY (`id`)
) ENGINE=InnoDB DEFAULT CHARSET=utf8mb4 COLLATE=utf8mb4_unicode_ci;

--
-- Dumping data for table `order_items`
--


--
-- Table structure for table `orders`
--

CREATE TABLE `orders` (
  `id` bigint unsigned NOT NULL AUTO_INCREMENT,
  `user_id` bigint unsigned DEFAULT '0',
  `customer_id` bigint unsigned DEFAULT '0',
  `promo_id` bigint unsigned DEFAULT NULL,
  `secret_id` varchar(191) CHARACTER SET utf8mb4 COLLATE utf8mb4_unicode_ci DEFAULT NULL,
  `type` varchar(191) CHARACTER SET utf8mb4 COLLATE utf8mb4_unicode_ci DEFAULT 'cart',
  `code` varchar(191) CHARACTER SET utf8mb4 COLLATE utf8mb4_unicode_ci DEFAULT NULL,
  `ship_to_different_address` tinyint(1) NOT NULL DEFAULT '0',
  `payment_method_id` bigint NOT NULL DEFAULT '0',
  `shipping_fee` decimal(10,2) NOT NULL DEFAULT '0.00',
  `tax` decimal(14,2) NOT NULL DEFAULT '0.00',
  `coupon` varchar(191) CHARACTER SET utf8mb4 COLLATE utf8mb4_unicode_ci DEFAULT NULL,
  `promo_type` int unsigned DEFAULT '0',
  `sub_total` decimal(14,2) NOT NULL DEFAULT '0.00',
  `promo_total` decimal(14,2) NOT NULL DEFAULT '0.00',
  `total_money` decimal(14,2) NOT NULL DEFAULT '0.00',
  `note` text CHARACTER SET utf8mb4 COLLATE utf8mb4_unicode_ci,
  `status` int NOT NULL DEFAULT '0',
  `payment_status` int NOT NULL DEFAULT '0',
  `delivery_status` int NOT NULL DEFAULT '0',
  `trashed_status` int NOT NULL DEFAULT '0',
  `completed_at` datetime DEFAULT NULL,
  `ordered_at` timestamp NULL DEFAULT NULL,
  `created_at` timestamp NULL DEFAULT NULL,
  `updated_at` timestamp NULL DEFAULT NULL,
  PRIMARY KEY (`id`)
) ENGINE=InnoDB DEFAULT CHARSET=utf8mb4 COLLATE=utf8mb4_unicode_ci;

--
-- Dumping data for table `orders`
--


--
-- Table structure for table `password_resets`
--

CREATE TABLE `password_resets` (
  `email` varchar(191) CHARACTER SET utf8mb4 COLLATE utf8mb4_unicode_ci NOT NULL,
  `token` varchar(191) CHARACTER SET utf8mb4 COLLATE utf8mb4_unicode_ci NOT NULL,
  `created_at` timestamp NULL DEFAULT NULL,
  KEY `password_resets_email_index` (`email`)
) ENGINE=InnoDB DEFAULT CHARSET=utf8mb4 COLLATE=utf8mb4_unicode_ci;

--
-- Dumping data for table `password_resets`
--


--
-- Table structure for table `payment_methods`
--

CREATE TABLE `payment_methods` (
  `id` bigint unsigned NOT NULL AUTO_INCREMENT,
  `name` varchar(191) CHARACTER SET utf8mb4 COLLATE utf8mb4_unicode_ci DEFAULT NULL,
  `method` varchar(191) CHARACTER SET utf8mb4 COLLATE utf8mb4_unicode_ci DEFAULT NULL,
  `description` text CHARACTER SET utf8mb4 COLLATE utf8mb4_unicode_ci,
  `guide` text CHARACTER SET utf8mb4 COLLATE utf8mb4_unicode_ci,
  `config` text CHARACTER SET utf8mb4 COLLATE utf8mb4_unicode_ci,
  `priority` int NOT NULL DEFAULT '0',
  `status` int NOT NULL DEFAULT '1',
  `trashed_status` int NOT NULL DEFAULT '0',
  `created_at` timestamp NULL DEFAULT NULL,
  `updated_at` timestamp NULL DEFAULT NULL,
  PRIMARY KEY (`id`)
) ENGINE=InnoDB AUTO_INCREMENT=2 DEFAULT CHARSET=utf8mb4 COLLATE=utf8mb4_unicode_ci;

--
-- Dumping data for table `payment_methods`
--

INSERT INTO `payment_methods` VALUES (1,'Thanh toán qua AlePay','alepay','Thanh toán online qua alepay',NULL,'{\"token_key\":\"99d4MhXqVOWtkPsW3zlb1AIUAli17X\",\"checksum_key\":\"XrdO4qQMKV9irMwX198Vd90L8H1WT5\",\"base_url\":\"https:\\/\\/alepay-v3-sandbox.nganluong.vn\\/api\\/v3\\/checkout\",\"asset_url\":null,\"return_url\":null,\"cancel_url\":null}',0,1,0,'2024-01-05 17:56:37','2024-01-05 17:56:37');

--
-- Table structure for table `payment_transactions`
--

CREATE TABLE `payment_transactions` (
  `id` bigint unsigned NOT NULL AUTO_INCREMENT,
  `merchant_id` bigint unsigned DEFAULT '0',
  `user_id` bigint unsigned DEFAULT '0',
  `payment_method_id` bigint unsigned DEFAULT '0',
  `order_id` bigint unsigned DEFAULT '0',
  `transaction_id` varchar(191) CHARACTER SET utf8mb4 COLLATE utf8mb4_unicode_ci DEFAULT NULL,
  `transaction_code` varchar(191) CHARACTER SET utf8mb4 COLLATE utf8mb4_unicode_ci DEFAULT NULL,
  `type` varchar(191) CHARACTER SET utf8mb4 COLLATE utf8mb4_unicode_ci DEFAULT 'buy',
  `role` varchar(191) COLLATE utf8mb4_unicode_ci DEFAULT 'user',
  `order_code` varchar(191) CHARACTER SET utf8mb4 COLLATE utf8mb4_unicode_ci DEFAULT NULL,
  `ref_code` varchar(191) CHARACTER SET utf8mb4 COLLATE utf8mb4_unicode_ci DEFAULT NULL,
  `note` text CHARACTER SET utf8mb4 COLLATE utf8mb4_unicode_ci,
  `description` text CHARACTER SET utf8mb4 COLLATE utf8mb4_unicode_ci,
  `amount` double(12,2) unsigned DEFAULT '0.00',
  `discount` double(12,2) unsigned DEFAULT '0.00',
  `currency` varchar(191) CHARACTER SET utf8mb4 COLLATE utf8mb4_unicode_ci DEFAULT 'VND',
  `total_item` int unsigned DEFAULT '1',
  `payment_method_name` varchar(191) CHARACTER SET utf8mb4 COLLATE utf8mb4_unicode_ci DEFAULT NULL,
  `ref_data` json DEFAULT NULL,
  `is_reported` int DEFAULT '0',
  `created_at` timestamp NULL DEFAULT NULL,
  `updated_at` timestamp NULL DEFAULT NULL,
  `success_redirect_url` varchar(191) COLLATE utf8mb4_unicode_ci DEFAULT NULL,
  `cancel_redirect_url` varchar(191) COLLATE utf8mb4_unicode_ci DEFAULT NULL,
  `error_redirect_url` varchar(191) COLLATE utf8mb4_unicode_ci DEFAULT NULL,
  PRIMARY KEY (`id`)
) ENGINE=InnoDB AUTO_INCREMENT=22 DEFAULT CHARSET=utf8mb4 COLLATE=utf8mb4_unicode_ci;

--
-- Dumping data for table `payment_transactions`
--

INSERT INTO `payment_transactions` VALUES (1,0,2,1,2,NULL,'ALE00RXDF','buy-service','user','65986DFC05E22',NULL,NULL,NULL,100000.00,0.00,'VND',1,NULL,NULL,0,'2024-01-05 21:00:44','2024-01-05 21:00:44',NULL,NULL,NULL),(2,0,2,1,3,NULL,'ALE00RXDG','buy-service','user','65986F164837B',NULL,NULL,NULL,180000.00,0.00,'VND',1,NULL,NULL,0,'2024-01-05 21:05:26','2024-01-05 21:05:26',NULL,NULL,NULL),(3,0,2,1,3,NULL,'ALE00RXDH','buy-service','user','6598737EC977C',NULL,NULL,NULL,180000.00,0.00,'VND',1,NULL,NULL,0,'2024-01-05 21:24:15','2024-01-05 21:24:15',NULL,NULL,NULL),(4,0,2,1,2,NULL,'ALE00RXDP','buy-service','user','6598C25652F1F',NULL,NULL,NULL,100000.00,0.00,'VND',1,NULL,NULL,0,'2024-01-06 03:00:38','2024-01-06 03:00:38',NULL,NULL,NULL),(5,0,2,1,3,NULL,'ALE00RXDQ','buy-service','user','6598C36B5C615',NULL,NULL,NULL,180000.00,0.00,'VND',1,NULL,NULL,0,'2024-01-06 03:05:15','2024-01-06 03:05:15',NULL,NULL,NULL),(6,0,2,1,3,NULL,'ALE00RXDS','buy-service','user','6598C7D4D8918',NULL,NULL,NULL,180000.00,0.00,'VND',1,NULL,NULL,0,'2024-01-06 03:24:05','2024-01-06 03:24:05',NULL,NULL,NULL),(7,0,2,1,2,NULL,'ALE00RXDU','buy-service','user','6598C81DCBB4F',NULL,NULL,NULL,100000.00,0.00,'VND',1,'ATM_ON',NULL,0,'2024-01-06 03:25:18','2024-01-06 03:39:18',NULL,NULL,NULL),(8,0,2,1,3,NULL,'ALE00RXDY','buy-service','user','6598D09B7236A',NULL,NULL,NULL,180000.00,0.00,'VND',1,'ATM_ON',NULL,0,'2024-01-06 04:01:31','2024-01-06 04:02:01',NULL,NULL,NULL),(9,0,2,1,3,NULL,'ALE00RXDZ','buy-service','user','6598E9625D37C',NULL,NULL,NULL,180000.00,0.00,'VND',1,'ATM_ON',NULL,0,'2024-01-06 05:47:14','2024-01-06 05:49:50',NULL,NULL,NULL),(10,0,2,1,3,NULL,'ALE00RXE0','buy-service','user','6598EDC5982AF',NULL,NULL,NULL,180000.00,0.00,'VND',1,'ATM_ON',NULL,0,'2024-01-06 06:05:58','2024-01-06 06:06:39',NULL,NULL,NULL),(11,0,2,1,3,NULL,'ALE00RXE1','buy-service','user','6598EE48C3EBB',NULL,NULL,NULL,180000.00,0.00,'VND',1,'ATM_ON',NULL,0,'2024-01-06 06:08:09','2024-01-06 06:08:42',NULL,NULL,NULL),(12,0,3,1,4,NULL,'ALE00RXE3','buy-service','user','6598F660ABFD7',NULL,NULL,NULL,20000.00,0.00,'VND',1,'ATM_ON',NULL,0,'2024-01-06 06:42:41','2024-01-06 06:43:12',NULL,NULL,NULL),(13,0,3,1,5,NULL,'ALE00RXE4','buy-service','user','6598F7031D9F9',NULL,NULL,NULL,30000.00,0.00,'VND',1,'ATM_ON',NULL,0,'2024-01-06 06:45:23','2024-01-06 06:45:50',NULL,NULL,NULL),(14,0,2,1,2,NULL,'ALE00RY25','buy-service','user','659E51C4045AC',NULL,NULL,NULL,100000.00,0.00,'VND',1,'ATM_ON',NULL,0,'2024-01-10 08:13:56','2024-01-10 09:29:20','http://127.0.0.1:8000/thong-tin-tai-khoan.html','http://127.0.0.1:8000/pay-detail?id=2','http://127.0.0.1:8000/pay-options'),(15,0,2,1,2,NULL,'ALE00RY3A','buy-service','user','659E65C0CD336',NULL,NULL,NULL,100000.00,0.00,'VND',1,'ATM_ON',NULL,0,'2024-01-10 09:39:13','2024-01-10 09:39:45','http://127.0.0.1:8000/thong-tin-tai-khoan.html','http://127.0.0.1:8000/pay-detail?id=2','http://127.0.0.1:8000/pay-options'),(16,0,2,1,2,NULL,'ALE00RY3N','buy-service','user','659E686547040',NULL,NULL,NULL,100000.00,0.00,'VND',1,'ATM_ON',NULL,0,'2024-01-10 09:50:30','2024-01-10 09:51:05','http://127.0.0.1:8000/thong-tin-tai-khoan.html','http://127.0.0.1:8000/pay-detail?id=2','http://127.0.0.1:8000/pay-options'),(17,0,2,1,2,NULL,'ALE00RY3Q','buy-service','user','659E68D7D3439',NULL,NULL,NULL,100000.00,0.00,'VND',1,'ATM_ON',NULL,0,'2024-01-10 09:52:24','2024-01-10 09:53:25','http://127.0.0.1:8000/thong-tin-tai-khoan.html','http://127.0.0.1:8000/pay-detail?id=2','http://127.0.0.1:8000/pay-options'),(18,0,2,1,2,NULL,'ALE00RY3W','buy-service','user','659E6A8E12961',NULL,NULL,NULL,100000.00,0.00,'VND',1,'ATM_ON',NULL,0,'2024-01-10 09:59:42','2024-01-10 10:00:18','http://127.0.0.1:8000/thong-tin-tai-khoan.html','http://127.0.0.1:8000/pay-detail?id=2','http://127.0.0.1:8000/pay-options'),(19,0,2,1,2,NULL,'ALE00RY46','buy-service','user','659E6E2AB4249',NULL,NULL,NULL,100000.00,0.00,'VND',1,'ATM_ON',NULL,0,'2024-01-10 10:15:07','2024-01-10 10:16:13','http://127.0.0.1:8000/thong-tin-tai-khoan.html','http://127.0.0.1:8000/pay-detail?id=2','http://127.0.0.1:8000/pay-options'),(20,0,2,1,2,NULL,'ALE00RY4C','buy-service','user','659E72519913F',NULL,NULL,NULL,120000.00,0.00,'VND',1,'ATM_ON',NULL,0,'2024-01-10 10:32:50','2024-01-10 10:33:35','http://127.0.0.1:8000/thong-tin-tai-khoan.html','http://127.0.0.1:8000/pay-detail?id=2','http://127.0.0.1:8000/pay-options'),(21,0,2,1,2,NULL,'ALE00RY4D','buy-service','user','659E74263C590',NULL,NULL,NULL,120000.00,0.00,'VND',1,'ATM_ON',NULL,0,'2024-01-10 10:40:38','2024-01-10 10:41:12','http://127.0.0.1:8000/thong-tin-tai-khoan.html','http://127.0.0.1:8000/pay-detail?id=2','http://127.0.0.1:8000/pay-options');

--
-- Table structure for table `permission_module_group_actions`
--

CREATE TABLE `permission_module_group_actions` (
  `id` bigint unsigned NOT NULL AUTO_INCREMENT,
  `group_id` bigint unsigned DEFAULT '0',
  `action_id` bigint unsigned DEFAULT '0',
  PRIMARY KEY (`id`)
) ENGINE=InnoDB DEFAULT CHARSET=utf8mb4 COLLATE=utf8mb4_unicode_ci;

--
-- Dumping data for table `permission_module_group_actions`
--


--
-- Table structure for table `permission_module_roles`
--

CREATE TABLE `permission_module_roles` (
  `id` bigint unsigned NOT NULL AUTO_INCREMENT,
  `module_id` bigint unsigned NOT NULL,
  `role_id` bigint unsigned NOT NULL,
  PRIMARY KEY (`id`)
) ENGINE=InnoDB DEFAULT CHARSET=utf8mb4 COLLATE=utf8mb4_unicode_ci;

--
-- Dumping data for table `permission_module_roles`
--


--
-- Table structure for table `permission_modules`
--

CREATE TABLE `permission_modules` (
  `id` bigint unsigned NOT NULL AUTO_INCREMENT,
  `type` varchar(191) CHARACTER SET utf8mb4 COLLATE utf8mb4_unicode_ci NOT NULL DEFAULT 'default',
  `name` varchar(191) CHARACTER SET utf8mb4 COLLATE utf8mb4_unicode_ci NOT NULL,
  `parent_id` int unsigned DEFAULT '0',
  `ref` varchar(191) CHARACTER SET utf8mb4 COLLATE utf8mb4_unicode_ci DEFAULT NULL,
  `description` varchar(191) CHARACTER SET utf8mb4 COLLATE utf8mb4_unicode_ci DEFAULT NULL,
  `slug` varchar(191) CHARACTER SET utf8mb4 COLLATE utf8mb4_unicode_ci DEFAULT NULL,
  `route` varchar(191) CHARACTER SET utf8mb4 COLLATE utf8mb4_unicode_ci DEFAULT NULL,
  `prefix` varchar(191) CHARACTER SET utf8mb4 COLLATE utf8mb4_unicode_ci DEFAULT NULL,
  `path` varchar(191) CHARACTER SET utf8mb4 COLLATE utf8mb4_unicode_ci DEFAULT NULL,
  `created_at` timestamp NULL DEFAULT NULL,
  `updated_at` timestamp NULL DEFAULT NULL,
  PRIMARY KEY (`id`)
) ENGINE=InnoDB DEFAULT CHARSET=utf8mb4 COLLATE=utf8mb4_unicode_ci;

--
-- Dumping data for table `permission_modules`
--


--
-- Table structure for table `permission_roles`
--

CREATE TABLE `permission_roles` (
  `id` bigint unsigned NOT NULL AUTO_INCREMENT,
  `name` varchar(191) CHARACTER SET utf8mb4 COLLATE utf8mb4_unicode_ci NOT NULL,
  `level` int NOT NULL DEFAULT '1',
  `description` varchar(191) CHARACTER SET utf8mb4 COLLATE utf8mb4_unicode_ci DEFAULT NULL,
  `handle` varchar(191) CHARACTER SET utf8mb4 COLLATE utf8mb4_unicode_ci DEFAULT NULL,
  `return_type` varchar(191) CHARACTER SET utf8mb4 COLLATE utf8mb4_unicode_ci DEFAULT 'redirect',
  `created_at` timestamp NULL DEFAULT NULL,
  `updated_at` timestamp NULL DEFAULT NULL,
  PRIMARY KEY (`id`)
) ENGINE=InnoDB DEFAULT CHARSET=utf8mb4 COLLATE=utf8mb4_unicode_ci;

--
-- Dumping data for table `permission_roles`
--


--
-- Table structure for table `permission_user_roles`
--

CREATE TABLE `permission_user_roles` (
  `id` bigint unsigned NOT NULL AUTO_INCREMENT,
  `user_id` bigint unsigned NOT NULL,
  `role_id` bigint unsigned NOT NULL,
  PRIMARY KEY (`id`)
) ENGINE=InnoDB DEFAULT CHARSET=utf8mb4 COLLATE=utf8mb4_unicode_ci;

--
-- Dumping data for table `permission_user_roles`
--


--
-- Table structure for table `personal_access_tokens`
--

CREATE TABLE `personal_access_tokens` (
  `id` bigint unsigned NOT NULL AUTO_INCREMENT,
  `tokenable_type` varchar(191) CHARACTER SET utf8mb4 COLLATE utf8mb4_unicode_ci NOT NULL,
  `tokenable_id` bigint unsigned NOT NULL,
  `name` varchar(191) CHARACTER SET utf8mb4 COLLATE utf8mb4_unicode_ci NOT NULL,
  `token` varchar(64) CHARACTER SET utf8mb4 COLLATE utf8mb4_unicode_ci NOT NULL,
  `abilities` text CHARACTER SET utf8mb4 COLLATE utf8mb4_unicode_ci,
  `last_used_at` timestamp NULL DEFAULT NULL,
  `created_at` timestamp NULL DEFAULT NULL,
  `updated_at` timestamp NULL DEFAULT NULL,
  PRIMARY KEY (`id`),
  UNIQUE KEY `personal_access_tokens_token_unique` (`token`),
  KEY `personal_access_tokens_tokenable_type_tokenable_id_index` (`tokenable_type`,`tokenable_id`)
) ENGINE=InnoDB DEFAULT CHARSET=utf8mb4 COLLATE=utf8mb4_unicode_ci;

--
-- Dumping data for table `personal_access_tokens`
--


--
-- Table structure for table `post_views`
--

CREATE TABLE `post_views` (
  `id` bigint unsigned NOT NULL AUTO_INCREMENT,
  `post_id` bigint unsigned NOT NULL DEFAULT '0',
  `view_date` date DEFAULT NULL,
  `view_total` int unsigned NOT NULL DEFAULT '0',
  PRIMARY KEY (`id`)
) ENGINE=InnoDB DEFAULT CHARSET=utf8mb4 COLLATE=utf8mb4_unicode_ci;

--
-- Dumping data for table `post_views`
--


--
-- Table structure for table `posts`
--

CREATE TABLE `posts` (
  `id` bigint unsigned NOT NULL AUTO_INCREMENT,
  `author_id` bigint unsigned NOT NULL DEFAULT '0',
  `dynamic_id` bigint unsigned NOT NULL DEFAULT '0',
  `parent_id` bigint unsigned NOT NULL DEFAULT '0',
  `category_id` bigint unsigned NOT NULL DEFAULT '0',
  `category_map` varchar(191) CHARACTER SET utf8mb4 COLLATE utf8mb4_unicode_ci DEFAULT NULL,
  `type` varchar(191) CHARACTER SET utf8mb4 COLLATE utf8mb4_unicode_ci NOT NULL DEFAULT 'post',
  `content_type` varchar(191) CHARACTER SET utf8mb4 COLLATE utf8mb4_unicode_ci NOT NULL DEFAULT 'text',
  `title` varchar(191) CHARACTER SET utf8mb4 COLLATE utf8mb4_unicode_ci NOT NULL,
  `slug` varchar(191) CHARACTER SET utf8mb4 COLLATE utf8mb4_unicode_ci NOT NULL,
  `keywords` varchar(191) CHARACTER SET utf8mb4 COLLATE utf8mb4_unicode_ci DEFAULT NULL,
  `description` text CHARACTER SET utf8mb4 COLLATE utf8mb4_unicode_ci,
  `content` longtext CHARACTER SET utf8mb4 COLLATE utf8mb4_unicode_ci,
  `featured_image` varchar(191) CHARACTER SET utf8mb4 COLLATE utf8mb4_unicode_ci DEFAULT NULL,
  `views` int NOT NULL DEFAULT '0',
  `privacy` varchar(191) CHARACTER SET utf8mb4 COLLATE utf8mb4_unicode_ci NOT NULL DEFAULT 'published',
  `trashed_status` int NOT NULL DEFAULT '0',
  `deleted_at` timestamp NULL DEFAULT NULL,
  `created_at` timestamp NULL DEFAULT NULL,
  `updated_at` timestamp NULL DEFAULT NULL,
  PRIMARY KEY (`id`)
) ENGINE=InnoDB DEFAULT CHARSET=utf8mb4 COLLATE=utf8mb4_unicode_ci;

--
-- Dumping data for table `posts`
--


--
-- Table structure for table `product_attributes`
--

CREATE TABLE `product_attributes` (
  `id` bigint unsigned NOT NULL AUTO_INCREMENT,
  `product_id` bigint unsigned NOT NULL,
  `attribute_value_id` bigint unsigned NOT NULL,
  `advance_value` varchar(191) CHARACTER SET utf8mb4 COLLATE utf8mb4_unicode_ci DEFAULT NULL,
  `thumbnail` varchar(191) CHARACTER SET utf8mb4 COLLATE utf8mb4_unicode_ci DEFAULT NULL,
  `price` decimal(12,2) unsigned DEFAULT '0.00',
  `is_default` int NOT NULL DEFAULT '0',
  PRIMARY KEY (`id`)
) ENGINE=InnoDB DEFAULT CHARSET=utf8mb4 COLLATE=utf8mb4_unicode_ci;

--
-- Dumping data for table `product_attributes`
--


--
-- Table structure for table `product_collections`
--

CREATE TABLE `product_collections` (
  `id` bigint unsigned NOT NULL AUTO_INCREMENT,
  `name` varchar(191) CHARACTER SET utf8mb4 COLLATE utf8mb4_unicode_ci DEFAULT NULL,
  `slug` varchar(191) CHARACTER SET utf8mb4 COLLATE utf8mb4_unicode_ci DEFAULT NULL,
  `description` text CHARACTER SET utf8mb4 COLLATE utf8mb4_unicode_ci,
  `category_id` bigint unsigned DEFAULT '0',
  `sorttype` varchar(191) CHARACTER SET utf8mb4 COLLATE utf8mb4_unicode_ci DEFAULT 'id-DESC',
  `keywords` varchar(191) CHARACTER SET utf8mb4 COLLATE utf8mb4_unicode_ci DEFAULT NULL,
  `created_at` timestamp NULL DEFAULT NULL,
  `updated_at` timestamp NULL DEFAULT NULL,
  PRIMARY KEY (`id`)
) ENGINE=InnoDB DEFAULT CHARSET=utf8mb4 COLLATE=utf8mb4_unicode_ci;

--
-- Dumping data for table `product_collections`
--


--
-- Table structure for table `product_label_refs`
--

CREATE TABLE `product_label_refs` (
  `id` bigint unsigned NOT NULL AUTO_INCREMENT,
  `label_id` bigint unsigned NOT NULL DEFAULT '0',
  `ref` varchar(191) CHARACTER SET utf8mb4 COLLATE utf8mb4_unicode_ci DEFAULT 'product',
  `ref_id` bigint unsigned NOT NULL,
  PRIMARY KEY (`id`)
) ENGINE=InnoDB DEFAULT CHARSET=utf8mb4 COLLATE=utf8mb4_unicode_ci;

--
-- Dumping data for table `product_label_refs`
--


--
-- Table structure for table `product_labels`
--

CREATE TABLE `product_labels` (
  `id` bigint unsigned NOT NULL AUTO_INCREMENT,
  `title` varchar(191) CHARACTER SET utf8mb4 COLLATE utf8mb4_unicode_ci DEFAULT NULL,
  `slug` varchar(191) CHARACTER SET utf8mb4 COLLATE utf8mb4_unicode_ci DEFAULT NULL,
  `bg_color` varchar(191) CHARACTER SET utf8mb4 COLLATE utf8mb4_unicode_ci DEFAULT NULL,
  `text_color` varchar(191) CHARACTER SET utf8mb4 COLLATE utf8mb4_unicode_ci DEFAULT NULL,
  `created_at` timestamp NULL DEFAULT NULL,
  `updated_at` timestamp NULL DEFAULT NULL,
  PRIMARY KEY (`id`)
) ENGINE=InnoDB AUTO_INCREMENT=2 DEFAULT CHARSET=utf8mb4 COLLATE=utf8mb4_unicode_ci;

--
-- Dumping data for table `product_labels`
--

INSERT INTO `product_labels` VALUES (1,'New','new','#ffea00','#ff0000','2023-12-14 17:58:24','2023-12-14 17:58:24');

--
-- Table structure for table `product_refs`
--

CREATE TABLE `product_refs` (
  `id` bigint unsigned NOT NULL AUTO_INCREMENT,
  `created_at` timestamp NULL DEFAULT NULL,
  `updated_at` timestamp NULL DEFAULT NULL,
  PRIMARY KEY (`id`)
) ENGINE=InnoDB DEFAULT CHARSET=utf8mb4 COLLATE=utf8mb4_unicode_ci;

--
-- Dumping data for table `product_refs`
--


--
-- Table structure for table `product_reviews`
--

CREATE TABLE `product_reviews` (
  `id` bigint unsigned NOT NULL AUTO_INCREMENT,
  `product_id` bigint unsigned NOT NULL,
  `customer_id` bigint unsigned DEFAULT '0',
  `rating` int unsigned NOT NULL DEFAULT '0',
  `name` varchar(191) CHARACTER SET utf8mb4 COLLATE utf8mb4_unicode_ci DEFAULT NULL,
  `email` varchar(191) CHARACTER SET utf8mb4 COLLATE utf8mb4_unicode_ci DEFAULT NULL,
  `comment` text CHARACTER SET utf8mb4 COLLATE utf8mb4_unicode_ci,
  `approved` int unsigned NOT NULL DEFAULT '0',
  `approved_id` bigint unsigned DEFAULT '0',
  `created_at` timestamp NULL DEFAULT NULL,
  `updated_at` timestamp NULL DEFAULT NULL,
  PRIMARY KEY (`id`)
) ENGINE=InnoDB DEFAULT CHARSET=utf8mb4 COLLATE=utf8mb4_unicode_ci;

--
-- Dumping data for table `product_reviews`
--


--
-- Table structure for table `products`
--

CREATE TABLE `products` (
  `id` bigint unsigned NOT NULL AUTO_INCREMENT,
  `category_id` bigint unsigned NOT NULL DEFAULT '0',
  `subscription_package_id` bigint unsigned NOT NULL DEFAULT '0',
  `name` varchar(191) CHARACTER SET utf8mb4 COLLATE utf8mb4_unicode_ci NOT NULL,
  `slug` varchar(191) CHARACTER SET utf8mb4 COLLATE utf8mb4_unicode_ci DEFAULT NULL,
  `type` varchar(191) CHARACTER SET utf8mb4 COLLATE utf8mb4_unicode_ci DEFAULT 'standard',
  `description` text CHARACTER SET utf8mb4 COLLATE utf8mb4_unicode_ci,
  `detail` longtext CHARACTER SET utf8mb4 COLLATE utf8mb4_unicode_ci,
  `keywords` varchar(191) CHARACTER SET utf8mb4 COLLATE utf8mb4_unicode_ci DEFAULT NULL,
  `featured_image` varchar(191) CHARACTER SET utf8mb4 COLLATE utf8mb4_unicode_ci DEFAULT NULL,
  `sku` varchar(191) CHARACTER SET utf8mb4 COLLATE utf8mb4_unicode_ci DEFAULT NULL,
  `price_status` int NOT NULL DEFAULT '1',
  `list_price` decimal(12,2) unsigned DEFAULT '0.00',
  `sale_price` decimal(12,2) unsigned DEFAULT '0.00',
  `on_sale` int unsigned DEFAULT '0',
  `wholesale_price` decimal(12,2) unsigned DEFAULT '0.00',
  `package_total` int unsigned DEFAULT '1',
  `available_in_store` int unsigned DEFAULT '0',
  `views` int NOT NULL DEFAULT '0',
  `privacy` varchar(191) CHARACTER SET utf8mb4 COLLATE utf8mb4_unicode_ci NOT NULL DEFAULT 'published',
  `category_map` varchar(191) CHARACTER SET utf8mb4 COLLATE utf8mb4_unicode_ci DEFAULT NULL,
  `status` int NOT NULL DEFAULT '1',
  `trashed_status` int NOT NULL DEFAULT '0',
  `shop_id` bigint unsigned NOT NULL DEFAULT '0',
  `created_by` bigint unsigned NOT NULL DEFAULT '0',
  PRIMARY KEY (`id`)
) ENGINE=InnoDB DEFAULT CHARSET=utf8mb4 COLLATE=utf8mb4_unicode_ci;

--
-- Dumping data for table `products`
--


--
-- Table structure for table `promos`
--

CREATE TABLE `promos` (
  `id` bigint unsigned NOT NULL AUTO_INCREMENT,
  `name` varchar(191) CHARACTER SET utf8mb4 COLLATE utf8mb4_unicode_ci DEFAULT NULL,
  `description` text CHARACTER SET utf8mb4 COLLATE utf8mb4_unicode_ci,
  `scope` varchar(191) CHARACTER SET utf8mb4 COLLATE utf8mb4_unicode_ci DEFAULT 'product',
  `type` int unsigned DEFAULT '0',
  `down_price` decimal(12,2) DEFAULT '0.00',
  `code` varchar(191) CHARACTER SET utf8mb4 COLLATE utf8mb4_unicode_ci DEFAULT NULL,
  `quantity_per_user` int unsigned DEFAULT '0',
  `limited_total` int unsigned NOT NULL DEFAULT '0',
  `usage_total` int unsigned NOT NULL DEFAULT '0',
  `schedule` varchar(191) CHARACTER SET utf8mb4 COLLATE utf8mb4_unicode_ci DEFAULT '0',
  `type_schedule` varchar(191) CHARACTER SET utf8mb4 COLLATE utf8mb4_unicode_ci DEFAULT NULL,
  `value_schedule` varchar(191) CHARACTER SET utf8mb4 COLLATE utf8mb4_unicode_ci DEFAULT NULL,
  `is_activated` int unsigned DEFAULT '0',
  `started_at` datetime DEFAULT NULL,
  `finished_at` datetime DEFAULT NULL,
  `trashed_status` int NOT NULL DEFAULT '0',
  `created_at` timestamp NULL DEFAULT NULL,
  `updated_at` timestamp NULL DEFAULT NULL,
  PRIMARY KEY (`id`)
) ENGINE=InnoDB DEFAULT CHARSET=utf8mb4 COLLATE=utf8mb4_unicode_ci;

--
-- Dumping data for table `promos`
--


--
-- Table structure for table `regions`
--

CREATE TABLE `regions` (
  `id` bigint unsigned NOT NULL AUTO_INCREMENT,
  `name` varchar(191) CHARACTER SET utf8mb4 COLLATE utf8mb4_unicode_ci NOT NULL,
  `slug` varchar(191) CHARACTER SET utf8mb4 COLLATE utf8mb4_unicode_ci NOT NULL,
  `code` int DEFAULT '0',
  `position` varchar(191) CHARACTER SET utf8mb4 COLLATE utf8mb4_unicode_ci NOT NULL,
  PRIMARY KEY (`id`)
) ENGINE=InnoDB DEFAULT CHARSET=utf8mb4 COLLATE=utf8mb4_unicode_ci;

--
-- Dumping data for table `regions`
--


--
-- Table structure for table `service_packages`
--

CREATE TABLE `service_packages` (
  `id` bigint unsigned NOT NULL AUTO_INCREMENT,
  `agent_id` bigint DEFAULT '0',
  `role` varchar(191) COLLATE utf8mb4_unicode_ci DEFAULT 'system',
  `name` varchar(191) COLLATE utf8mb4_unicode_ci DEFAULT NULL,
  `description` text COLLATE utf8mb4_unicode_ci,
  `feature_text` text COLLATE utf8mb4_unicode_ci,
  `quantity` int unsigned DEFAULT '0',
  `wholesale_price` double unsigned DEFAULT '0',
  `retail_price` double unsigned DEFAULT '0',
  `currency` varchar(191) COLLATE utf8mb4_unicode_ci DEFAULT 'VND',
  `metadata` json DEFAULT NULL,
  `created_at` timestamp NULL DEFAULT NULL,
  `updated_at` timestamp NULL DEFAULT NULL,
  PRIMARY KEY (`id`)
) ENGINE=InnoDB AUTO_INCREMENT=7 DEFAULT CHARSET=utf8mb4 COLLATE=utf8mb4_unicode_ci;

--
-- Dumping data for table `service_packages`
--

INSERT INTO `service_packages` VALUES (1,0,'system','Dùng thử','Gói dùng thử 1 tháng','[t] Miễn phí 1 tháng\r\n[t] Nhiều công cụ tiện ích',1,0,0,'VND',NULL,'2024-01-05 18:08:55','2024-01-11 14:40:25'),(2,0,'system','#3 tháng','Gói 3 tháng',NULL,3,100000,120000,'VND',NULL,'2024-01-05 18:15:35','2024-01-05 18:15:35'),(3,0,'system','#6 tháng','Gói tháng',NULL,6,180000,200000,'VND',NULL,'2024-01-05 18:16:45','2024-01-05 18:16:45'),(4,2,'agent','Gói 2 tháng','demo 2 tháng',NULL,2,20000,25000,'VND',NULL,'2024-01-06 06:22:40','2024-01-06 06:22:40'),(5,2,'agent','Gói 6 tháng',NULL,NULL,6,30000,30000,'VND',NULL,'2024-01-06 06:23:38','2024-01-06 06:23:38'),(6,3,'agent','Demo dai ly 2 3 tháng',NULL,NULL,3,200000,220000,'VND',NULL,'2024-01-11 15:31:53','2024-01-11 15:32:01');

--
-- Table structure for table `slider_items`
--

CREATE TABLE `slider_items` (
  `id` bigint unsigned NOT NULL AUTO_INCREMENT,
  `slider_id` bigint unsigned DEFAULT '0',
  `title` varchar(191) CHARACTER SET utf8mb4 COLLATE utf8mb4_unicode_ci DEFAULT NULL,
  `sub_title` varchar(191) CHARACTER SET utf8mb4 COLLATE utf8mb4_unicode_ci DEFAULT NULL,
  `description` text CHARACTER SET utf8mb4 COLLATE utf8mb4_unicode_ci,
  `image` varchar(191) CHARACTER SET utf8mb4 COLLATE utf8mb4_unicode_ci DEFAULT NULL,
  `link` varchar(191) CHARACTER SET utf8mb4 COLLATE utf8mb4_unicode_ci DEFAULT NULL,
  `url` varchar(191) CHARACTER SET utf8mb4 COLLATE utf8mb4_unicode_ci DEFAULT NULL,
  `priority` int unsigned NOT NULL DEFAULT '0',
  `props` json DEFAULT NULL,
  `created_at` timestamp NULL DEFAULT NULL,
  `updated_at` timestamp NULL DEFAULT NULL,
  PRIMARY KEY (`id`)
) ENGINE=InnoDB DEFAULT CHARSET=utf8mb4 COLLATE=utf8mb4_unicode_ci;

--
-- Dumping data for table `slider_items`
--


--
-- Table structure for table `sliders`
--

CREATE TABLE `sliders` (
  `id` bigint unsigned NOT NULL AUTO_INCREMENT,
  `name` varchar(191) CHARACTER SET utf8mb4 COLLATE utf8mb4_unicode_ci DEFAULT 'Slider',
  `slug` varchar(191) CHARACTER SET utf8mb4 COLLATE utf8mb4_unicode_ci DEFAULT 'slider',
  `description` text CHARACTER SET utf8mb4 COLLATE utf8mb4_unicode_ci,
  `priority` int unsigned NOT NULL DEFAULT '0',
  `crop` tinyint(1) DEFAULT '0',
  `width` int unsigned NOT NULL DEFAULT '0',
  `height` int unsigned NOT NULL DEFAULT '0',
  `status` tinyint(1) DEFAULT '0',
  `trashed_status` int NOT NULL DEFAULT '0',
  `created_at` timestamp NULL DEFAULT NULL,
  `updated_at` timestamp NULL DEFAULT NULL,
  PRIMARY KEY (`id`)
) ENGINE=InnoDB DEFAULT CHARSET=utf8mb4 COLLATE=utf8mb4_unicode_ci;

--
-- Dumping data for table `sliders`
--


--
-- Table structure for table `subscribes`
--

CREATE TABLE `subscribes` (
  `id` bigint unsigned NOT NULL AUTO_INCREMENT,
  `email` varchar(191) CHARACTER SET utf8mb4 COLLATE utf8mb4_unicode_ci DEFAULT NULL,
  `phone_number` varchar(191) CHARACTER SET utf8mb4 COLLATE utf8mb4_unicode_ci DEFAULT NULL,
  `name` varchar(191) CHARACTER SET utf8mb4 COLLATE utf8mb4_unicode_ci DEFAULT NULL,
  `created_at` timestamp NULL DEFAULT NULL,
  `updated_at` timestamp NULL DEFAULT NULL,
  PRIMARY KEY (`id`)
) ENGINE=InnoDB DEFAULT CHARSET=utf8mb4 COLLATE=utf8mb4_unicode_ci;

--
-- Dumping data for table `subscribes`
--


--
-- Table structure for table `tag_refs`
--

CREATE TABLE `tag_refs` (
  `id` bigint unsigned NOT NULL AUTO_INCREMENT,
  `tag_id` bigint unsigned NOT NULL,
  `ref` varchar(191) CHARACTER SET utf8mb4 COLLATE utf8mb4_unicode_ci DEFAULT 'post',
  `ref_id` bigint unsigned NOT NULL,
  PRIMARY KEY (`id`)
) ENGINE=InnoDB DEFAULT CHARSET=utf8mb4 COLLATE=utf8mb4_unicode_ci;

--
-- Dumping data for table `tag_refs`
--


--
-- Table structure for table `tags`
--

CREATE TABLE `tags` (
  `id` bigint unsigned NOT NULL AUTO_INCREMENT,
  `name` varchar(191) CHARACTER SET utf8mb4 COLLATE utf8mb4_unicode_ci DEFAULT NULL,
  `name_lower` varchar(191) CHARACTER SET utf8mb4 COLLATE utf8mb4_unicode_ci DEFAULT NULL,
  `keyword` varchar(191) CHARACTER SET utf8mb4 COLLATE utf8mb4_unicode_ci DEFAULT NULL,
  `slug` varchar(191) CHARACTER SET utf8mb4 COLLATE utf8mb4_unicode_ci DEFAULT 'undefined',
  `tagged_count` int unsigned DEFAULT '0',
  PRIMARY KEY (`id`)
) ENGINE=InnoDB DEFAULT CHARSET=utf8mb4 COLLATE=utf8mb4_unicode_ci;

--
-- Dumping data for table `tags`
--


--
-- Table structure for table `themes`
--

CREATE TABLE `themes` (
  `id` bigint unsigned NOT NULL AUTO_INCREMENT,
  `author_id` bigint unsigned DEFAULT '0',
  `secret_id` varchar(191) CHARACTER SET utf8mb4 COLLATE utf8mb4_unicode_ci DEFAULT NULL,
  `name` varchar(191) CHARACTER SET utf8mb4 COLLATE utf8mb4_unicode_ci DEFAULT 'GomeeTheme',
  `slug` varchar(191) CHARACTER SET utf8mb4 COLLATE utf8mb4_unicode_ci DEFAULT NULL,
  `view_type` varchar(191) CHARACTER SET utf8mb4 COLLATE utf8mb4_unicode_ci DEFAULT 'multi-page',
  `mobile_version` varchar(191) CHARACTER SET utf8mb4 COLLATE utf8mb4_unicode_ci DEFAULT 'responsive',
  `web_types` varchar(191) CHARACTER SET utf8mb4 COLLATE utf8mb4_unicode_ci DEFAULT NULL,
  `version` double(5,2) DEFAULT '1.00',
  `description` text CHARACTER SET utf8mb4 COLLATE utf8mb4_unicode_ci,
  `privacy` varchar(191) CHARACTER SET utf8mb4 COLLATE utf8mb4_unicode_ci DEFAULT 'protected',
  `zip` varchar(191) CHARACTER SET utf8mb4 COLLATE utf8mb4_unicode_ci DEFAULT NULL,
  `image` varchar(191) CHARACTER SET utf8mb4 COLLATE utf8mb4_unicode_ci DEFAULT NULL,
  `available` int NOT NULL DEFAULT '0',
  `trashed_status` int NOT NULL DEFAULT '0',
  `deleted_at` timestamp NULL DEFAULT NULL,
  `created_at` timestamp NULL DEFAULT NULL,
  `updated_at` timestamp NULL DEFAULT NULL,
  PRIMARY KEY (`id`)
) ENGINE=InnoDB AUTO_INCREMENT=9 DEFAULT CHARSET=utf8mb4 COLLATE=utf8mb4_unicode_ci;

--
-- Dumping data for table `themes`
--

INSERT INTO `themes` VALUES (1,0,'657b21ba1e2d0','Theme Test','theme-test','multi-page','responsive','ecommerce',1.00,'demo','public','theme-test.zip','anh-man-hinh-2023-12-06-luc-233130-657b21ba1cf37.png',1,0,NULL,'2023-12-14 15:39:38','2023-12-14 15:39:40'),(2,0,'657b256146b98','Theme Demo','theme-demo','multi-page','responsive','ecommerce',1.00,NULL,'protected','theme-demo.zip','anh-man-hinh-2023-12-06-luc-235624-657b2561465aa.png',1,0,NULL,'2023-12-14 15:55:13','2023-12-14 15:55:14'),(3,0,'657b272c86dc7','Theme Demo','theme-demo-657b272c73979','multi-page','responsive','ecommerce',1.00,NULL,'protected','theme-demo-657b272c73979.zip','anh-man-hinh-2023-12-06-luc-235624-657b272c85e69.png',1,0,'2023-12-14 16:10:46','2023-12-14 16:02:52','2023-12-14 16:10:46'),(4,0,'657b28df6033c','Theme Demo','theme-demo-657b28df3ca44','multi-page','responsive','ecommerce',1.00,NULL,'protected','theme-demo-657b28df3ca44.zip','anh-man-hinh-2023-12-06-luc-235624-657b28df600a1.png',1,0,'2023-12-14 16:10:40','2023-12-14 16:10:07','2023-12-14 16:10:40'),(5,0,'65802729a2ec7','Web Bán hàng','web-ban-hang','multi-page','responsive','ecommerce',2.00,NULL,'public','web-ban-hang.zip','large-65802729a1fd2.png',1,0,NULL,'2023-12-18 11:04:09','2023-12-18 11:09:50'),(6,0,'65808c07a0667','Martfury','martfury','multi-page','responsive','ecommerce',1.20,NULL,'public','martfury.zip','app-65808c07a041e.png',1,0,NULL,'2023-12-18 18:14:31','2023-12-18 18:14:32'),(7,0,'65816c1b4982d','ECO Shop','eco-shop','multi-page','responsive','ecommerce',1.00,NULL,'protected','eco-shop.zip','home-two-img-65820a94554cd.png',1,0,NULL,'2023-12-19 10:10:35','2023-12-19 21:26:44'),(8,0,'65820a4655182','AI Startup','ai-startup','multi-page','responsive','default, business',1.00,NULL,'public','ai-startup.zip','home-two-img-65820a465432e.png',1,0,NULL,'2023-12-19 21:25:26','2023-12-19 21:25:27');

--
-- Table structure for table `user_discounts`
--

CREATE TABLE `user_discounts` (
  `id` bigint unsigned NOT NULL AUTO_INCREMENT,
  `user_id` bigint unsigned NOT NULL DEFAULT '0',
  `discount_id` bigint unsigned NOT NULL DEFAULT '0',
  `is_linited` int unsigned NOT NULL DEFAULT '0',
  `total` int unsigned NOT NULL DEFAULT '0',
  `usage` int unsigned NOT NULL DEFAULT '0',
  `created_at` timestamp NULL DEFAULT NULL,
  `updated_at` timestamp NULL DEFAULT NULL,
  PRIMARY KEY (`id`)
) ENGINE=InnoDB DEFAULT CHARSET=utf8mb4 COLLATE=utf8mb4_unicode_ci;

--
-- Dumping data for table `user_discounts`
--


--
-- Table structure for table `user_notices`
--

CREATE TABLE `user_notices` (
  `id` bigint unsigned NOT NULL AUTO_INCREMENT,
  `user_id` bigint unsigned DEFAULT '0',
  `notice_id` bigint unsigned DEFAULT '0',
  `seen` int NOT NULL DEFAULT '0',
  `seen_at` datetime DEFAULT NULL,
  PRIMARY KEY (`id`),
  KEY `user_notices_user_id_foreign` (`user_id`),
  KEY `user_notices_notice_id_foreign` (`notice_id`),
  CONSTRAINT `user_notices_notice_id_foreign` FOREIGN KEY (`notice_id`) REFERENCES `notices` (`id`) ON DELETE CASCADE,
  CONSTRAINT `user_notices_user_id_foreign` FOREIGN KEY (`user_id`) REFERENCES `users` (`id`) ON DELETE CASCADE
) ENGINE=InnoDB DEFAULT CHARSET=utf8mb4 COLLATE=utf8mb4_unicode_ci;

--
-- Dumping data for table `user_notices`
--


--
-- Table structure for table `users`
--

CREATE TABLE `users` (
  `id` bigint unsigned NOT NULL AUTO_INCREMENT,
  `agent_id` bigint unsigned DEFAULT '0',
  `name` varchar(191) CHARACTER SET utf8mb4 COLLATE utf8mb4_unicode_ci NOT NULL,
  `gender` varchar(191) CHARACTER SET utf8mb4 COLLATE utf8mb4_unicode_ci DEFAULT 'male',
  `birthday` date DEFAULT NULL,
  `email` varchar(191) CHARACTER SET utf8mb4 COLLATE utf8mb4_unicode_ci NOT NULL,
  `username` varchar(191) CHARACTER SET utf8mb4 COLLATE utf8mb4_unicode_ci NOT NULL,
  `password` varchar(191) CHARACTER SET utf8mb4 COLLATE utf8mb4_unicode_ci NOT NULL,
  `phone_number` varchar(191) CHARACTER SET utf8mb4 COLLATE utf8mb4_unicode_ci DEFAULT NULL,
  `avatar` varchar(191) CHARACTER SET utf8mb4 COLLATE utf8mb4_unicode_ci DEFAULT NULL,
  `type` varchar(191) CHARACTER SET utf8mb4 COLLATE utf8mb4_unicode_ci DEFAULT 'user',
  `affiliate_code` varchar(191) COLLATE utf8mb4_unicode_ci DEFAULT NULL,
  `ref_code` varchar(191) COLLATE utf8mb4_unicode_ci DEFAULT NULL,
  `balance` double(12,2) unsigned DEFAULT '0.00',
  `money_in` double(12,2) unsigned DEFAULT '0.00',
  `money_out` double(12,2) unsigned DEFAULT '0.00',
  `google2fa_secret` text CHARACTER SET utf8mb4 COLLATE utf8mb4_unicode_ci,
  `email_verified_at` timestamp NULL DEFAULT NULL,
  `fcm_token` varchar(191) CHARACTER SET utf8mb4 COLLATE utf8mb4_unicode_ci DEFAULT NULL,
  `account_data` json DEFAULT NULL,
  `remember_token` varchar(100) CHARACTER SET utf8mb4 COLLATE utf8mb4_unicode_ci DEFAULT NULL,
  `status` int NOT NULL DEFAULT '1',
  `expired_at` timestamp NULL DEFAULT NULL,
  `trashed_status` int NOT NULL DEFAULT '0',
  `deleted_at` timestamp NULL DEFAULT NULL,
  `created_at` timestamp NULL DEFAULT NULL,
  `updated_at` timestamp NULL DEFAULT NULL,
  PRIMARY KEY (`id`)
) ENGINE=InnoDB AUTO_INCREMENT=14 DEFAULT CHARSET=utf8mb4 COLLATE=utf8mb4_unicode_ci;

--
-- Dumping data for table `users`
--

INSERT INTO `users` VALUES (1,0,'doanln16','male','2018-05-05','doanln16@gmail.com','doanln16','$2y$10$wcjqv23q42b8pL.LWJVwD.zO.PvbLMBhbAGZreqry0BLguBImxB2K',NULL,NULL,'admin','DOANLN',NULL,0.00,0.00,0.00,NULL,NULL,NULL,NULL,'7VtDCJDjlpJ9lv6gAX24Br3GCWqaSwrTx0vmqobXZMtfi2rhnR6sN21uvVhk',1,'2024-02-10 21:46:14',0,NULL,'2023-12-14 11:01:22','2024-01-10 21:46:14'),(2,0,'Dại lý 1','MALE','2022-03-02','demo@mai.com','daily1','$2y$10$wH2B7mkIOhzDilj9ZiDVG.kQaVjTCOTe3q6/cZdnaXgXWN893u1CK','0987654321',NULL,'agent','A75GFU',NULL,0.00,0.00,0.00,NULL,NULL,NULL,NULL,NULL,1,'2024-08-10 04:35:21',0,NULL,'2024-01-02 16:09:46','2024-01-10 10:44:41'),(3,2,'Dại lý cấp 2','MALE','2019-05-05','fpoly.contact@gmail.com','daily2','$2y$10$eXSDfGglQhxmYxvUzdp7QOpC8Nrcb5tAazCmtYqse73sFX3cje5Ia','0909990009',NULL,'agent','TESTAAS','A75GFU',0.00,0.00,0.00,NULL,NULL,NULL,NULL,NULL,1,NULL,0,NULL,'2024-01-06 06:14:49','2024-01-06 06:14:49'),(4,3,'Người dùng Thử nghiệm','MALE','2022-03-02','deoop@mai.com','user_demo','$2y$10$LVQ6tzDifv3VLYuFT9avW.13ioS58rvC2V/1zmiAbjbdanNg3PQ2e','0987654397',NULL,'user','34343A','TESTAAS',0.00,0.00,0.00,NULL,NULL,NULL,NULL,NULL,1,NULL,0,NULL,'2024-01-06 06:27:11','2024-01-06 06:39:50'),(12,0,'Lê Ngọc Doãn','male',NULL,'developer.vcc@gmail.com','developervcc','$2y$10$cQUHDBXbuisA8iYf3F.ztOCeK0m1VopGBO6K7qUP8l46XVE8vMVDW','098891284',NULL,'agent','05448F',NULL,0.00,0.00,0.00,NULL,NULL,NULL,NULL,'PH0fxiHFjwzkWzGuBba3ydOTA7CbnyNpBEK2zshngzNj9eLesMkKzQ3tvkgb',1,'2024-01-08 05:48:26',0,NULL,'2024-01-08 05:47:09','2024-01-08 09:17:12'),(13,0,'Nguyễn Vũ Nguyên An','female','2001-03-08','annvn@gmail.coim','nguyenan','$2y$10$8l/7CxfaoG1VbggdSwzeyel.r2j0cnbMOFXQ5vjSCj2LYxsRi.uPi','0845666555',NULL,'admin','ANANA',NULL,0.00,0.00,0.00,NULL,NULL,NULL,NULL,'wGTguO8EfvoNzg8iKEbv4iHFkJqikTUdtb0qwKhWPdF1mVs8VjSiQ3HpZ6D1',1,NULL,0,NULL,'2024-01-15 18:30:20','2024-01-16 09:49:54');

--
-- Table structure for table `wallets`
--

CREATE TABLE `wallets` (
  `id` bigint unsigned NOT NULL AUTO_INCREMENT,
  `user_id` bigint unsigned DEFAULT '0',
  `balance` double(8,2) DEFAULT '0.00',
  `money_in` double(8,2) DEFAULT '0.00',
  `money_out` double(8,2) DEFAULT '0.00',
  `created_at` timestamp NULL DEFAULT NULL,
  `updated_at` timestamp NULL DEFAULT NULL,
  PRIMARY KEY (`id`)
) ENGINE=InnoDB AUTO_INCREMENT=14 DEFAULT CHARSET=utf8mb4 COLLATE=utf8mb4_unicode_ci;

--
-- Dumping data for table `wallets`
--

INSERT INTO `wallets` VALUES (1,2,7500.00,0.00,0.00,'2024-01-05 16:41:41','2024-01-06 06:45:51'),(2,3,0.00,0.00,0.00,'2024-01-06 06:14:49','2024-01-06 06:14:49'),(3,4,0.00,0.00,0.00,'2024-01-06 06:27:11','2024-01-06 06:27:11'),(4,5,0.00,0.00,0.00,'2024-01-06 17:19:36','2024-01-06 17:19:36'),(5,6,0.00,0.00,0.00,'2024-01-06 17:24:32','2024-01-06 17:24:32'),(6,7,0.00,0.00,0.00,'2024-01-06 17:26:55','2024-01-06 17:26:55'),(7,1,0.00,0.00,0.00,'2024-01-06 18:56:50','2024-01-06 18:56:50'),(8,8,0.00,0.00,0.00,'2024-01-07 16:06:55','2024-01-07 16:06:55'),(9,9,0.00,0.00,0.00,'2024-01-07 16:18:03','2024-01-07 16:18:03'),(10,10,0.00,0.00,0.00,'2024-01-08 05:32:12','2024-01-08 05:32:12'),(11,11,0.00,0.00,0.00,'2024-01-08 05:41:06','2024-01-08 05:41:06'),(12,12,0.00,0.00,0.00,'2024-01-08 05:47:09','2024-01-08 05:47:09'),(13,13,0.00,0.00,0.00,'2024-01-15 18:30:20','2024-01-15 18:30:20');

--
-- Table structure for table `wards`
--

CREATE TABLE `wards` (
  `id` bigint unsigned NOT NULL AUTO_INCREMENT,
  `district_id` bigint unsigned NOT NULL DEFAULT '0',
  `name` varchar(191) CHARACTER SET utf8mb4 COLLATE utf8mb4_unicode_ci NOT NULL,
  `slug` varchar(191) CHARACTER SET utf8mb4 COLLATE utf8mb4_unicode_ci NOT NULL,
  PRIMARY KEY (`id`)
) ENGINE=InnoDB DEFAULT CHARSET=utf8mb4 COLLATE=utf8mb4_unicode_ci;

--
-- Dumping data for table `wards`
--


--
-- Table structure for table `warehouses`
--

CREATE TABLE `warehouses` (
  `id` bigint unsigned NOT NULL AUTO_INCREMENT,
  `product_id` bigint unsigned NOT NULL,
  `staff_id` bigint unsigned NOT NULL,
  `type` varchar(191) CHARACTER SET utf8mb4 COLLATE utf8mb4_unicode_ci NOT NULL DEFAULT 'import',
  `total` int NOT NULL DEFAULT '0',
  `note` text CHARACTER SET utf8mb4 COLLATE utf8mb4_unicode_ci,
  `created_at` timestamp NULL DEFAULT NULL,
  `updated_at` timestamp NULL DEFAULT NULL,
  PRIMARY KEY (`id`)
) ENGINE=InnoDB DEFAULT CHARSET=utf8mb4 COLLATE=utf8mb4_unicode_ci;

--
-- Dumping data for table `warehouses`
--



